{"id":357,"date":"2021-09-05T23:40:35","date_gmt":"2021-09-05T16:40:35","guid":{"rendered":"https:\/\/www.everpharma.com\/vnm\/?post_type=product&#038;p=357"},"modified":"2021-09-05T23:48:38","modified_gmt":"2021-09-05T16:48:38","slug":"cebrium","status":"publish","type":"product","link":"https:\/\/www.everpharma.com\/vnm\/products\/cebrium\/","title":{"rendered":"Cebrium"},"content":{"rendered":"\n<p>Th\u00f4ng tin \u0111ang \u0111\u01b0\u1ee3c c\u1eadp nh\u1eadt.<\/p>\n\n\n\n<div class=\"wp-block-wpco-accordion accordion is-style-info\" id=\"accordion-357-1\">\n<div class=\"wp-block-wpco-accordion-body accordion-item\"><div class=\"accordion-header\" id=\"accordion-357-1-item-1-heading\"><button class=\"accordion-button\" data-bs-toggle=\"collapse\" data-bs-target=\"#accordion-357-1-item-1-body\">D\u1ea1ng b\u00e0o ch\u1ebf. <\/button><\/div><div class=\"accordion-collapse collapse\" id=\"accordion-357-1-item-1-body\" aria-labelledby=\"accordion-357-1-item-1-heading\" data-bs-parent=\"#accordion-357-1\"><div class=\"accordion-body\">\n<div class=\"wp-block-columns is-layout-flex wp-container-core-columns-is-layout-9d6595d7 wp-block-columns-is-layout-flex\">\n<div class=\"wp-block-column is-layout-flow wp-block-column-is-layout-flow\">\n<figure class=\"wp-block-image size-large is-resized\"><img loading=\"lazy\" decoding=\"async\" src=\"https:\/\/www.everpharma.com\/vnm\/wp-content\/uploads\/sites\/9\/2021\/09\/bpq-0952-as-smart-object-1-1024x682.jpg\" alt=\"\" class=\"wp-image-364\" width=\"562\" height=\"374\" srcset=\"https:\/\/www.everpharma.com\/vnm\/wp-content\/uploads\/sites\/9\/2021\/09\/bpq-0952-as-smart-object-1-1024x682.jpg 1024w, https:\/\/www.everpharma.com\/vnm\/wp-content\/uploads\/sites\/9\/2021\/09\/bpq-0952-as-smart-object-1-300x200.jpg 300w, https:\/\/www.everpharma.com\/vnm\/wp-content\/uploads\/sites\/9\/2021\/09\/bpq-0952-as-smart-object-1-768x512.jpg 768w, https:\/\/www.everpharma.com\/vnm\/wp-content\/uploads\/sites\/9\/2021\/09\/bpq-0952-as-smart-object-1-1536x1024.jpg 1536w, https:\/\/www.everpharma.com\/vnm\/wp-content\/uploads\/sites\/9\/2021\/09\/bpq-0952-as-smart-object-1.jpg 2000w\" sizes=\"auto, (max-width: 562px) 100vw, 562px\" \/><\/figure>\n<\/div>\n<\/div>\n<\/div><\/div><\/div>\n<\/div>\n","protected":false},"excerpt":{"rendered":"<p>Th\u00f4ng tin \u0111ang \u0111\u01b0\u1ee3c c\u1eadp nh\u1eadt.<\/p>\n","protected":false},"featured_media":0,"template":"","class_list":["post-357","product","type-product","status-publish","hentry"],"yoast_head":"<!-- This site is optimized with the Yoast SEO plugin v27.0 - https:\/\/yoast.com\/product\/yoast-seo-wordpress\/ -->\n<title>Cebrium - EVER Pharma Viet Nam<\/title>\n<meta name=\"robots\" content=\"index, follow, max-snippet:-1, max-image-preview:large, max-video-preview:-1\" \/>\n<link rel=\"canonical\" href=\"https:\/\/www.everpharma.com\/vnm\/products\/cebrium\/\" \/>\n<meta property=\"og:locale\" content=\"vi_VN\" \/>\n<meta property=\"og:type\" content=\"article\" \/>\n<meta property=\"og:title\" content=\"Cebrium - EVER Pharma Viet Nam\" \/>\n<meta property=\"og:description\" content=\"Th\u00f4ng tin \u0111ang \u0111\u01b0\u1ee3c c\u1eadp nh\u1eadt.\" \/>\n<meta property=\"og:url\" content=\"https:\/\/www.everpharma.com\/vnm\/products\/cebrium\/\" \/>\n<meta property=\"og:site_name\" content=\"EVER Pharma Viet Nam\" \/>\n<meta property=\"article:modified_time\" content=\"2021-09-05T16:48:38+00:00\" \/>\n<meta property=\"og:image\" content=\"https:\/\/www.everpharma.com\/vnm\/wp-content\/uploads\/sites\/9\/2021\/09\/bpq-0952-as-smart-object-1-1024x682.jpg\" \/>\n<meta name=\"twitter:card\" content=\"summary_large_image\" \/>\n<script type=\"application\/ld+json\" class=\"yoast-schema-graph\">{\"@context\":\"https:\/\/schema.org\",\"@graph\":[{\"@type\":\"WebPage\",\"@id\":\"https:\/\/www.everpharma.com\/vnm\/products\/cebrium\/\",\"url\":\"https:\/\/www.everpharma.com\/vnm\/products\/cebrium\/\",\"name\":\"Cebrium - EVER Pharma Viet Nam\",\"isPartOf\":{\"@id\":\"https:\/\/www.everpharma.com\/vnm\/#website\"},\"primaryImageOfPage\":{\"@id\":\"https:\/\/www.everpharma.com\/vnm\/products\/cebrium\/#primaryimage\"},\"image\":{\"@id\":\"https:\/\/www.everpharma.com\/vnm\/products\/cebrium\/#primaryimage\"},\"thumbnailUrl\":\"https:\/\/www.everpharma.com\/vnm\/wp-content\/uploads\/sites\/9\/2021\/09\/bpq-0952-as-smart-object-1-1024x682.jpg\",\"datePublished\":\"2021-09-05T16:40:35+00:00\",\"dateModified\":\"2021-09-05T16:48:38+00:00\",\"breadcrumb\":{\"@id\":\"https:\/\/www.everpharma.com\/vnm\/products\/cebrium\/#breadcrumb\"},\"inLanguage\":\"vi-VN\",\"potentialAction\":[{\"@type\":\"ReadAction\",\"target\":[\"https:\/\/www.everpharma.com\/vnm\/products\/cebrium\/\"]}]},{\"@type\":\"ImageObject\",\"inLanguage\":\"vi-VN\",\"@id\":\"https:\/\/www.everpharma.com\/vnm\/products\/cebrium\/#primaryimage\",\"url\":\"https:\/\/www.everpharma.com\/vnm\/wp-content\/uploads\/sites\/9\/2021\/09\/bpq-0952-as-smart-object-1-1024x682.jpg\",\"contentUrl\":\"https:\/\/www.everpharma.com\/vnm\/wp-content\/uploads\/sites\/9\/2021\/09\/bpq-0952-as-smart-object-1-1024x682.jpg\"},{\"@type\":\"BreadcrumbList\",\"@id\":\"https:\/\/www.everpharma.com\/vnm\/products\/cebrium\/#breadcrumb\",\"itemListElement\":[{\"@type\":\"ListItem\",\"position\":1,\"name\":\"Startseite\",\"item\":\"https:\/\/www.everpharma.com\/vnm\/\"},{\"@type\":\"ListItem\",\"position\":2,\"name\":\"Products\",\"item\":\"https:\/\/www.everpharma.com\/vnm\/products\/\"},{\"@type\":\"ListItem\",\"position\":3,\"name\":\"Cebrium\"}]},{\"@type\":\"WebSite\",\"@id\":\"https:\/\/www.everpharma.com\/vnm\/#website\",\"url\":\"https:\/\/www.everpharma.com\/vnm\/\",\"name\":\"EVER Pharma Viet Nam\",\"description\":\"Dedicated to Health.\",\"potentialAction\":[{\"@type\":\"SearchAction\",\"target\":{\"@type\":\"EntryPoint\",\"urlTemplate\":\"https:\/\/www.everpharma.com\/vnm\/?s={search_term_string}\"},\"query-input\":{\"@type\":\"PropertyValueSpecification\",\"valueRequired\":true,\"valueName\":\"search_term_string\"}}],\"inLanguage\":\"vi-VN\"}]}<\/script>\n<!-- \/ Yoast SEO plugin. -->","yoast_head_json":{"title":"Cebrium - EVER Pharma Viet Nam","robots":{"index":"index","follow":"follow","max-snippet":"max-snippet:-1","max-image-preview":"max-image-preview:large","max-video-preview":"max-video-preview:-1"},"canonical":"https:\/\/www.everpharma.com\/vnm\/products\/cebrium\/","og_locale":"vi_VN","og_type":"article","og_title":"Cebrium - EVER Pharma Viet Nam","og_description":"Th\u00f4ng tin \u0111ang \u0111\u01b0\u1ee3c c\u1eadp nh\u1eadt.","og_url":"https:\/\/www.everpharma.com\/vnm\/products\/cebrium\/","og_site_name":"EVER Pharma Viet Nam","article_modified_time":"2021-09-05T16:48:38+00:00","og_image":[{"url":"https:\/\/www.everpharma.com\/vnm\/wp-content\/uploads\/sites\/9\/2021\/09\/bpq-0952-as-smart-object-1-1024x682.jpg","type":"","width":"","height":""}],"twitter_card":"summary_large_image","schema":{"@context":"https:\/\/schema.org","@graph":[{"@type":"WebPage","@id":"https:\/\/www.everpharma.com\/vnm\/products\/cebrium\/","url":"https:\/\/www.everpharma.com\/vnm\/products\/cebrium\/","name":"Cebrium - EVER Pharma Viet Nam","isPartOf":{"@id":"https:\/\/www.everpharma.com\/vnm\/#website"},"primaryImageOfPage":{"@id":"https:\/\/www.everpharma.com\/vnm\/products\/cebrium\/#primaryimage"},"image":{"@id":"https:\/\/www.everpharma.com\/vnm\/products\/cebrium\/#primaryimage"},"thumbnailUrl":"https:\/\/www.everpharma.com\/vnm\/wp-content\/uploads\/sites\/9\/2021\/09\/bpq-0952-as-smart-object-1-1024x682.jpg","datePublished":"2021-09-05T16:40:35+00:00","dateModified":"2021-09-05T16:48:38+00:00","breadcrumb":{"@id":"https:\/\/www.everpharma.com\/vnm\/products\/cebrium\/#breadcrumb"},"inLanguage":"vi-VN","potentialAction":[{"@type":"ReadAction","target":["https:\/\/www.everpharma.com\/vnm\/products\/cebrium\/"]}]},{"@type":"ImageObject","inLanguage":"vi-VN","@id":"https:\/\/www.everpharma.com\/vnm\/products\/cebrium\/#primaryimage","url":"https:\/\/www.everpharma.com\/vnm\/wp-content\/uploads\/sites\/9\/2021\/09\/bpq-0952-as-smart-object-1-1024x682.jpg","contentUrl":"https:\/\/www.everpharma.com\/vnm\/wp-content\/uploads\/sites\/9\/2021\/09\/bpq-0952-as-smart-object-1-1024x682.jpg"},{"@type":"BreadcrumbList","@id":"https:\/\/www.everpharma.com\/vnm\/products\/cebrium\/#breadcrumb","itemListElement":[{"@type":"ListItem","position":1,"name":"Startseite","item":"https:\/\/www.everpharma.com\/vnm\/"},{"@type":"ListItem","position":2,"name":"Products","item":"https:\/\/www.everpharma.com\/vnm\/products\/"},{"@type":"ListItem","position":3,"name":"Cebrium"}]},{"@type":"WebSite","@id":"https:\/\/www.everpharma.com\/vnm\/#website","url":"https:\/\/www.everpharma.com\/vnm\/","name":"EVER Pharma Viet Nam","description":"Dedicated to Health.","potentialAction":[{"@type":"SearchAction","target":{"@type":"EntryPoint","urlTemplate":"https:\/\/www.everpharma.com\/vnm\/?s={search_term_string}"},"query-input":{"@type":"PropertyValueSpecification","valueRequired":true,"valueName":"search_term_string"}}],"inLanguage":"vi-VN"}]}},"_links":{"self":[{"href":"https:\/\/www.everpharma.com\/vnm\/wp-json\/wp\/v2\/product\/357","targetHints":{"allow":["GET"]}}],"collection":[{"href":"https:\/\/www.everpharma.com\/vnm\/wp-json\/wp\/v2\/product"}],"about":[{"href":"https:\/\/www.everpharma.com\/vnm\/wp-json\/wp\/v2\/types\/product"}],"wp:attachment":[{"href":"https:\/\/www.everpharma.com\/vnm\/wp-json\/wp\/v2\/media?parent=357"}],"curies":[{"name":"wp","href":"https:\/\/api.w.org\/{rel}","templated":true}]}}