{"id":271,"date":"2021-06-14T09:31:42","date_gmt":"2021-06-14T07:31:42","guid":{"rendered":"https:\/\/www.everpharma.com\/vnm\/?page_id=271"},"modified":"2021-09-05T23:10:24","modified_gmt":"2021-09-05T16:10:24","slug":"linh-vuc-kinh-doanh","status":"publish","type":"page","link":"https:\/\/www.everpharma.com\/vnm\/linh-vuc-kinh-doanh\/","title":{"rendered":"L\u0129nh v\u1ef1c kinh doanh"},"content":{"rendered":"\n<h2 class=\"wp-block-heading\">L\u0129nh v\u1ef1c kinh doanh c\u1ee7a ch\u00fang t\u00f4i.<\/h2>\n\n\n\n<div class=\"wp-block-group\"><div class=\"wp-block-group__inner-container is-layout-flow wp-block-group-is-layout-flow\">\n<div class=\"wp-block-columns is-layout-flex wp-container-core-columns-is-layout-9d6595d7 wp-block-columns-is-layout-flex\">\n<div class=\"wp-block-column is-layout-flow wp-block-column-is-layout-flow\">\n<h2 class=\"is-style-section-title wp-block-heading\">Th\u1ea7n kinh h\u1ecdc. <\/h2>\n\n\n\n<p>B\u1ed9 ph\u1eadn kinh doanh Th\u1ea7n kinh t\u1eadp trung v\u00e0o c\u00e1c ph\u01b0\u01a1ng ph\u00e1p \u0111i\u1ec1u tr\u1ecb \u0111\u1ed9t qu\u1ef5, ch\u1ea5n th\u01b0\u01a1ng s\u1ecd n\u00e3o, sa s\u00fat tr\u00ed tu\u1ec7 do m\u1ea1ch m\u00e1u, b\u1ec7nh Alzheimer v\u00e0 b\u1ec7nh Parkinson. Ch\u00fang t\u00f4i mong mu\u1ed1n li\u00ean t\u1ee5c ph\u00e1t tri\u1ec3n c\u00e1c s\u1ea3n ph\u1ea9m an to\u00e0n h\u01a1n v\u00e0 d\u1ec5 s\u1eed d\u1ee5ng h\u01a1n trong l\u0129nh v\u1ef1c n\u00e0y v\u00e0 danh m\u1ee5c \u0111\u1ea7u t\u01b0 c\u1ee7a ch\u00fang t\u00f4i bao g\u1ed3m c\u00e1c thi\u1ebft b\u1ecb ph\u00e2n ph\u1ed1i \u0111\u1ed9c quy\u1ec1n nh\u01b0 b\u00fat v\u00e0 m\u00e1y b\u01a1m, c\u0169ng nh\u01b0 c\u00e1c s\u1ea3n ph\u1ea9m thu\u1ed1c.<\/p>\n<\/div>\n\n\n\n<div class=\"wp-block-column is-layout-flow wp-block-column-is-layout-flow\">\n<h2 class=\"is-style-section-title wp-block-heading\">\u0110\u1eb7c s\u1ea3n.<\/h2>\n\n\n\n<p>Ng\u00e0nh kinh doanh \u0110\u1eb7c s\u1ea3n t\u1eadp trung v\u00e0o vi\u1ec7c ph\u00e1t tri\u1ec3n, s\u1ea3n xu\u1ea5t v\u00e0 th\u01b0\u01a1ng m\u1ea1i h\u00f3a c\u00e1c c\u00f4ng th\u1ee9c thu\u1ed1c ti\u00eam ph\u1ee9c t\u1ea1p v\u00e0 c\u00f3 gi\u00e1 tr\u1ecb gia t\u0103ng nh\u1eb1m h\u1ed7 tr\u1ee3 vi\u1ec7c tu\u00e2n th\u1ee7, thu\u1eadn ti\u1ec7n v\u00e0 an to\u00e0n cho b\u1ec7nh nh\u00e2n v\u00e0 c\u00e1c chuy\u00ean gia ch\u0103m s\u00f3c s\u1ee9c kh\u1ecfe. \u0110\u1ed9i ng\u0169 R &amp; D c\u1ee7a ch\u00fang t\u00f4i tham gia s\u00e2u r\u1ed9ng v\u00e0o vi\u1ec7c ph\u00e1t tri\u1ec3n danh m\u1ee5c s\u1ea3n ph\u1ea9m \u0111a d\u1ea1ng trong l\u0129nh v\u1ef1c ung th\u01b0, ch\u0103m s\u00f3c \u0111\u1eb7c bi\u1ec7t v\u00e0 \u0111i\u1ec1u tr\u1ecb hormone.<\/p>\n<\/div>\n<\/div>\n\n\n\n<div style=\"height:100px\" aria-hidden=\"true\" class=\"wp-block-spacer\"><\/div>\n\n\n\n<div class=\"wp-block-group\"><div class=\"wp-block-group__inner-container is-layout-flow wp-block-group-is-layout-flow\">\n<div class=\"wp-block-columns is-layout-flex wp-container-core-columns-is-layout-9d6595d7 wp-block-columns-is-layout-flex\">\n<div class=\"wp-block-column is-layout-flow wp-block-column-is-layout-flow\">\n<h2 class=\"is-style-section-title wp-block-heading\">T\u1ed5 ch\u1ee9c s\u1ea3n xu\u1ea5t theo h\u1ee3p \u0111\u1ed3ng.<\/h2>\n\n\n\n<p>Ch\u00fang t\u00f4i cung c\u1ea5p cho kh\u00e1ch h\u00e0ng m\u1ed9t lo\u1ea1t c\u00e1c d\u1ecbch v\u1ee5: t\u1eeb ph\u00e1t tri\u1ec3n \u0111\u1ebfn s\u1ea3n xu\u1ea5t theo h\u1ee3p \u0111\u1ed3ng th\u01b0\u01a1ng m\u1ea1i. T\u1eadn d\u1ee5ng nhi\u1ec1u th\u1eadp k\u1ef7 kinh nghi\u1ec7m v\u00e0 b\u00ed quy\u1ebft to\u00e0n c\u1ea7u, ch\u00fang t\u00f4i s\u1ea3n xu\u1ea5t c\u00e1c s\u1ea3n ph\u1ea9m v\u00f4 tr\u00f9ng ch\u1ea5t l\u01b0\u1ee3ng cao trong l\u1ecd, \u1ed1ng ti\u00eam, h\u1ed9p m\u1ef1c v\u00e0 \u1ed1ng ti\u00eam \u0111\u00e3 \u0111\u01b0\u1ee3c n\u1ea1p s\u1eb5n c\u0169ng nh\u01b0 thi\u1ebft b\u1ecb c\u1ea5y gh\u00e9p cho kh\u00e1ch h\u00e0ng b\u00ean th\u1ee9 ba t\u1ea1i \u0111\u1ecba ch\u1ec9 c\u1ee7a ch\u00fang t\u00f4i \u1edf Jena. Ngo\u00e0i ra, ch\u00fang t\u00f4i cung c\u1ea5p m\u1ed9t d\u1ecbch v\u1ee5 \u0111\u1ea7y \u0111\u1ee7 to\u00e0n di\u1ec7n cho vi\u1ec7c s\u1ea3n xu\u1ea5t, th\u1eed nghi\u1ec7m v\u00e0 h\u1ed7 tr\u1ee3 ph\u00e1t tri\u1ec3n h\u1ed3 s\u01a1 c\u1ee7a c\u00e1c d\u1ea1ng b\u00e0o ch\u1ebf v\u00f4 tr\u00f9ng. Khu v\u1ef1c s\u1ea3n xu\u1ea5t ri\u00eang bi\u1ec7t c\u1ee7a ch\u00fang t\u00f4i \u0111\u1ec3 l\u00e0m \u0111\u1ea7y c\u00e1c hormone v\u00f4 tr\u00f9ng l\u00e0m tr\u00f2n ph\u1ea1m vi d\u1ecbch v\u1ee5 phong ph\u00fa c\u1ee7a ch\u00fang t\u00f4i.<\/p>\n\n\n\n<p>T\u00ecm hi\u1ec3u th\u00eam v\u1ec1 kh\u1ea3 n\u0103ng c\u1ee7a ch\u00fang t\u00f4i: <a href=\"mailto:partnerships@everpharma.com\">partnerships@everpharma.com<\/a><\/p>\n<\/div>\n\n\n\n<div class=\"wp-block-column is-layout-flow wp-block-column-is-layout-flow\">\n<h2 class=\"is-style-section-title wp-block-heading\">C\u00f4ng ty h\u1ee3p danh.<\/h2>\n\n\n\n<p>Ngo\u00e0i l\u1ed9 tr\u00ecnh ph\u00e1t tri\u1ec3n n\u1ed9i b\u1ed9 c\u1ee7a m\u00ecnh, ch\u00fang t\u00f4i c\u0169ng \u0111ang t\u00ecm c\u00e1ch m\u1edf r\u1ed9ng danh m\u1ee5c \u0111\u1ea7u t\u01b0 c\u1ee7a m\u00ecnh th\u00f4ng qua vi\u1ec7c c\u1ea5p ph\u00e9p, mua l\u1ea1i v\u00e0 quan h\u1ec7 \u0111\u1ed1i t\u00e1c.<\/p>\n\n\n\n<p> T\u00ecm hi\u1ec3u th\u00eam v\u1ec1 kh\u1ea3 n\u0103ng c\u1ee7a ch\u00fang t\u00f4i: <a href=\"mailto:partnerships@everpharma.com\">partnerships@everpharma.com<\/a> <\/p>\n<\/div>\n<\/div>\n<\/div><\/div>\n\n\n\n<div style=\"height:60px\" aria-hidden=\"true\" class=\"wp-block-spacer\"><\/div>\n\n\n\n<figure class=\"wp-block-gallery aligncenter columns-3 is-cropped wp-block-gallery-2 is-layout-flex wp-block-gallery-is-layout-flex\"><ul class=\"blocks-gallery-grid\"><li class=\"blocks-gallery-item\"><figure><img decoding=\"async\" src=\"https:\/\/www.everpharma.com\/wp-content\/uploads\/2021\/04\/IO_EVER_1120_010-3-1024x683.jpg\" alt=\"\" data-id=\"1357\" data-full-url=\"https:\/\/www.everpharma.com\/wp-content\/uploads\/2021\/04\/IO_EVER_1120_010-3.jpg\" data-link=\"https:\/\/www.everpharma.com\/de\/startseite\/attachment\/io_ever_1120_010-3\/\" class=\"wp-image-1357\"\/><\/figure><\/li><li class=\"blocks-gallery-item\"><figure><img decoding=\"async\" src=\"https:\/\/www.everpharma.com\/wp-content\/uploads\/2021\/04\/IO_EVER_1120_086-2-1024x683.jpg\" alt=\"\" data-id=\"1346\" data-full-url=\"https:\/\/www.everpharma.com\/wp-content\/uploads\/2021\/04\/IO_EVER_1120_086-2.jpg\" data-link=\"https:\/\/www.everpharma.com\/de\/startseite\/attachment\/io_ever_1120_086-2\/\" class=\"wp-image-1346\"\/><\/figure><\/li><li class=\"blocks-gallery-item\"><figure><img decoding=\"async\" src=\"https:\/\/www.everpharma.com\/wp-content\/uploads\/2021\/04\/IO_EVER_1120_092-2-1024x683.jpg\" alt=\"\" data-id=\"1375\" data-full-url=\"https:\/\/www.everpharma.com\/wp-content\/uploads\/2021\/04\/IO_EVER_1120_092-2.jpg\" data-link=\"https:\/\/www.everpharma.com\/de\/geschaeftsfelder\/attachment\/io_ever_1120_092-2\/\" class=\"wp-image-1375\"\/><\/figure><\/li><\/ul><\/figure>\n<\/div><\/div>\n\n\n\n<div style=\"height:100px\" aria-hidden=\"true\" class=\"wp-block-spacer\"><\/div>\n\n\n\n<p><\/p>\n","protected":false},"excerpt":{"rendered":"<p>L\u0129nh v\u1ef1c kinh doanh c\u1ee7a ch\u00fang t\u00f4i. Th\u1ea7n kinh h\u1ecdc. B\u1ed9 ph\u1eadn kinh doanh Th\u1ea7n kinh t\u1eadp trung v\u00e0o c\u00e1c ph\u01b0\u01a1ng ph\u00e1p \u0111i\u1ec1u tr\u1ecb \u0111\u1ed9t qu\u1ef5, ch\u1ea5n th\u01b0\u01a1ng s\u1ecd n\u00e3o, sa s\u00fat tr\u00ed tu\u1ec7 do m\u1ea1ch m\u00e1u, b\u1ec7nh Alzheimer v\u00e0 b\u1ec7nh Parkinson. Ch\u00fang t\u00f4i mong mu\u1ed1n li\u00ean t\u1ee5c ph\u00e1t tri\u1ec3n c\u00e1c s\u1ea3n ph\u1ea9m an to\u00e0n &hellip; <a href=\"https:\/\/www.everpharma.com\/vnm\/linh-vuc-kinh-doanh\/\">Continued<\/a><\/p>\n","protected":false},"author":2,"featured_media":0,"parent":0,"menu_order":0,"comment_status":"closed","ping_status":"closed","template":"","meta":{"footnotes":""},"class_list":["post-271","page","type-page","status-publish","hentry"],"yoast_head":"<!-- This site is optimized with the Yoast SEO plugin v27.4 - https:\/\/yoast.com\/product\/yoast-seo-wordpress\/ -->\n<title>L\u0129nh v\u1ef1c kinh doanh - EVER Pharma Viet Nam<\/title>\n<meta name=\"robots\" content=\"index, follow, max-snippet:-1, max-image-preview:large, max-video-preview:-1\" \/>\n<link rel=\"canonical\" href=\"https:\/\/www.everpharma.com\/vnm\/linh-vuc-kinh-doanh\/\" \/>\n<meta property=\"og:locale\" content=\"vi_VN\" \/>\n<meta property=\"og:type\" content=\"article\" \/>\n<meta property=\"og:title\" content=\"L\u0129nh v\u1ef1c kinh doanh - EVER Pharma Viet Nam\" \/>\n<meta property=\"og:description\" content=\"L\u0129nh v\u1ef1c kinh doanh c\u1ee7a ch\u00fang t\u00f4i. Th\u1ea7n kinh h\u1ecdc. B\u1ed9 ph\u1eadn kinh doanh Th\u1ea7n kinh t\u1eadp trung v\u00e0o c\u00e1c ph\u01b0\u01a1ng ph\u00e1p \u0111i\u1ec1u tr\u1ecb \u0111\u1ed9t qu\u1ef5, ch\u1ea5n th\u01b0\u01a1ng s\u1ecd n\u00e3o, sa s\u00fat tr\u00ed tu\u1ec7 do m\u1ea1ch m\u00e1u, b\u1ec7nh Alzheimer v\u00e0 b\u1ec7nh Parkinson. Ch\u00fang t\u00f4i mong mu\u1ed1n li\u00ean t\u1ee5c ph\u00e1t tri\u1ec3n c\u00e1c s\u1ea3n ph\u1ea9m an to\u00e0n &hellip; Continued\" \/>\n<meta property=\"og:url\" content=\"https:\/\/www.everpharma.com\/vnm\/linh-vuc-kinh-doanh\/\" \/>\n<meta property=\"og:site_name\" content=\"EVER Pharma Viet Nam\" \/>\n<meta property=\"article:modified_time\" content=\"2021-09-05T16:10:24+00:00\" \/>\n<meta property=\"og:image\" content=\"https:\/\/www.everpharma.com\/wp-content\/uploads\/2021\/04\/IO_EVER_1120_010-3-1024x683.jpg\" \/>\n<meta name=\"twitter:card\" content=\"summary_large_image\" \/>\n<meta name=\"twitter:label1\" content=\"Est. reading time\" \/>\n\t<meta name=\"twitter:data1\" content=\"3 minutes\" \/>\n<script type=\"application\/ld+json\" class=\"yoast-schema-graph\">{\"@context\":\"https:\\\/\\\/schema.org\",\"@graph\":[{\"@type\":\"WebPage\",\"@id\":\"https:\\\/\\\/www.everpharma.com\\\/vnm\\\/linh-vuc-kinh-doanh\\\/\",\"url\":\"https:\\\/\\\/www.everpharma.com\\\/vnm\\\/linh-vuc-kinh-doanh\\\/\",\"name\":\"L\u0129nh v\u1ef1c kinh doanh - EVER Pharma Viet Nam\",\"isPartOf\":{\"@id\":\"https:\\\/\\\/www.everpharma.com\\\/vnm\\\/#website\"},\"primaryImageOfPage\":{\"@id\":\"https:\\\/\\\/www.everpharma.com\\\/vnm\\\/linh-vuc-kinh-doanh\\\/#primaryimage\"},\"image\":{\"@id\":\"https:\\\/\\\/www.everpharma.com\\\/vnm\\\/linh-vuc-kinh-doanh\\\/#primaryimage\"},\"thumbnailUrl\":\"https:\\\/\\\/www.everpharma.com\\\/wp-content\\\/uploads\\\/2021\\\/04\\\/IO_EVER_1120_010-3-1024x683.jpg\",\"datePublished\":\"2021-06-14T07:31:42+00:00\",\"dateModified\":\"2021-09-05T16:10:24+00:00\",\"breadcrumb\":{\"@id\":\"https:\\\/\\\/www.everpharma.com\\\/vnm\\\/linh-vuc-kinh-doanh\\\/#breadcrumb\"},\"inLanguage\":\"vi-VN\",\"potentialAction\":[{\"@type\":\"ReadAction\",\"target\":[\"https:\\\/\\\/www.everpharma.com\\\/vnm\\\/linh-vuc-kinh-doanh\\\/\"]}]},{\"@type\":\"ImageObject\",\"inLanguage\":\"vi-VN\",\"@id\":\"https:\\\/\\\/www.everpharma.com\\\/vnm\\\/linh-vuc-kinh-doanh\\\/#primaryimage\",\"url\":\"https:\\\/\\\/www.everpharma.com\\\/wp-content\\\/uploads\\\/2021\\\/04\\\/IO_EVER_1120_010-3-1024x683.jpg\",\"contentUrl\":\"https:\\\/\\\/www.everpharma.com\\\/wp-content\\\/uploads\\\/2021\\\/04\\\/IO_EVER_1120_010-3-1024x683.jpg\"},{\"@type\":\"BreadcrumbList\",\"@id\":\"https:\\\/\\\/www.everpharma.com\\\/vnm\\\/linh-vuc-kinh-doanh\\\/#breadcrumb\",\"itemListElement\":[{\"@type\":\"ListItem\",\"position\":1,\"name\":\"Startseite\",\"item\":\"https:\\\/\\\/www.everpharma.com\\\/vnm\\\/\"},{\"@type\":\"ListItem\",\"position\":2,\"name\":\"L\u0129nh v\u1ef1c kinh doanh\"}]},{\"@type\":\"WebSite\",\"@id\":\"https:\\\/\\\/www.everpharma.com\\\/vnm\\\/#website\",\"url\":\"https:\\\/\\\/www.everpharma.com\\\/vnm\\\/\",\"name\":\"EVER Pharma Viet Nam\",\"description\":\"Dedicated to Health.\",\"potentialAction\":[{\"@type\":\"SearchAction\",\"target\":{\"@type\":\"EntryPoint\",\"urlTemplate\":\"https:\\\/\\\/www.everpharma.com\\\/vnm\\\/?s={search_term_string}\"},\"query-input\":{\"@type\":\"PropertyValueSpecification\",\"valueRequired\":true,\"valueName\":\"search_term_string\"}}],\"inLanguage\":\"vi-VN\"}]}<\/script>\n<!-- \/ Yoast SEO plugin. -->","yoast_head_json":{"title":"L\u0129nh v\u1ef1c kinh doanh - EVER Pharma Viet Nam","robots":{"index":"index","follow":"follow","max-snippet":"max-snippet:-1","max-image-preview":"max-image-preview:large","max-video-preview":"max-video-preview:-1"},"canonical":"https:\/\/www.everpharma.com\/vnm\/linh-vuc-kinh-doanh\/","og_locale":"vi_VN","og_type":"article","og_title":"L\u0129nh v\u1ef1c kinh doanh - EVER Pharma Viet Nam","og_description":"L\u0129nh v\u1ef1c kinh doanh c\u1ee7a ch\u00fang t\u00f4i. Th\u1ea7n kinh h\u1ecdc. B\u1ed9 ph\u1eadn kinh doanh Th\u1ea7n kinh t\u1eadp trung v\u00e0o c\u00e1c ph\u01b0\u01a1ng ph\u00e1p \u0111i\u1ec1u tr\u1ecb \u0111\u1ed9t qu\u1ef5, ch\u1ea5n th\u01b0\u01a1ng s\u1ecd n\u00e3o, sa s\u00fat tr\u00ed tu\u1ec7 do m\u1ea1ch m\u00e1u, b\u1ec7nh Alzheimer v\u00e0 b\u1ec7nh Parkinson. Ch\u00fang t\u00f4i mong mu\u1ed1n li\u00ean t\u1ee5c ph\u00e1t tri\u1ec3n c\u00e1c s\u1ea3n ph\u1ea9m an to\u00e0n &hellip; Continued","og_url":"https:\/\/www.everpharma.com\/vnm\/linh-vuc-kinh-doanh\/","og_site_name":"EVER Pharma Viet Nam","article_modified_time":"2021-09-05T16:10:24+00:00","og_image":[{"url":"https:\/\/www.everpharma.com\/wp-content\/uploads\/2021\/04\/IO_EVER_1120_010-3-1024x683.jpg","type":"","width":"","height":""}],"twitter_card":"summary_large_image","twitter_misc":{"Est. reading time":"3 minutes"},"schema":{"@context":"https:\/\/schema.org","@graph":[{"@type":"WebPage","@id":"https:\/\/www.everpharma.com\/vnm\/linh-vuc-kinh-doanh\/","url":"https:\/\/www.everpharma.com\/vnm\/linh-vuc-kinh-doanh\/","name":"L\u0129nh v\u1ef1c kinh doanh - EVER Pharma Viet Nam","isPartOf":{"@id":"https:\/\/www.everpharma.com\/vnm\/#website"},"primaryImageOfPage":{"@id":"https:\/\/www.everpharma.com\/vnm\/linh-vuc-kinh-doanh\/#primaryimage"},"image":{"@id":"https:\/\/www.everpharma.com\/vnm\/linh-vuc-kinh-doanh\/#primaryimage"},"thumbnailUrl":"https:\/\/www.everpharma.com\/wp-content\/uploads\/2021\/04\/IO_EVER_1120_010-3-1024x683.jpg","datePublished":"2021-06-14T07:31:42+00:00","dateModified":"2021-09-05T16:10:24+00:00","breadcrumb":{"@id":"https:\/\/www.everpharma.com\/vnm\/linh-vuc-kinh-doanh\/#breadcrumb"},"inLanguage":"vi-VN","potentialAction":[{"@type":"ReadAction","target":["https:\/\/www.everpharma.com\/vnm\/linh-vuc-kinh-doanh\/"]}]},{"@type":"ImageObject","inLanguage":"vi-VN","@id":"https:\/\/www.everpharma.com\/vnm\/linh-vuc-kinh-doanh\/#primaryimage","url":"https:\/\/www.everpharma.com\/wp-content\/uploads\/2021\/04\/IO_EVER_1120_010-3-1024x683.jpg","contentUrl":"https:\/\/www.everpharma.com\/wp-content\/uploads\/2021\/04\/IO_EVER_1120_010-3-1024x683.jpg"},{"@type":"BreadcrumbList","@id":"https:\/\/www.everpharma.com\/vnm\/linh-vuc-kinh-doanh\/#breadcrumb","itemListElement":[{"@type":"ListItem","position":1,"name":"Startseite","item":"https:\/\/www.everpharma.com\/vnm\/"},{"@type":"ListItem","position":2,"name":"L\u0129nh v\u1ef1c kinh doanh"}]},{"@type":"WebSite","@id":"https:\/\/www.everpharma.com\/vnm\/#website","url":"https:\/\/www.everpharma.com\/vnm\/","name":"EVER Pharma Viet Nam","description":"Dedicated to Health.","potentialAction":[{"@type":"SearchAction","target":{"@type":"EntryPoint","urlTemplate":"https:\/\/www.everpharma.com\/vnm\/?s={search_term_string}"},"query-input":{"@type":"PropertyValueSpecification","valueRequired":true,"valueName":"search_term_string"}}],"inLanguage":"vi-VN"}]}},"_links":{"self":[{"href":"https:\/\/www.everpharma.com\/vnm\/wp-json\/wp\/v2\/pages\/271","targetHints":{"allow":["GET"]}}],"collection":[{"href":"https:\/\/www.everpharma.com\/vnm\/wp-json\/wp\/v2\/pages"}],"about":[{"href":"https:\/\/www.everpharma.com\/vnm\/wp-json\/wp\/v2\/types\/page"}],"author":[{"embeddable":true,"href":"https:\/\/www.everpharma.com\/vnm\/wp-json\/wp\/v2\/users\/2"}],"replies":[{"embeddable":true,"href":"https:\/\/www.everpharma.com\/vnm\/wp-json\/wp\/v2\/comments?post=271"}],"version-history":[{"count":4,"href":"https:\/\/www.everpharma.com\/vnm\/wp-json\/wp\/v2\/pages\/271\/revisions"}],"predecessor-version":[{"id":342,"href":"https:\/\/www.everpharma.com\/vnm\/wp-json\/wp\/v2\/pages\/271\/revisions\/342"}],"wp:attachment":[{"href":"https:\/\/www.everpharma.com\/vnm\/wp-json\/wp\/v2\/media?parent=271"}],"curies":[{"name":"wp","href":"https:\/\/api.w.org\/{rel}","templated":true}]}}