{"id":217,"date":"2022-08-27T07:42:22","date_gmt":"2022-08-27T07:42:22","guid":{"rendered":"https:\/\/www.everpharma.com\/pol\/?page_id=217"},"modified":"2026-04-24T11:11:39","modified_gmt":"2026-04-24T11:11:39","slug":"nadruk","status":"publish","type":"page","link":"https:\/\/www.everpharma.com\/pol\/nadruk\/","title":{"rendered":"Dane Firmowe"},"content":{"rendered":"\n<h2 class=\"wp-block-heading is-style-section-title\">Dane Firmowe<\/h2>\n\n\n\n<div style=\"height:40px\" aria-hidden=\"true\" class=\"wp-block-spacer\"><\/div>\n\n\n\n<div class=\"wp-block-columns is-layout-flex wp-container-core-columns-is-layout-9d6595d7 wp-block-columns-is-layout-flex\">\n<div class=\"wp-block-column is-layout-flow wp-block-column-is-layout-flow\" style=\"flex-basis:50%\">\n<p><strong>EVER\u00a0Pharma Poland<br><\/strong>ul. Hucisko 13<br>01-473 Warszawa, Polska<br>Tel.: +48 721 242 484<br>E-Mail: <a href=\"mailto:office@everpharma.com\">office@everpharma.com<\/a><br>NIP: 7010832289<br>REGON: 380756692<br>KRS: 0000740303<\/p>\n\n\n\n<p><\/p>\n<\/div>\n\n\n\n<div class=\"wp-block-column is-layout-flow wp-block-column-is-layout-flow\" style=\"flex-basis:50%\"><\/div>\n<\/div>\n\n\n\n<hr class=\"wp-block-separator has-css-opacity is-style-wide\"\/>\n\n\n\n<div style=\"height:50px\" aria-hidden=\"true\" class=\"wp-block-spacer\"><\/div>\n\n\n\n<p><strong>Prawa autorskie:<\/strong><br>Zawarto\u015b\u0107 tej strony jest chroniona prawem autorskim. Wszystkie zdj\u0119cia, grafiki i teksty przedstawione na tej stronie s\u0105 w\u0142asno\u015bci\u0105 EVER Neuro Pharma GmbH. Dalsze wykorzystywanie zdj\u0119\u0107, grafik i tekst\u00f3w, w tym ich fragment\u00f3w, bez wyra\u017anej pisemnej zgody EVER Pharma Poland jest zabronione. Zmiany techniczne i b\u0142\u0119dy w sk\u0142adzie zastrze\u017cone.<\/p>\n\n\n\n<p><strong>Programowanie:<\/strong><br>WERBEZIRKUS Kreativkollektiv e.U. | <a href=\"https:\/\/www.werbezirkus.at\/?cli_action=1624510329.42\">werbezirkus.at<\/a><\/p>\n\n\n\n<p><strong>Kredyty fotograficzne:<\/strong><br>Matthias Witzany |&nbsp;<a href=\"http:\/\/matthiaswitzany.com\/\" target=\"_blank\" rel=\"noreferrer noopener\">matthiaswitzany.com<\/a><br>Stefan Schilling |&nbsp;<a href=\"http:\/\/www.stefan-schilling.de\/\" target=\"_blank\" rel=\"noreferrer noopener\">www.stefan-schilling.de<\/a><\/p>\n\n\n\n<div style=\"height:100px\" aria-hidden=\"true\" class=\"wp-block-spacer\"><\/div>\n","protected":false},"excerpt":{"rendered":"<p>Dane Firmowe EVER\u00a0Pharma Polandul. Hucisko 1301-473 Warszawa, PolskaTel.: +48 721 242 484E-Mail: office@everpharma.comNIP: 7010832289REGON: 380756692KRS: 0000740303 Prawa autorskie:Zawarto\u015b\u0107 tej strony jest chroniona prawem autorskim. Wszystkie zdj\u0119cia, grafiki i teksty przedstawione na tej stronie s\u0105 w\u0142asno\u015bci\u0105 EVER Neuro Pharma GmbH. Dalsze wykorzystywanie zdj\u0119\u0107, grafik i tekst\u00f3w, w tym ich fragment\u00f3w, bez wyra\u017anej pisemnej zgody EVER Pharma &hellip; <a href=\"https:\/\/www.everpharma.com\/pol\/nadruk\/\">Continued<\/a><\/p>\n","protected":false},"author":2,"featured_media":0,"parent":0,"menu_order":0,"comment_status":"closed","ping_status":"closed","template":"","meta":{"_acf_changed":false,"footnotes":""},"class_list":["post-217","page","type-page","status-publish","hentry"],"yoast_head":"<!-- This site is optimized with the Yoast SEO plugin v27.4 - https:\/\/yoast.com\/product\/yoast-seo-wordpress\/ -->\n<title>Dane Firmowe - EVER Pharma Poland<\/title>\n<meta name=\"robots\" content=\"index, follow, max-snippet:-1, max-image-preview:large, max-video-preview:-1\" \/>\n<link rel=\"canonical\" href=\"https:\/\/www.everpharma.com\/pol\/nadruk\/\" \/>\n<meta property=\"og:locale\" content=\"pl_PL\" \/>\n<meta property=\"og:type\" content=\"article\" \/>\n<meta property=\"og:title\" content=\"Dane Firmowe - EVER Pharma Poland\" \/>\n<meta property=\"og:description\" content=\"Dane Firmowe EVER\u00a0Pharma Polandul. Hucisko 1301-473 Warszawa, PolskaTel.: +48 721 242 484E-Mail: office@everpharma.comNIP: 7010832289REGON: 380756692KRS: 0000740303 Prawa autorskie:Zawarto\u015b\u0107 tej strony jest chroniona prawem autorskim. Wszystkie zdj\u0119cia, grafiki i teksty przedstawione na tej stronie s\u0105 w\u0142asno\u015bci\u0105 EVER Neuro Pharma GmbH. Dalsze wykorzystywanie zdj\u0119\u0107, grafik i tekst\u00f3w, w tym ich fragment\u00f3w, bez wyra\u017anej pisemnej zgody EVER Pharma &hellip; Continued\" \/>\n<meta property=\"og:url\" content=\"https:\/\/www.everpharma.com\/pol\/nadruk\/\" \/>\n<meta property=\"og:site_name\" content=\"EVER Pharma Poland\" \/>\n<meta property=\"article:modified_time\" content=\"2026-04-24T11:11:39+00:00\" \/>\n<meta name=\"twitter:card\" content=\"summary_large_image\" \/>\n<script type=\"application\/ld+json\" class=\"yoast-schema-graph\">{\"@context\":\"https:\\\/\\\/schema.org\",\"@graph\":[{\"@type\":\"WebPage\",\"@id\":\"https:\\\/\\\/www.everpharma.com\\\/pol\\\/nadruk\\\/\",\"url\":\"https:\\\/\\\/www.everpharma.com\\\/pol\\\/nadruk\\\/\",\"name\":\"Dane Firmowe - EVER Pharma Poland\",\"isPartOf\":{\"@id\":\"https:\\\/\\\/www.everpharma.com\\\/pol\\\/#website\"},\"datePublished\":\"2022-08-27T07:42:22+00:00\",\"dateModified\":\"2026-04-24T11:11:39+00:00\",\"breadcrumb\":{\"@id\":\"https:\\\/\\\/www.everpharma.com\\\/pol\\\/nadruk\\\/#breadcrumb\"},\"inLanguage\":\"pl-PL\",\"potentialAction\":[{\"@type\":\"ReadAction\",\"target\":[\"https:\\\/\\\/www.everpharma.com\\\/pol\\\/nadruk\\\/\"]}]},{\"@type\":\"BreadcrumbList\",\"@id\":\"https:\\\/\\\/www.everpharma.com\\\/pol\\\/nadruk\\\/#breadcrumb\",\"itemListElement\":[{\"@type\":\"ListItem\",\"position\":1,\"name\":\"Startseite\",\"item\":\"https:\\\/\\\/www.everpharma.com\\\/pol\\\/\"},{\"@type\":\"ListItem\",\"position\":2,\"name\":\"Dane Firmowe\"}]},{\"@type\":\"WebSite\",\"@id\":\"https:\\\/\\\/www.everpharma.com\\\/pol\\\/#website\",\"url\":\"https:\\\/\\\/www.everpharma.com\\\/pol\\\/\",\"name\":\"EVER Pharma Poland\",\"description\":\"Dedicated to Health.\",\"potentialAction\":[{\"@type\":\"SearchAction\",\"target\":{\"@type\":\"EntryPoint\",\"urlTemplate\":\"https:\\\/\\\/www.everpharma.com\\\/pol\\\/?s={search_term_string}\"},\"query-input\":{\"@type\":\"PropertyValueSpecification\",\"valueRequired\":true,\"valueName\":\"search_term_string\"}}],\"inLanguage\":\"pl-PL\"}]}<\/script>\n<!-- \/ Yoast SEO plugin. -->","yoast_head_json":{"title":"Dane Firmowe - EVER Pharma Poland","robots":{"index":"index","follow":"follow","max-snippet":"max-snippet:-1","max-image-preview":"max-image-preview:large","max-video-preview":"max-video-preview:-1"},"canonical":"https:\/\/www.everpharma.com\/pol\/nadruk\/","og_locale":"pl_PL","og_type":"article","og_title":"Dane Firmowe - EVER Pharma Poland","og_description":"Dane Firmowe EVER\u00a0Pharma Polandul. Hucisko 1301-473 Warszawa, PolskaTel.: +48 721 242 484E-Mail: office@everpharma.comNIP: 7010832289REGON: 380756692KRS: 0000740303 Prawa autorskie:Zawarto\u015b\u0107 tej strony jest chroniona prawem autorskim. Wszystkie zdj\u0119cia, grafiki i teksty przedstawione na tej stronie s\u0105 w\u0142asno\u015bci\u0105 EVER Neuro Pharma GmbH. Dalsze wykorzystywanie zdj\u0119\u0107, grafik i tekst\u00f3w, w tym ich fragment\u00f3w, bez wyra\u017anej pisemnej zgody EVER Pharma &hellip; Continued","og_url":"https:\/\/www.everpharma.com\/pol\/nadruk\/","og_site_name":"EVER Pharma Poland","article_modified_time":"2026-04-24T11:11:39+00:00","twitter_card":"summary_large_image","schema":{"@context":"https:\/\/schema.org","@graph":[{"@type":"WebPage","@id":"https:\/\/www.everpharma.com\/pol\/nadruk\/","url":"https:\/\/www.everpharma.com\/pol\/nadruk\/","name":"Dane Firmowe - EVER Pharma Poland","isPartOf":{"@id":"https:\/\/www.everpharma.com\/pol\/#website"},"datePublished":"2022-08-27T07:42:22+00:00","dateModified":"2026-04-24T11:11:39+00:00","breadcrumb":{"@id":"https:\/\/www.everpharma.com\/pol\/nadruk\/#breadcrumb"},"inLanguage":"pl-PL","potentialAction":[{"@type":"ReadAction","target":["https:\/\/www.everpharma.com\/pol\/nadruk\/"]}]},{"@type":"BreadcrumbList","@id":"https:\/\/www.everpharma.com\/pol\/nadruk\/#breadcrumb","itemListElement":[{"@type":"ListItem","position":1,"name":"Startseite","item":"https:\/\/www.everpharma.com\/pol\/"},{"@type":"ListItem","position":2,"name":"Dane Firmowe"}]},{"@type":"WebSite","@id":"https:\/\/www.everpharma.com\/pol\/#website","url":"https:\/\/www.everpharma.com\/pol\/","name":"EVER Pharma Poland","description":"Dedicated to Health.","potentialAction":[{"@type":"SearchAction","target":{"@type":"EntryPoint","urlTemplate":"https:\/\/www.everpharma.com\/pol\/?s={search_term_string}"},"query-input":{"@type":"PropertyValueSpecification","valueRequired":true,"valueName":"search_term_string"}}],"inLanguage":"pl-PL"}]}},"acf":[],"_links":{"self":[{"href":"https:\/\/www.everpharma.com\/pol\/wp-json\/wp\/v2\/pages\/217","targetHints":{"allow":["GET"]}}],"collection":[{"href":"https:\/\/www.everpharma.com\/pol\/wp-json\/wp\/v2\/pages"}],"about":[{"href":"https:\/\/www.everpharma.com\/pol\/wp-json\/wp\/v2\/types\/page"}],"author":[{"embeddable":true,"href":"https:\/\/www.everpharma.com\/pol\/wp-json\/wp\/v2\/users\/2"}],"replies":[{"embeddable":true,"href":"https:\/\/www.everpharma.com\/pol\/wp-json\/wp\/v2\/comments?post=217"}],"version-history":[{"count":3,"href":"https:\/\/www.everpharma.com\/pol\/wp-json\/wp\/v2\/pages\/217\/revisions"}],"predecessor-version":[{"id":403,"href":"https:\/\/www.everpharma.com\/pol\/wp-json\/wp\/v2\/pages\/217\/revisions\/403"}],"wp:attachment":[{"href":"https:\/\/www.everpharma.com\/pol\/wp-json\/wp\/v2\/media?parent=217"}],"curies":[{"name":"wp","href":"https:\/\/api.w.org\/{rel}","templated":true}]}}