{"id":93,"date":"2021-01-04T07:23:59","date_gmt":"2021-01-04T05:23:59","guid":{"rendered":"https:\/\/www.everpharma.com\/italy\/?page_id=93"},"modified":"2025-06-03T12:04:30","modified_gmt":"2025-06-03T10:04:30","slug":"management","status":"publish","type":"page","link":"https:\/\/www.everpharma.com\/ita\/management\/","title":{"rendered":"Management"},"content":{"rendered":"\n<h1 class=\"wp-block-heading is-style-page-title\">Il nostro Leadership Team.<\/h1>\n\n\n\n<p><\/p>\n\n\n\n<div style=\"height:10px\" aria-hidden=\"true\" class=\"wp-block-spacer\"><\/div>\n\n\n\n<hr class=\"wp-block-separator has-css-opacity is-style-default\" \/>\n\n\n\n<div style=\"height:117px\" aria-hidden=\"true\" class=\"wp-block-spacer\"><\/div>\n\n\n\n<div class=\"wp-block-columns are-vertically-aligned-center is-layout-flex wp-container-core-columns-is-layout-9d6595d7 wp-block-columns-is-layout-flex\">\n<div class=\"wp-block-column is-vertically-aligned-center is-layout-flow wp-block-column-is-layout-flow\" style=\"flex-basis:66.66%\">\n<h4 class=\"wp-block-heading\"><strong>Dr. Friedrich Hillebrand<\/strong><\/h4>\n\n\n\n<p><em><strong>Presidente &amp; Proprietario<\/strong><\/em><\/p>\n\n\n\n<p>Friedrich Hillebrand, presidente del gruppo EVER Pharma, ha pi\u00f9 di 40 anni di esperienza nell&#8217;industria farmaceutica nelle aree dello sviluppo, della produzione e della commercializzazione. Fino al 2009 \u00e8 stato CEO di EBEWE Pharma, un&#8217;azienda specializzata in oncologia e neurologia, che ha guidato e fatto crescere per 30 anni fino alla vendita a Novartis. Friedrich ha conseguito un dottorato in ingegneria chimica presso l&#8217;Universit\u00e0 di Vienna.<\/p>\n\n\n\n<div style=\"height:91px\" aria-hidden=\"true\" class=\"wp-block-spacer\"><\/div>\n<\/div>\n\n\n\n<div class=\"wp-block-column is-vertically-aligned-center is-layout-flow wp-block-column-is-layout-flow\" style=\"flex-basis:33.33%\">\n<figure class=\"wp-block-image size-medium\"><img decoding=\"async\" src=\"https:\/\/www.everpharma.com\/wp-content\/uploads\/2021\/04\/Friedrich-Hillebrand-225x300.jpg\" alt=\"\" class=\"wp-image-1250\" \/><\/figure>\n<\/div>\n<\/div>\n\n\n\n<div style=\"height:24px\" aria-hidden=\"true\" class=\"wp-block-spacer\"><\/div>\n\n\n\n<div class=\"wp-block-columns are-vertically-aligned-center is-layout-flex wp-container-core-columns-is-layout-9d6595d7 wp-block-columns-is-layout-flex\">\n<div class=\"wp-block-column is-vertically-aligned-center is-layout-flow wp-block-column-is-layout-flow\" style=\"flex-basis:66.66%\">\n<h4 class=\"wp-block-heading\"><strong><strong>Georges Kahwati<\/strong><\/strong><\/h4>\n\n\n\n<p><em><strong><em>Direttore Generale<\/em><\/strong><\/em><\/p>\n\n\n\n<p>Georges Kahwati \u00e8 Direttore Generale di EVER Neuro Pharma, EVER Valinject e EVER Pharma Jena. \u00c8 entrato a far parte del gruppo EVER Pharma da Sandoz International dove ha ricoperto i ruoli di Global Head Commercial Operations (Oncology Injectables) e di General Manager del sito Sandoz di Unterach, occupandosi di Technical Operation, qualit\u00e0 e sviluppo. Prima di Sandoz, Georges \u00e8 stato VP Speciality Injectables presso EBEWE Pharma, dove ha fatto crescere significativamente il franchise oncologia fino a diventare leader di mercato prima della vendita a Novartis nel 2009. Georges ha conseguito una laurea in commercio presso la McGill University e un MBA presso l&#8217;INSEAD.<\/p>\n\n\n\n<div style=\"height:15px\" aria-hidden=\"true\" class=\"wp-block-spacer\"><\/div>\n<\/div>\n\n\n\n<div class=\"wp-block-column is-vertically-aligned-center is-layout-flow wp-block-column-is-layout-flow\" style=\"flex-basis:33.33%\">\n<figure class=\"wp-block-image size-medium is-resized\"><img decoding=\"async\" src=\"https:\/\/www.everpharma.com\/wp-content\/uploads\/2021\/04\/Georges-Kahwati-212x300.jpg\" alt=\"\" class=\"wp-image-1252\" style=\"width:225px\" \/><\/figure>\n<\/div>\n<\/div>\n\n\n\n<div style=\"height:24px\" aria-hidden=\"true\" class=\"wp-block-spacer\"><\/div>\n\n\n\n<div class=\"wp-block-columns are-vertically-aligned-center is-layout-flex wp-container-core-columns-is-layout-9d6595d7 wp-block-columns-is-layout-flex\">\n<div class=\"wp-block-column is-vertically-aligned-center is-layout-flow wp-block-column-is-layout-flow\" style=\"flex-basis:66.66%\">\n<h4 class=\"wp-block-heading\"><strong><strong>Dr. Wolfgang Schmitzberger<\/strong><\/strong><\/h4>\n\n\n\n<p><em><strong><em>General Manager<\/em><\/strong><\/em><\/p>\n\n\n\n<p>Il Dr. Wolfgang Schmitzberger \u00e8 direttore generale di EVER Neuro Pharma e EVER Pharma Jena. Fa parte del Gruppo EBEWE\/EVER dal 1992. In qualit\u00e0 di Site Manager presso la sede austriaca di EBEWE, \u00e8 stato per molti anni responsabile della produzione, della qualit\u00e0, dell&#8217;ingegneria, della Supply Chain, della CDMO, del regolatorio e del licensing. Oggi dirige le Technical Operation di EVER in Austria e Germania e ha contribuito alla modernizzazione tecnologica e alla costruzione di un nuovo impianto di produzione per EVER Pharma Jena. Wolfgang ha conseguito un dottorato in chimica tecnica ed economia presso l&#8217;Universit\u00e0 di Linz.<\/p>\n\n\n\n<div style=\"height:134px\" aria-hidden=\"true\" class=\"wp-block-spacer\"><\/div>\n<\/div>\n\n\n\n<div class=\"wp-block-column is-vertically-aligned-center is-layout-flow wp-block-column-is-layout-flow\" style=\"flex-basis:33.33%\">\n<figure class=\"wp-block-image size-medium is-resized\"><img decoding=\"async\" src=\"https:\/\/www.everpharma.com\/wp-content\/uploads\/2021\/04\/Wolfgang-Schmitzberger-194x300.jpg\" alt=\"\" class=\"wp-image-1256\" style=\"width:225px\" \/><\/figure>\n<\/div>\n<\/div>\n\n\n\n<div style=\"height:24px\" aria-hidden=\"true\" class=\"wp-block-spacer\"><\/div>\n\n\n\n<div class=\"wp-block-columns are-vertically-aligned-center is-layout-flex wp-container-core-columns-is-layout-9d6595d7 wp-block-columns-is-layout-flex\">\n<div class=\"wp-block-column is-vertically-aligned-center is-layout-flow wp-block-column-is-layout-flow\" style=\"flex-basis:66.66%\">\n<h4 class=\"wp-block-heading\"><strong><strong>Dr. Julia Hillebrand<\/strong><\/strong><\/h4>\n\n\n\n<p><em><strong><em>Amministratore delegato &amp; Co-proprietario<\/em><\/strong><\/em><\/p>\n\n\n\n<p>La dott.ssa Julia Hillebrand \u00e8 entrata in EVER Pharma nel 2013 come responsabile dello sviluppo aziendale e dal 2016 dirige la business unit Neurology. \u00c8 anche membro del comitato esecutivo di EVER Pharma. La dott.ssa Hillebrand ha conseguito un dottorato in medicina presso l&#8217;Universit\u00e0 Medica di Vienna.<\/p>\n\n\n\n<div style=\"height:125px\" aria-hidden=\"true\" class=\"wp-block-spacer\"><\/div>\n<\/div>\n\n\n\n<div class=\"wp-block-column is-vertically-aligned-center is-layout-flow wp-block-column-is-layout-flow\" style=\"flex-basis:33.33%\">\n<figure class=\"wp-block-image size-medium is-resized\"><img decoding=\"async\" src=\"https:\/\/www.everpharma.com\/wp-content\/uploads\/2021\/04\/Julia-Hillebrand-205x300.jpg\" alt=\"\" class=\"wp-image-1254\" style=\"width:225px\" \/><\/figure>\n<\/div>\n<\/div>\n\n\n\n<div style=\"height:57px\" aria-hidden=\"true\" class=\"wp-block-spacer\"><\/div>\n","protected":false},"excerpt":{"rendered":"<p>Il nostro Leadership Team. Dr. Friedrich Hillebrand Presidente &amp; Proprietario Friedrich Hillebrand, presidente del gruppo EVER Pharma, ha pi\u00f9 di 40 anni di esperienza nell&#8217;industria farmaceutica nelle aree dello sviluppo, della produzione e della commercializzazione. Fino al 2009 \u00e8 stato CEO di EBEWE Pharma, un&#8217;azienda specializzata in oncologia e neurologia, che ha guidato e fatto &hellip; <a href=\"https:\/\/www.everpharma.com\/ita\/management\/\">Continued<\/a><\/p>\n","protected":false},"author":48,"featured_media":0,"parent":0,"menu_order":12,"comment_status":"closed","ping_status":"closed","template":"","meta":{"_acf_changed":false,"footnotes":""},"class_list":["post-93","page","type-page","status-publish","hentry"],"yoast_head":"<!-- This site is optimized with the Yoast SEO plugin v27.5 - https:\/\/yoast.com\/product\/yoast-seo-wordpress\/ -->\n<title>Management - EVER Pharma Italy<\/title>\n<meta name=\"robots\" content=\"index, follow, max-snippet:-1, max-image-preview:large, max-video-preview:-1\" \/>\n<link rel=\"canonical\" href=\"https:\/\/www.everpharma.com\/ita\/management\/\" \/>\n<meta property=\"og:locale\" content=\"it_IT\" \/>\n<meta property=\"og:type\" content=\"article\" \/>\n<meta property=\"og:title\" content=\"Management - EVER Pharma Italy\" \/>\n<meta property=\"og:description\" content=\"Il nostro Leadership Team. Dr. Friedrich Hillebrand Presidente &amp; Proprietario Friedrich Hillebrand, presidente del gruppo EVER Pharma, ha pi\u00f9 di 40 anni di esperienza nell&#8217;industria farmaceutica nelle aree dello sviluppo, della produzione e della commercializzazione. Fino al 2009 \u00e8 stato CEO di EBEWE Pharma, un&#8217;azienda specializzata in oncologia e neurologia, che ha guidato e fatto &hellip; Continued\" \/>\n<meta property=\"og:url\" content=\"https:\/\/www.everpharma.com\/ita\/management\/\" \/>\n<meta property=\"og:site_name\" content=\"EVER Pharma Italy\" \/>\n<meta property=\"article:modified_time\" content=\"2025-06-03T10:04:30+00:00\" \/>\n<meta name=\"twitter:card\" content=\"summary_large_image\" \/>\n<meta name=\"twitter:label1\" content=\"Est. reading time\" \/>\n\t<meta name=\"twitter:data1\" content=\"2 minutes\" \/>\n<script type=\"application\/ld+json\" class=\"yoast-schema-graph\">{\"@context\":\"https:\\\/\\\/schema.org\",\"@graph\":[{\"@type\":\"WebPage\",\"@id\":\"https:\\\/\\\/www.everpharma.com\\\/ita\\\/management\\\/\",\"url\":\"https:\\\/\\\/www.everpharma.com\\\/ita\\\/management\\\/\",\"name\":\"Management - EVER Pharma Italy\",\"isPartOf\":{\"@id\":\"https:\\\/\\\/www.everpharma.com\\\/ita\\\/#website\"},\"primaryImageOfPage\":{\"@id\":\"https:\\\/\\\/www.everpharma.com\\\/ita\\\/management\\\/#primaryimage\"},\"image\":{\"@id\":\"https:\\\/\\\/www.everpharma.com\\\/ita\\\/management\\\/#primaryimage\"},\"thumbnailUrl\":\"https:\\\/\\\/www.everpharma.com\\\/wp-content\\\/uploads\\\/2021\\\/04\\\/Friedrich-Hillebrand-225x300.jpg\",\"datePublished\":\"2021-01-04T05:23:59+00:00\",\"dateModified\":\"2025-06-03T10:04:30+00:00\",\"breadcrumb\":{\"@id\":\"https:\\\/\\\/www.everpharma.com\\\/ita\\\/management\\\/#breadcrumb\"},\"inLanguage\":\"it-IT\",\"potentialAction\":[{\"@type\":\"ReadAction\",\"target\":[\"https:\\\/\\\/www.everpharma.com\\\/ita\\\/management\\\/\"]}]},{\"@type\":\"ImageObject\",\"inLanguage\":\"it-IT\",\"@id\":\"https:\\\/\\\/www.everpharma.com\\\/ita\\\/management\\\/#primaryimage\",\"url\":\"https:\\\/\\\/www.everpharma.com\\\/wp-content\\\/uploads\\\/2021\\\/04\\\/Friedrich-Hillebrand-225x300.jpg\",\"contentUrl\":\"https:\\\/\\\/www.everpharma.com\\\/wp-content\\\/uploads\\\/2021\\\/04\\\/Friedrich-Hillebrand-225x300.jpg\"},{\"@type\":\"BreadcrumbList\",\"@id\":\"https:\\\/\\\/www.everpharma.com\\\/ita\\\/management\\\/#breadcrumb\",\"itemListElement\":[{\"@type\":\"ListItem\",\"position\":1,\"name\":\"Startseite\",\"item\":\"https:\\\/\\\/www.everpharma.com\\\/ita\\\/\"},{\"@type\":\"ListItem\",\"position\":2,\"name\":\"Management\"}]},{\"@type\":\"WebSite\",\"@id\":\"https:\\\/\\\/www.everpharma.com\\\/ita\\\/#website\",\"url\":\"https:\\\/\\\/www.everpharma.com\\\/ita\\\/\",\"name\":\"EVER Pharma Italy\",\"description\":\"Dedicated to Health.\",\"potentialAction\":[{\"@type\":\"SearchAction\",\"target\":{\"@type\":\"EntryPoint\",\"urlTemplate\":\"https:\\\/\\\/www.everpharma.com\\\/ita\\\/?s={search_term_string}\"},\"query-input\":{\"@type\":\"PropertyValueSpecification\",\"valueRequired\":true,\"valueName\":\"search_term_string\"}}],\"inLanguage\":\"it-IT\"}]}<\/script>\n<!-- \/ Yoast SEO plugin. -->","yoast_head_json":{"title":"Management - EVER Pharma Italy","robots":{"index":"index","follow":"follow","max-snippet":"max-snippet:-1","max-image-preview":"max-image-preview:large","max-video-preview":"max-video-preview:-1"},"canonical":"https:\/\/www.everpharma.com\/ita\/management\/","og_locale":"it_IT","og_type":"article","og_title":"Management - EVER Pharma Italy","og_description":"Il nostro Leadership Team. Dr. Friedrich Hillebrand Presidente &amp; Proprietario Friedrich Hillebrand, presidente del gruppo EVER Pharma, ha pi\u00f9 di 40 anni di esperienza nell&#8217;industria farmaceutica nelle aree dello sviluppo, della produzione e della commercializzazione. Fino al 2009 \u00e8 stato CEO di EBEWE Pharma, un&#8217;azienda specializzata in oncologia e neurologia, che ha guidato e fatto &hellip; Continued","og_url":"https:\/\/www.everpharma.com\/ita\/management\/","og_site_name":"EVER Pharma Italy","article_modified_time":"2025-06-03T10:04:30+00:00","twitter_card":"summary_large_image","twitter_misc":{"Est. reading time":"2 minutes"},"schema":{"@context":"https:\/\/schema.org","@graph":[{"@type":"WebPage","@id":"https:\/\/www.everpharma.com\/ita\/management\/","url":"https:\/\/www.everpharma.com\/ita\/management\/","name":"Management - EVER Pharma Italy","isPartOf":{"@id":"https:\/\/www.everpharma.com\/ita\/#website"},"primaryImageOfPage":{"@id":"https:\/\/www.everpharma.com\/ita\/management\/#primaryimage"},"image":{"@id":"https:\/\/www.everpharma.com\/ita\/management\/#primaryimage"},"thumbnailUrl":"https:\/\/www.everpharma.com\/wp-content\/uploads\/2021\/04\/Friedrich-Hillebrand-225x300.jpg","datePublished":"2021-01-04T05:23:59+00:00","dateModified":"2025-06-03T10:04:30+00:00","breadcrumb":{"@id":"https:\/\/www.everpharma.com\/ita\/management\/#breadcrumb"},"inLanguage":"it-IT","potentialAction":[{"@type":"ReadAction","target":["https:\/\/www.everpharma.com\/ita\/management\/"]}]},{"@type":"ImageObject","inLanguage":"it-IT","@id":"https:\/\/www.everpharma.com\/ita\/management\/#primaryimage","url":"https:\/\/www.everpharma.com\/wp-content\/uploads\/2021\/04\/Friedrich-Hillebrand-225x300.jpg","contentUrl":"https:\/\/www.everpharma.com\/wp-content\/uploads\/2021\/04\/Friedrich-Hillebrand-225x300.jpg"},{"@type":"BreadcrumbList","@id":"https:\/\/www.everpharma.com\/ita\/management\/#breadcrumb","itemListElement":[{"@type":"ListItem","position":1,"name":"Startseite","item":"https:\/\/www.everpharma.com\/ita\/"},{"@type":"ListItem","position":2,"name":"Management"}]},{"@type":"WebSite","@id":"https:\/\/www.everpharma.com\/ita\/#website","url":"https:\/\/www.everpharma.com\/ita\/","name":"EVER Pharma Italy","description":"Dedicated to Health.","potentialAction":[{"@type":"SearchAction","target":{"@type":"EntryPoint","urlTemplate":"https:\/\/www.everpharma.com\/ita\/?s={search_term_string}"},"query-input":{"@type":"PropertyValueSpecification","valueRequired":true,"valueName":"search_term_string"}}],"inLanguage":"it-IT"}]}},"acf":[],"_links":{"self":[{"href":"https:\/\/www.everpharma.com\/ita\/wp-json\/wp\/v2\/pages\/93","targetHints":{"allow":["GET"]}}],"collection":[{"href":"https:\/\/www.everpharma.com\/ita\/wp-json\/wp\/v2\/pages"}],"about":[{"href":"https:\/\/www.everpharma.com\/ita\/wp-json\/wp\/v2\/types\/page"}],"author":[{"embeddable":true,"href":"https:\/\/www.everpharma.com\/ita\/wp-json\/wp\/v2\/users\/48"}],"replies":[{"embeddable":true,"href":"https:\/\/www.everpharma.com\/ita\/wp-json\/wp\/v2\/comments?post=93"}],"version-history":[{"count":3,"href":"https:\/\/www.everpharma.com\/ita\/wp-json\/wp\/v2\/pages\/93\/revisions"}],"predecessor-version":[{"id":400,"href":"https:\/\/www.everpharma.com\/ita\/wp-json\/wp\/v2\/pages\/93\/revisions\/400"}],"wp:attachment":[{"href":"https:\/\/www.everpharma.com\/ita\/wp-json\/wp\/v2\/media?parent=93"}],"curies":[{"name":"wp","href":"https:\/\/api.w.org\/{rel}","templated":true}]}}