{"id":88,"date":"2021-04-26T12:53:34","date_gmt":"2021-04-26T10:53:34","guid":{"rendered":"https:\/\/www.everpharma.com\/italy\/?page_id=88"},"modified":"2025-06-03T12:03:39","modified_gmt":"2025-06-03T10:03:39","slug":"ever-pharma","status":"publish","type":"page","link":"https:\/\/www.everpharma.com\/ita\/ever-pharma\/","title":{"rendered":"EVER Pharma"},"content":{"rendered":"\n<div class=\"wp-block-cover is-light is-style-floating-overlay\"><span aria-hidden=\"true\" class=\"wp-block-cover__background has-background-dim-0 has-background-dim\"><\/span><img decoding=\"async\" class=\"wp-block-cover__image-background wp-image-277\" alt=\"\" src=\"https:\/\/www.everpharma.com\/spain\/wp-content\/uploads\/sites\/6\/2021\/06\/sts_proeckl_1509_EVERPHARMA_03-2.jpg\" style=\"object-position:82% 67%\" data-object-fit=\"cover\" data-object-position=\"82% 67%\" \/><div class=\"wp-block-cover__inner-container is-layout-flow wp-block-cover-is-layout-flow\">\n<p class=\"has-text-align-center has-large-font-size\"><\/p>\n<\/div><\/div>\n\n\n\n<div class=\"wp-block-columns is-layout-flex wp-container-core-columns-is-layout-9d6595d7 wp-block-columns-is-layout-flex\">\n<div class=\"wp-block-column is-layout-flow wp-block-column-is-layout-flow\">\n<h1 class=\"wp-block-heading is-style-page-title\">EVER Pharma.<\/h1>\n\n\n\n<p>EVER Pharma \u00e8 un&#8217;azienda farmaceutica focalizzata sulla ricerca, lo sviluppo, la produzione e la commercializzazione di prodotti nelle aree della neurologia, oncologia, terapia intensiva, terapia ormonale e terapia del dolore<\/p>\n\n\n\n<p>Dalla nostra sede centrale in Austria, coordiniamo la produzione e commercializzazione di prodotti innovativi, formulazioni a valore aggiunto e medical device, che mirano a migliorare la vita dei pazienti e a sostenere il lavoro degli operatori sanitari fornendo soluzioni terapeutiche in grado di garantire sicurezza e supporto per i pazienti<\/p>\n<\/div>\n\n\n\n<div class=\"wp-block-column is-layout-flow wp-block-column-is-layout-flow\">\n<div style=\"height:112px\" aria-hidden=\"true\" class=\"wp-block-spacer\"><\/div>\n\n\n\n<p>I nostri prodotti sono sviluppati e fabbricati nei nostri siti, certificati EU GMP, in Austria e Germania, altamente specializzati nella produzione di farmaci iniettabili complessi (&#8220;Specialty Injectables&#8221;), farmaci ad alta attivit\u00e0 controllati, sospensioni di cristalli, soluzioni oleose in fiale, siringhe pre-riempite, cartucce, dispositivi medici e consumabili.<\/p>\n\n\n\n<p>I nostri prodotti sono commercializzati in pi\u00f9 di 70 paesi nel mondo attraverso le nostre affiliate e i nostri partner strategici.<\/p>\n<\/div>\n<\/div>\n\n\n\n<hr class=\"wp-block-separator has-css-opacity is-style-default\" \/>\n\n\n\n<div style=\"height:100px\" aria-hidden=\"true\" class=\"wp-block-spacer\"><\/div>\n\n\n\n<h2 class=\"wp-block-heading is-style-section-title\">Esperienza e Competenza  <\/h2>\n\n\n\n<div class=\"wp-block-columns is-layout-flex wp-container-core-columns-is-layout-9d6595d7 wp-block-columns-is-layout-flex\">\n<div class=\"wp-block-column is-layout-flow wp-block-column-is-layout-flow\">\n<div class=\"wp-block-columns is-layout-flex wp-container-core-columns-is-layout-9d6595d7 wp-block-columns-is-layout-flex\">\n<div class=\"wp-block-column is-layout-flow wp-block-column-is-layout-flow\" style=\"flex-basis:50%\">\n<p>Attraverso la ricerca dedicata, la concentrazione su aree terapeutiche altamente specializzate e la nostra visione strategica, abbiamo stabilito una solida piattaforma che ci permette di dare un contributo considerevole ai sistemi sanitari di tutto il mondo.<\/p>\n<\/div>\n\n\n\n<div class=\"wp-block-column is-layout-flow wp-block-column-is-layout-flow\" style=\"flex-basis:50%\"><\/div>\n<\/div>\n<\/div>\n<\/div>\n\n\n\n<div style=\"height:50px\" aria-hidden=\"true\" class=\"wp-block-spacer\"><\/div>\n\n\n\n<div class=\"wp-block-wpco-timeline alignfull swiper\" id=\"swiper--1205\" data-swiper=\"{&quot;direction&quot;:&quot;horizontal&quot;,&quot;loop&quot;:false,&quot;speed&quot;:300,&quot;spaceBetween&quot;:0,&quot;autoHeight&quot;:false,&quot;centeredSlides&quot;:false,&quot;centerInsufficientSlides&quot;:false,&quot;slidesPerView&quot;:3,&quot;navigation&quot;:{&quot;nextEl&quot;:&quot;#swiper--1205 &gt; .swiper-button-next&quot;,&quot;prevEl&quot;:&quot;#swiper--1205 &gt; .swiper-button-prev&quot;},&quot;freeMode&quot;:true}\"><div class=\"swiper-container\"><div class=\"swiper-wrapper\">\n<div class=\"wp-block-wpco-timeline-item wp-block-timeline-item swiper-slide\" data-label=\"2021\"><label class=\"wp-block-timeline-item-label\">2021<\/label><div class=\"wp-block-timeline-item-content\">\n<p>Apertura del nuovo sito di produzione e ricerca a Jena, Lobeda.<\/p>\n<\/div><\/div>\n\n\n\n<div class=\"wp-block-wpco-timeline-item wp-block-timeline-item swiper-slide\" data-label=\"2015-2021\"><label class=\"wp-block-timeline-item-label\">2015-2021<\/label><div class=\"wp-block-timeline-item-content\">\n<p>EVER Pharma investe oltre 200 milioni di euro in impianti di produzione di iniettabili all&#8217;avanguardia a Lobeda, Jena.<\/p>\n<\/div><\/div>\n\n\n\n<div class=\"wp-block-wpco-timeline-item wp-block-timeline-item swiper-slide\" data-label=\"2011\"><label class=\"wp-block-timeline-item-label\">2011<\/label><div class=\"wp-block-timeline-item-content\">\n<p>EVER Pharma GmbH acquisisce lo stabilimento di produzione di iniettabili di Novartis a Jena, in Germania, e fonda la EVER Pharma Jena GmbH.<\/p>\n<\/div><\/div>\n\n\n\n<div class=\"wp-block-wpco-timeline-item wp-block-timeline-item swiper-slide\" data-label=\"2008\/2009\"><label class=\"wp-block-timeline-item-label\">2008\/2009<\/label><div class=\"wp-block-timeline-item-content\">\n<p>EBEWE Pharma \u00e8 divisa in due attivit\u00e0 separate &#8211; neurologia e oncologia. L&#8217;attivit\u00e0 di oncologia viene ceduta a Novartis e l&#8217;attivit\u00e0 di neurologia viene scorporata e ribattezzata EVER Pharma GmbH.<\/p>\n<\/div><\/div>\n\n\n\n<div class=\"wp-block-wpco-timeline-item wp-block-timeline-item swiper-slide\" data-label=\"2001\"><label class=\"wp-block-timeline-item-label\">2001<\/label><div class=\"wp-block-timeline-item-content\">\n<p>EBEWE Pharma diventa un&#8217;azienda farmaceutica indipendente tramite management buy-out.<\/p>\n<\/div><\/div>\n\n\n\n<div class=\"wp-block-wpco-timeline-item wp-block-timeline-item swiper-slide\" data-label=\"1956-2001\"><label class=\"wp-block-timeline-item-label\">1956-2001<\/label><div class=\"wp-block-timeline-item-content\">\n<p>EBEWE Pharma diventa parte del gruppo di societ\u00e0 BASF e poi brevemente parte di ABBOTT (USA).<\/p>\n<\/div><\/div>\n\n\n\n<div class=\"wp-block-wpco-timeline-item wp-block-timeline-item swiper-slide\" data-label=\"1945\"><label class=\"wp-block-timeline-item-label\">1945<\/label><div class=\"wp-block-timeline-item-content\">\n<p>EBEWE Pharma si trasferisce a Unterach, Austria.<\/p>\n<\/div><\/div>\n\n\n\n<div class=\"wp-block-wpco-timeline-item wp-block-timeline-item swiper-slide\" data-label=\"1934\"><label class=\"wp-block-timeline-item-label\">1934<\/label><div class=\"wp-block-timeline-item-content\">\n<p>EVER Pharma viene fondata con il nome di &#8220;EBEWE Pharma&#8221; a Vienna, Austria.<\/p>\n<\/div><\/div>\n<\/div><div class=\"swiper-button-prev\"><\/div><div class=\"swiper-button-next\"><\/div><\/div><\/div>\n\n\n\n<div style=\"height:92px\" aria-hidden=\"true\" class=\"wp-block-spacer\"><\/div>\n\n\n\n<div class=\"wp-block-group alignfull has-theme-light-gray-background-color has-background\"><div class=\"wp-block-group__inner-container is-layout-flow wp-block-group-is-layout-flow\">\n<div style=\"height:50px\" aria-hidden=\"true\" class=\"wp-block-spacer\"><\/div>\n\n\n\n<h2 class=\"wp-block-heading is-style-section-title\">Fatti &amp; Cifre.<\/h2>\n\n\n\n<div style=\"height:30px\" aria-hidden=\"true\" class=\"wp-block-spacer\"><\/div>\n\n\n\n<div class=\"wp-block-columns is-layout-flex wp-container-core-columns-is-layout-9d6595d7 wp-block-columns-is-layout-flex\">\n<div class=\"wp-block-column is-layout-flow wp-block-column-is-layout-flow\">\n<div class=\"wp-block-columns are-vertically-aligned-center is-layout-flex wp-container-core-columns-is-layout-9d6595d7 wp-block-columns-is-layout-flex\">\n<div class=\"wp-block-column is-vertically-aligned-center is-layout-flow wp-block-column-is-layout-flow\" style=\"flex-basis:100px\"><\/div>\n\n\n\n<div class=\"wp-block-column is-vertically-aligned-center is-layout-flow wp-block-column-is-layout-flow\" style=\"flex-basis:66.66%\">\n<p><strong><strong><strong>Fondazione<\/strong><\/strong><\/strong><\/p>\n\n\n\n<p>Il gruppo EVER \u00e8 stato fondato in Austria nel 1934.<\/p>\n<\/div>\n<\/div>\n\n\n\n<div class=\"wp-block-columns are-vertically-aligned-center is-layout-flex wp-container-core-columns-is-layout-9d6595d7 wp-block-columns-is-layout-flex\">\n<div class=\"wp-block-column is-vertically-aligned-center is-layout-flow wp-block-column-is-layout-flow\" style=\"flex-basis:100px\"><\/div>\n\n\n\n<div class=\"wp-block-column is-vertically-aligned-center is-layout-flow wp-block-column-is-layout-flow\" style=\"flex-basis:66.66%\">\n<p><strong><strong>Sedi e siti di produzione<\/strong><\/strong><\/p>\n\n\n\n<p>EVER Pharma ha sede a Unterach, in Austria, con impianti di produzione e ricerca in Austria, Germania e Stati Uniti.<\/p>\n<\/div>\n<\/div>\n\n\n\n<div class=\"wp-block-columns are-vertically-aligned-center is-layout-flex wp-container-core-columns-is-layout-9d6595d7 wp-block-columns-is-layout-flex\">\n<div class=\"wp-block-column is-vertically-aligned-center is-layout-flow wp-block-column-is-layout-flow\" style=\"flex-basis:100px\"><\/div>\n\n\n\n<div class=\"wp-block-column is-vertically-aligned-center is-layout-flow wp-block-column-is-layout-flow\" style=\"flex-basis:66.66%\">\n<p><strong><strong>Gamma di prodotti<\/strong><\/strong><\/p>\n\n\n\n<p>EVER Pharma commercializza prodotti di alta qualit\u00e0 in oltre 70 paesi in tutto il mondo attraverso i propri uffici di rappresentanza e partner commerciali.<\/p>\n<\/div>\n<\/div>\n<\/div>\n\n\n\n<div class=\"wp-block-column is-layout-flow wp-block-column-is-layout-flow\">\n<div class=\"wp-block-columns are-vertically-aligned-center is-layout-flex wp-container-core-columns-is-layout-9d6595d7 wp-block-columns-is-layout-flex\">\n<div class=\"wp-block-column is-vertically-aligned-center is-layout-flow wp-block-column-is-layout-flow\" style=\"flex-basis:100px\"><\/div>\n\n\n\n<div class=\"wp-block-column is-vertically-aligned-center is-layout-flow wp-block-column-is-layout-flow\" style=\"flex-basis:66.66%\">\n<p><strong><strong>Numero di dipendenti<\/strong><\/strong><\/p>\n\n\n\n<p>Oltre 1.000 dipendenti in tutto il mondo.<\/p>\n<\/div>\n<\/div>\n\n\n\n<div class=\"wp-block-columns are-vertically-aligned-center is-layout-flex wp-container-core-columns-is-layout-9d6595d7 wp-block-columns-is-layout-flex\">\n<div class=\"wp-block-column is-vertically-aligned-center is-layout-flow wp-block-column-is-layout-flow\" style=\"flex-basis:100px\"><\/div>\n\n\n\n<div class=\"wp-block-column is-vertically-aligned-center is-layout-flow wp-block-column-is-layout-flow\" style=\"flex-basis:66.66%\">\n<p><strong><strong>Ricerca &amp; Sviluppo<\/strong><\/strong><\/p>\n\n\n\n<p>EVER Pharma investe circa 25 milioni di euro all&#8217;anno in R&amp;S.<\/p>\n<\/div>\n<\/div>\n\n\n\n<div class=\"wp-block-columns are-vertically-aligned-center is-layout-flex wp-container-core-columns-is-layout-9d6595d7 wp-block-columns-is-layout-flex\">\n<div class=\"wp-block-column is-vertically-aligned-center is-layout-flow wp-block-column-is-layout-flow\" style=\"flex-basis:100px\"><\/div>\n\n\n\n<div class=\"wp-block-column is-vertically-aligned-center is-layout-flow wp-block-column-is-layout-flow\" style=\"flex-basis:66.66%\">\n<p><strong><strong>Aree d&#8217;indicazione<\/strong><\/strong><\/p>\n\n\n\n<p>EVER Pharma \u00e8 specializzata nei settori della neurologia e degli iniettabili speciali, tra cui l&#8217;oncologia, la terapia intensiva e la terapia ormonale.<\/p>\n<\/div>\n<\/div>\n\n\n\n<div class=\"wp-block-columns are-vertically-aligned-center is-layout-flex wp-container-core-columns-is-layout-9d6595d7 wp-block-columns-is-layout-flex\">\n<div class=\"wp-block-column is-vertically-aligned-center is-layout-flow wp-block-column-is-layout-flow\" style=\"flex-basis:100px\"><\/div>\n\n\n\n<div class=\"wp-block-column is-vertically-aligned-center is-layout-flow wp-block-column-is-layout-flow\" style=\"flex-basis:66.66%\">\n<p><strong><strong>Audit di autorit\u00e0 \/ certificazioni<\/strong><\/strong><\/p>\n\n\n\n<p>ISO 13485, ISO 16247, ISO 14001, EU-GMP, GCC (MENA), CFDA (Cina), ANVISA (Brasile), RU-GMP, PDMA (Giappone)<\/p>\n<\/div>\n<\/div>\n<\/div>\n<\/div>\n\n\n\n<div style=\"height:80px\" aria-hidden=\"true\" class=\"wp-block-spacer\"><\/div>\n<\/div><\/div>\n\n\n\n<div style=\"height:100px\" aria-hidden=\"true\" class=\"wp-block-spacer\"><\/div>\n","protected":false},"excerpt":{"rendered":"<p>EVER Pharma. EVER Pharma \u00e8 un&#8217;azienda farmaceutica focalizzata sulla ricerca, lo sviluppo, la produzione e la commercializzazione di prodotti nelle aree della neurologia, oncologia, terapia intensiva, terapia ormonale e terapia del dolore Dalla nostra sede centrale in Austria, coordiniamo la produzione e commercializzazione di prodotti innovativi, formulazioni a valore aggiunto e medical device, che mirano &hellip; <a href=\"https:\/\/www.everpharma.com\/ita\/ever-pharma\/\">Continued<\/a><\/p>\n","protected":false},"author":48,"featured_media":0,"parent":0,"menu_order":10,"comment_status":"closed","ping_status":"closed","template":"","meta":{"_acf_changed":false,"footnotes":""},"class_list":["post-88","page","type-page","status-publish","hentry"],"yoast_head":"<!-- This site is optimized with the Yoast SEO plugin v27.0 - https:\/\/yoast.com\/product\/yoast-seo-wordpress\/ -->\n<title>EVER Pharma - EVER Pharma Italy<\/title>\n<meta name=\"robots\" content=\"index, follow, max-snippet:-1, max-image-preview:large, max-video-preview:-1\" \/>\n<link rel=\"canonical\" href=\"https:\/\/www.everpharma.com\/ita\/ever-pharma\/\" \/>\n<meta property=\"og:locale\" content=\"it_IT\" \/>\n<meta property=\"og:type\" content=\"article\" \/>\n<meta property=\"og:title\" content=\"EVER Pharma - EVER Pharma Italy\" \/>\n<meta property=\"og:description\" content=\"EVER Pharma. EVER Pharma \u00e8 un&#8217;azienda farmaceutica focalizzata sulla ricerca, lo sviluppo, la produzione e la commercializzazione di prodotti nelle aree della neurologia, oncologia, terapia intensiva, terapia ormonale e terapia del dolore Dalla nostra sede centrale in Austria, coordiniamo la produzione e commercializzazione di prodotti innovativi, formulazioni a valore aggiunto e medical device, che mirano &hellip; Continued\" \/>\n<meta property=\"og:url\" content=\"https:\/\/www.everpharma.com\/ita\/ever-pharma\/\" \/>\n<meta property=\"og:site_name\" content=\"EVER Pharma Italy\" \/>\n<meta property=\"article:modified_time\" content=\"2025-06-03T10:03:39+00:00\" \/>\n<meta name=\"twitter:card\" content=\"summary_large_image\" \/>\n<meta name=\"twitter:label1\" content=\"Est. reading time\" \/>\n\t<meta name=\"twitter:data1\" content=\"2 minutes\" \/>\n<script type=\"application\/ld+json\" class=\"yoast-schema-graph\">{\"@context\":\"https:\/\/schema.org\",\"@graph\":[{\"@type\":\"WebPage\",\"@id\":\"https:\/\/www.everpharma.com\/ita\/ever-pharma\/\",\"url\":\"https:\/\/www.everpharma.com\/ita\/ever-pharma\/\",\"name\":\"EVER Pharma - EVER Pharma Italy\",\"isPartOf\":{\"@id\":\"https:\/\/www.everpharma.com\/ita\/#website\"},\"primaryImageOfPage\":{\"@id\":\"https:\/\/www.everpharma.com\/ita\/ever-pharma\/#primaryimage\"},\"image\":{\"@id\":\"https:\/\/www.everpharma.com\/ita\/ever-pharma\/#primaryimage\"},\"thumbnailUrl\":\"https:\/\/www.everpharma.com\/spain\/wp-content\/uploads\/sites\/6\/2021\/06\/sts_proeckl_1509_EVERPHARMA_03-2.jpg\",\"datePublished\":\"2021-04-26T10:53:34+00:00\",\"dateModified\":\"2025-06-03T10:03:39+00:00\",\"breadcrumb\":{\"@id\":\"https:\/\/www.everpharma.com\/ita\/ever-pharma\/#breadcrumb\"},\"inLanguage\":\"it-IT\",\"potentialAction\":[{\"@type\":\"ReadAction\",\"target\":[\"https:\/\/www.everpharma.com\/ita\/ever-pharma\/\"]}]},{\"@type\":\"ImageObject\",\"inLanguage\":\"it-IT\",\"@id\":\"https:\/\/www.everpharma.com\/ita\/ever-pharma\/#primaryimage\",\"url\":\"https:\/\/www.everpharma.com\/spain\/wp-content\/uploads\/sites\/6\/2021\/06\/sts_proeckl_1509_EVERPHARMA_03-2.jpg\",\"contentUrl\":\"https:\/\/www.everpharma.com\/spain\/wp-content\/uploads\/sites\/6\/2021\/06\/sts_proeckl_1509_EVERPHARMA_03-2.jpg\"},{\"@type\":\"BreadcrumbList\",\"@id\":\"https:\/\/www.everpharma.com\/ita\/ever-pharma\/#breadcrumb\",\"itemListElement\":[{\"@type\":\"ListItem\",\"position\":1,\"name\":\"Startseite\",\"item\":\"https:\/\/www.everpharma.com\/ita\/\"},{\"@type\":\"ListItem\",\"position\":2,\"name\":\"EVER Pharma\"}]},{\"@type\":\"WebSite\",\"@id\":\"https:\/\/www.everpharma.com\/ita\/#website\",\"url\":\"https:\/\/www.everpharma.com\/ita\/\",\"name\":\"EVER Pharma Italy\",\"description\":\"Dedicated to Health.\",\"potentialAction\":[{\"@type\":\"SearchAction\",\"target\":{\"@type\":\"EntryPoint\",\"urlTemplate\":\"https:\/\/www.everpharma.com\/ita\/?s={search_term_string}\"},\"query-input\":{\"@type\":\"PropertyValueSpecification\",\"valueRequired\":true,\"valueName\":\"search_term_string\"}}],\"inLanguage\":\"it-IT\"}]}<\/script>\n<!-- \/ Yoast SEO plugin. -->","yoast_head_json":{"title":"EVER Pharma - EVER Pharma Italy","robots":{"index":"index","follow":"follow","max-snippet":"max-snippet:-1","max-image-preview":"max-image-preview:large","max-video-preview":"max-video-preview:-1"},"canonical":"https:\/\/www.everpharma.com\/ita\/ever-pharma\/","og_locale":"it_IT","og_type":"article","og_title":"EVER Pharma - EVER Pharma Italy","og_description":"EVER Pharma. EVER Pharma \u00e8 un&#8217;azienda farmaceutica focalizzata sulla ricerca, lo sviluppo, la produzione e la commercializzazione di prodotti nelle aree della neurologia, oncologia, terapia intensiva, terapia ormonale e terapia del dolore Dalla nostra sede centrale in Austria, coordiniamo la produzione e commercializzazione di prodotti innovativi, formulazioni a valore aggiunto e medical device, che mirano &hellip; Continued","og_url":"https:\/\/www.everpharma.com\/ita\/ever-pharma\/","og_site_name":"EVER Pharma Italy","article_modified_time":"2025-06-03T10:03:39+00:00","twitter_card":"summary_large_image","twitter_misc":{"Est. reading time":"2 minutes"},"schema":{"@context":"https:\/\/schema.org","@graph":[{"@type":"WebPage","@id":"https:\/\/www.everpharma.com\/ita\/ever-pharma\/","url":"https:\/\/www.everpharma.com\/ita\/ever-pharma\/","name":"EVER Pharma - EVER Pharma Italy","isPartOf":{"@id":"https:\/\/www.everpharma.com\/ita\/#website"},"primaryImageOfPage":{"@id":"https:\/\/www.everpharma.com\/ita\/ever-pharma\/#primaryimage"},"image":{"@id":"https:\/\/www.everpharma.com\/ita\/ever-pharma\/#primaryimage"},"thumbnailUrl":"https:\/\/www.everpharma.com\/spain\/wp-content\/uploads\/sites\/6\/2021\/06\/sts_proeckl_1509_EVERPHARMA_03-2.jpg","datePublished":"2021-04-26T10:53:34+00:00","dateModified":"2025-06-03T10:03:39+00:00","breadcrumb":{"@id":"https:\/\/www.everpharma.com\/ita\/ever-pharma\/#breadcrumb"},"inLanguage":"it-IT","potentialAction":[{"@type":"ReadAction","target":["https:\/\/www.everpharma.com\/ita\/ever-pharma\/"]}]},{"@type":"ImageObject","inLanguage":"it-IT","@id":"https:\/\/www.everpharma.com\/ita\/ever-pharma\/#primaryimage","url":"https:\/\/www.everpharma.com\/spain\/wp-content\/uploads\/sites\/6\/2021\/06\/sts_proeckl_1509_EVERPHARMA_03-2.jpg","contentUrl":"https:\/\/www.everpharma.com\/spain\/wp-content\/uploads\/sites\/6\/2021\/06\/sts_proeckl_1509_EVERPHARMA_03-2.jpg"},{"@type":"BreadcrumbList","@id":"https:\/\/www.everpharma.com\/ita\/ever-pharma\/#breadcrumb","itemListElement":[{"@type":"ListItem","position":1,"name":"Startseite","item":"https:\/\/www.everpharma.com\/ita\/"},{"@type":"ListItem","position":2,"name":"EVER Pharma"}]},{"@type":"WebSite","@id":"https:\/\/www.everpharma.com\/ita\/#website","url":"https:\/\/www.everpharma.com\/ita\/","name":"EVER Pharma Italy","description":"Dedicated to Health.","potentialAction":[{"@type":"SearchAction","target":{"@type":"EntryPoint","urlTemplate":"https:\/\/www.everpharma.com\/ita\/?s={search_term_string}"},"query-input":{"@type":"PropertyValueSpecification","valueRequired":true,"valueName":"search_term_string"}}],"inLanguage":"it-IT"}]}},"acf":[],"_links":{"self":[{"href":"https:\/\/www.everpharma.com\/ita\/wp-json\/wp\/v2\/pages\/88","targetHints":{"allow":["GET"]}}],"collection":[{"href":"https:\/\/www.everpharma.com\/ita\/wp-json\/wp\/v2\/pages"}],"about":[{"href":"https:\/\/www.everpharma.com\/ita\/wp-json\/wp\/v2\/types\/page"}],"author":[{"embeddable":true,"href":"https:\/\/www.everpharma.com\/ita\/wp-json\/wp\/v2\/users\/48"}],"replies":[{"embeddable":true,"href":"https:\/\/www.everpharma.com\/ita\/wp-json\/wp\/v2\/comments?post=88"}],"version-history":[{"count":8,"href":"https:\/\/www.everpharma.com\/ita\/wp-json\/wp\/v2\/pages\/88\/revisions"}],"predecessor-version":[{"id":391,"href":"https:\/\/www.everpharma.com\/ita\/wp-json\/wp\/v2\/pages\/88\/revisions\/391"}],"wp:attachment":[{"href":"https:\/\/www.everpharma.com\/ita\/wp-json\/wp\/v2\/media?parent=88"}],"curies":[{"name":"wp","href":"https:\/\/api.w.org\/{rel}","templated":true}]}}