{"id":69,"date":"2021-03-30T14:04:04","date_gmt":"2021-03-30T12:04:04","guid":{"rendered":"https:\/\/www.everpharma.com\/fra\/?p=69"},"modified":"2025-02-03T16:59:33","modified_gmt":"2025-02-03T15:59:33","slug":"dopaceptin-ever-pharma","status":"publish","type":"product","link":"https:\/\/www.everpharma.com\/fra\/produits\/dopaceptin-ever-pharma\/","title":{"rendered":"Dopaceptin\u00ae"},"content":{"rendered":"\n<div class=\"wp-block-group meta\"><div class=\"wp-block-group__inner-container is-layout-flow wp-block-group-is-layout-flow\">\n<p class=\"has-theme-red-light-color has-text-color\"><em>Aire th\u00e9rapeutique : neurologie<\/em><\/p>\n\n\n\n<p class=\"has-theme-gray-dark-color has-text-color\">Le laboratoire EVER Pharma est sp\u00e9cialis\u00e9 dans le d\u00e9veloppement, la fabrication et la commercialisation de sp\u00e9cialit\u00e9s pharmaceutiques d\u00e9di\u00e9es \u00e0 la <strong>neurologie<\/strong>. <br>Nous mettons notre expertise au service du d\u00e9veloppement de la prise en charge des patients atteints de la <strong>Maladie de Parkinson au stade avanc\u00e9<\/strong>.<br>La gamme D-<em>mine<\/em><sup>\u00ae<\/sup> se compose du Stylo D-<em>mine<\/em><sup>\u00ae<\/sup>, de la Pompe D-<em>mine<\/em><sup>\u00ae<\/sup> ainsi que des m\u00e9dicaments administrables via ces dispositifs m\u00e9dicaux.<\/p>\n\n\n\n<p class=\"has-theme-gray-dark-color has-text-color\">En savoir plus : <a href=\"https:\/\/www.d-minecare.com\/fra\/\">http:\/\/www.d-minecare.com\/fra<\/a><\/p>\n\n\n\n<p class=\"has-theme-gray-dark-color has-text-color\">&nbsp;<\/p>\n\n\n\n<hr class=\"wp-block-separator has-css-opacity is-style-wide\" \/>\n\n\n\n<div class=\"wp-block-wpco-accordion accordion is-style-default\">\n<div class=\"wp-block-wpco-accordion-body accordion-item\"><div class=\"accordion-header\" id=\"null-heading\"><button class=\"accordion-button has-theme-white-background-color\" data-bs-toggle=\"collapse\" data-bs-target=\"#null-body\"><strong>Dopaceptin<sup>\u00ae<\/sup> 5 mg\/ml<\/strong>, solution pour perfusion<\/button><\/div><div class=\"accordion-collapse collapse\" id=\"null-body\" aria-labelledby=\"null-heading\" data-bs-parent=\"#null\"><div class=\"accordion-body has-theme-white-background-color\">\n<figure class=\"wp-block-table is-style-stripes has-base-font-size\"><table class=\"has-theme-gray-dark-color has-text-color\"><tbody><tr><td><strong>DCI<\/strong><\/td><td>Chlorhydrate d\u2019apomorphine h\u00e9mihydrat\u00e9<\/td><\/tr><tr><td><strong>Dosage<\/strong><\/td><td>100 mg\/20 ml<\/td><\/tr><tr><td><strong>Pr\u00e9sentation<\/strong><\/td><td>Bo\u00eete de 5 flacons de 20 ml<\/td><\/tr><\/tbody><\/table><\/figure>\n<\/div><\/div><\/div>\n\n\n\n<div class=\"wp-block-wpco-accordion-body accordion-item\"><div class=\"accordion-header\" id=\"null-heading\"><button class=\"accordion-button has-theme-white-background-color\" data-bs-toggle=\"collapse\" data-bs-target=\"#null-body\"><strong>Dopaceptin<sup>\u00ae<\/sup> 10 mg\/ml<\/strong>, solution injectable en cartouche <\/button><\/div><div class=\"accordion-collapse collapse\" id=\"null-body\" aria-labelledby=\"null-heading\" data-bs-parent=\"#null\"><div class=\"accordion-body has-theme-white-background-color\">\n<figure class=\"wp-block-table is-style-stripes has-base-font-size\"><table class=\"has-theme-gray-dark-color has-text-color\"><tbody><tr><td><strong>DCI<\/strong><\/td><td>Chlorhydrate d\u2019apomorphine h\u00e9mihydrat\u00e9<\/td><\/tr><tr><td><strong>Dosage<\/strong><\/td><td>30 mg\/3 ml<\/td><\/tr><tr><td><strong>Pr\u00e9sentation<\/strong><\/td><td>Bo\u00eete de 5 cartouches de 3 ml<\/td><\/tr><\/tbody><\/table><\/figure>\n<\/div><\/div><\/div>\n<\/div>\n\n\n\n<div style=\"height:50px\" aria-hidden=\"true\" class=\"wp-block-spacer\"><\/div>\n<\/div><\/div>\n\n\n\n<div class=\"wp-block-buttons is-content-justification-center is-layout-flex wp-container-core-buttons-is-layout-16018d1d wp-block-buttons-is-layout-flex\">\n<div class=\"wp-block-button\"><a class=\"wp-block-button__link wp-element-button\" href=\"https:\/\/base-donnees-publique.medicaments.gouv.fr\/index.php?page=1&amp;choixRecherche=medicament&amp;txtCaracteres=Dopaceptin\" target=\"_blank\" rel=\"noreferrer noopener\">RCP<\/a><\/div>\n\n\n\n<div class=\"wp-block-button\"><a class=\"wp-block-button__link wp-element-button\" href=\"https:\/\/www.has-sante.fr\/jcms\/c_2623471\/fr\/dopaceptin-apomorphine-chlorhydrate-d-hemihydrate\" target=\"_blank\" rel=\"noreferrer noopener\">Dopaceptin<sup>\u00ae<\/sup> 5 mg\/ml &#8211; Avis de la Commission de la Transparence<\/a><\/div>\n\n\n\n<div class=\"wp-block-button\"><a class=\"wp-block-button__link wp-element-button\" href=\"https:\/\/www.has-sante.fr\/jcms\/c_2804100\/fr\/dopaceptin-apomorphine-chlorhydrate-d-hemihydrate\" target=\"_blank\" rel=\"noreferrer noopener\">Dopaceptin<sup>\u00ae<\/sup> 10 mg\/ml &#8211; Avis de la Commission de la Transparence<\/a><\/div>\n<\/div>\n\n\n\n<div style=\"height:100px\" aria-hidden=\"true\" class=\"wp-block-spacer\"><\/div>\n","protected":false},"excerpt":{"rendered":"<p>Aire th\u00e9rapeutique : neurologie Le laboratoire EVER Pharma est sp\u00e9cialis\u00e9 dans le d\u00e9veloppement, la fabrication et la commercialisation de sp\u00e9cialit\u00e9s pharmaceutiques d\u00e9di\u00e9es \u00e0 la neurologie. Nous mettons notre expertise au service du d\u00e9veloppement de la prise en charge des patients atteints de la Maladie de Parkinson au stade avanc\u00e9.La gamme D-mine\u00ae se compose du Stylo &hellip; <a href=\"https:\/\/www.everpharma.com\/fra\/produits\/dopaceptin-ever-pharma\/\">Continued<\/a><\/p>\n","protected":false},"featured_media":0,"template":"","class_list":["post-69","product","type-product","status-publish","hentry"],"yoast_head":"<!-- This site is optimized with the Yoast SEO plugin v27.5 - https:\/\/yoast.com\/product\/yoast-seo-wordpress\/ -->\n<title>Dopaceptin\u00ae - EVER Pharma France<\/title>\n<meta name=\"robots\" content=\"index, follow, max-snippet:-1, max-image-preview:large, max-video-preview:-1\" \/>\n<link rel=\"canonical\" href=\"https:\/\/www.everpharma.com\/fra\/produits\/dopaceptin-ever-pharma\/\" \/>\n<meta property=\"og:locale\" content=\"fr_FR\" \/>\n<meta property=\"og:type\" content=\"article\" \/>\n<meta property=\"og:title\" content=\"Dopaceptin\u00ae - EVER Pharma France\" \/>\n<meta property=\"og:description\" content=\"Aire th\u00e9rapeutique : neurologie Le laboratoire EVER Pharma est sp\u00e9cialis\u00e9 dans le d\u00e9veloppement, la fabrication et la commercialisation de sp\u00e9cialit\u00e9s pharmaceutiques d\u00e9di\u00e9es \u00e0 la neurologie. Nous mettons notre expertise au service du d\u00e9veloppement de la prise en charge des patients atteints de la Maladie de Parkinson au stade avanc\u00e9.La gamme D-mine\u00ae se compose du Stylo &hellip; Continued\" \/>\n<meta property=\"og:url\" content=\"https:\/\/www.everpharma.com\/fra\/produits\/dopaceptin-ever-pharma\/\" \/>\n<meta property=\"og:site_name\" content=\"EVER Pharma France\" \/>\n<meta property=\"article:modified_time\" content=\"2025-02-03T15:59:33+00:00\" \/>\n<meta name=\"twitter:card\" content=\"summary_large_image\" \/>\n<meta name=\"twitter:label1\" content=\"Dur\u00e9e de lecture estim\u00e9e\" \/>\n\t<meta name=\"twitter:data1\" content=\"1 minute\" \/>\n<script type=\"application\/ld+json\" class=\"yoast-schema-graph\">{\"@context\":\"https:\\\/\\\/schema.org\",\"@graph\":[{\"@type\":\"WebPage\",\"@id\":\"https:\\\/\\\/www.everpharma.com\\\/fra\\\/produits\\\/dopaceptin-ever-pharma\\\/\",\"url\":\"https:\\\/\\\/www.everpharma.com\\\/fra\\\/produits\\\/dopaceptin-ever-pharma\\\/\",\"name\":\"Dopaceptin\u00ae - EVER Pharma France\",\"isPartOf\":{\"@id\":\"https:\\\/\\\/www.everpharma.com\\\/fra\\\/en\\\/#website\"},\"datePublished\":\"2021-03-30T12:04:04+00:00\",\"dateModified\":\"2025-02-03T15:59:33+00:00\",\"breadcrumb\":{\"@id\":\"https:\\\/\\\/www.everpharma.com\\\/fra\\\/produits\\\/dopaceptin-ever-pharma\\\/#breadcrumb\"},\"inLanguage\":\"fr-FR\",\"potentialAction\":[{\"@type\":\"ReadAction\",\"target\":[\"https:\\\/\\\/www.everpharma.com\\\/fra\\\/produits\\\/dopaceptin-ever-pharma\\\/\"]}]},{\"@type\":\"BreadcrumbList\",\"@id\":\"https:\\\/\\\/www.everpharma.com\\\/fra\\\/produits\\\/dopaceptin-ever-pharma\\\/#breadcrumb\",\"itemListElement\":[{\"@type\":\"ListItem\",\"position\":1,\"name\":\"Startseite\",\"item\":\"https:\\\/\\\/www.everpharma.com\\\/fra\\\/\"},{\"@type\":\"ListItem\",\"position\":2,\"name\":\"Produits\",\"item\":\"https:\\\/\\\/www.everpharma.com\\\/fra\\\/produits\\\/\"},{\"@type\":\"ListItem\",\"position\":3,\"name\":\"Dopaceptin\u00ae\"}]},{\"@type\":\"WebSite\",\"@id\":\"https:\\\/\\\/www.everpharma.com\\\/fra\\\/en\\\/#website\",\"url\":\"https:\\\/\\\/www.everpharma.com\\\/fra\\\/en\\\/\",\"name\":\"EVER Pharma France\",\"description\":\"Eine weitere EVER Pharma Network Website\",\"potentialAction\":[{\"@type\":\"SearchAction\",\"target\":{\"@type\":\"EntryPoint\",\"urlTemplate\":\"https:\\\/\\\/www.everpharma.com\\\/fra\\\/en\\\/?s={search_term_string}\"},\"query-input\":{\"@type\":\"PropertyValueSpecification\",\"valueRequired\":true,\"valueName\":\"search_term_string\"}}],\"inLanguage\":\"fr-FR\"}]}<\/script>\n<!-- \/ Yoast SEO plugin. -->","yoast_head_json":{"title":"Dopaceptin\u00ae - EVER Pharma France","robots":{"index":"index","follow":"follow","max-snippet":"max-snippet:-1","max-image-preview":"max-image-preview:large","max-video-preview":"max-video-preview:-1"},"canonical":"https:\/\/www.everpharma.com\/fra\/produits\/dopaceptin-ever-pharma\/","og_locale":"fr_FR","og_type":"article","og_title":"Dopaceptin\u00ae - EVER Pharma France","og_description":"Aire th\u00e9rapeutique : neurologie Le laboratoire EVER Pharma est sp\u00e9cialis\u00e9 dans le d\u00e9veloppement, la fabrication et la commercialisation de sp\u00e9cialit\u00e9s pharmaceutiques d\u00e9di\u00e9es \u00e0 la neurologie. Nous mettons notre expertise au service du d\u00e9veloppement de la prise en charge des patients atteints de la Maladie de Parkinson au stade avanc\u00e9.La gamme D-mine\u00ae se compose du Stylo &hellip; Continued","og_url":"https:\/\/www.everpharma.com\/fra\/produits\/dopaceptin-ever-pharma\/","og_site_name":"EVER Pharma France","article_modified_time":"2025-02-03T15:59:33+00:00","twitter_card":"summary_large_image","twitter_misc":{"Dur\u00e9e de lecture estim\u00e9e":"1 minute"},"schema":{"@context":"https:\/\/schema.org","@graph":[{"@type":"WebPage","@id":"https:\/\/www.everpharma.com\/fra\/produits\/dopaceptin-ever-pharma\/","url":"https:\/\/www.everpharma.com\/fra\/produits\/dopaceptin-ever-pharma\/","name":"Dopaceptin\u00ae - EVER Pharma France","isPartOf":{"@id":"https:\/\/www.everpharma.com\/fra\/en\/#website"},"datePublished":"2021-03-30T12:04:04+00:00","dateModified":"2025-02-03T15:59:33+00:00","breadcrumb":{"@id":"https:\/\/www.everpharma.com\/fra\/produits\/dopaceptin-ever-pharma\/#breadcrumb"},"inLanguage":"fr-FR","potentialAction":[{"@type":"ReadAction","target":["https:\/\/www.everpharma.com\/fra\/produits\/dopaceptin-ever-pharma\/"]}]},{"@type":"BreadcrumbList","@id":"https:\/\/www.everpharma.com\/fra\/produits\/dopaceptin-ever-pharma\/#breadcrumb","itemListElement":[{"@type":"ListItem","position":1,"name":"Startseite","item":"https:\/\/www.everpharma.com\/fra\/"},{"@type":"ListItem","position":2,"name":"Produits","item":"https:\/\/www.everpharma.com\/fra\/produits\/"},{"@type":"ListItem","position":3,"name":"Dopaceptin\u00ae"}]},{"@type":"WebSite","@id":"https:\/\/www.everpharma.com\/fra\/en\/#website","url":"https:\/\/www.everpharma.com\/fra\/en\/","name":"EVER Pharma France","description":"Eine weitere EVER Pharma Network Website","potentialAction":[{"@type":"SearchAction","target":{"@type":"EntryPoint","urlTemplate":"https:\/\/www.everpharma.com\/fra\/en\/?s={search_term_string}"},"query-input":{"@type":"PropertyValueSpecification","valueRequired":true,"valueName":"search_term_string"}}],"inLanguage":"fr-FR"}]}},"acf":[],"_links":{"self":[{"href":"https:\/\/www.everpharma.com\/fra\/wp-json\/wp\/v2\/product\/69","targetHints":{"allow":["GET"]}}],"collection":[{"href":"https:\/\/www.everpharma.com\/fra\/wp-json\/wp\/v2\/product"}],"about":[{"href":"https:\/\/www.everpharma.com\/fra\/wp-json\/wp\/v2\/types\/product"}],"wp:attachment":[{"href":"https:\/\/www.everpharma.com\/fra\/wp-json\/wp\/v2\/media?parent=69"}],"curies":[{"name":"wp","href":"https:\/\/api.w.org\/{rel}","templated":true}]}}