{"id":453,"date":"2022-09-05T14:35:15","date_gmt":"2022-09-05T12:35:15","guid":{"rendered":"https:\/\/www.everpharma.com\/fra\/?page_id=453"},"modified":"2023-07-25T11:01:51","modified_gmt":"2023-07-25T09:01:51","slug":"domaines-expertise-rd-ever-pharma","status":"publish","type":"page","link":"https:\/\/www.everpharma.com\/fra\/identite-ever-pharma\/domaines-expertise-rd-ever-pharma\/","title":{"rendered":"Domaines d&rsquo;expertise &#8211; R&amp;D"},"content":{"rendered":"\n<div class=\"wp-block-group\"><div class=\"wp-block-group__inner-container is-layout-flow wp-block-group-is-layout-flow\">\n<div class=\"wp-block-columns is-layout-flex wp-container-core-columns-is-layout-9d6595d7 wp-block-columns-is-layout-flex\">\n<div class=\"wp-block-column is-layout-flow wp-block-column-is-layout-flow\" style=\"flex-basis:50%\">\n<h2 class=\"is-style-section-title wp-block-heading\">Neurologie<\/h2>\n\n\n\n<p style=\"text-align: justify\">Notre division Neurologie se concentre sur le traitement des accidents vasculaires c\u00e9r\u00e9braux, des l\u00e9sions c\u00e9r\u00e9brales traumatiques, de la d\u00e9mence vasculaire, de la maladie d\u2019Alzheimer et de la maladie de Parkinson.<\/p>\n\n\n\n<div style=\"height:24px\" aria-hidden=\"true\" class=\"wp-block-spacer\"><\/div>\n\n\n\n<p style=\"text-align: justify\">Nous d\u00e9veloppons en permanence des produits plus s\u00fbrs et plus faciles \u00e0 utiliser dans ce domaine.<br>Notre portefeuille comprend des dispositifs d\u2019administration exclusifs tels que des stylos et pompes, ainsi que des produits pharmaceutiques.<\/p>\n<\/div>\n\n\n\n<div class=\"wp-block-column is-layout-flow wp-block-column-is-layout-flow\" style=\"flex-basis:5%\"><\/div>\n\n\n\n<div class=\"wp-block-column is-layout-flow wp-block-column-is-layout-flow\" style=\"flex-basis:50%\">\n<h2 class=\"is-style-section-title wp-block-heading\">Sp\u00e9cialit\u00e9s injectables<\/h2>\n\n\n\n<p style=\"text-align: justify\">L\u2019activit\u00e9 Sp\u00e9cialit\u00e9s Injectables se concentre sur le d\u00e9veloppement, la production et la commercialisation de formulations injectables complexes et \u00e0 haute valeur ajout\u00e9e. Pour la formulation de nos sp\u00e9cialit\u00e9s, notre approche vise \u00e0 am\u00e9liorer l\u2019efficacit\u00e9, la s\u00e9curit\u00e9 de la manipulation et la pr\u00e9paration des m\u00e9dicaments.<\/p>\n\n\n\n<p style=\"text-align: justify\">Nous privil\u00e9gions des m\u00e9dicaments sous forme de solutions pr\u00eates \u00e0 l\u2019emploi par opposition aux formes en poudre \u00e0 reconstituer. Nous d\u00e9veloppons des produits stables \u00e0 temp\u00e9rature ambiante afin d\u2019\u00e9viter les exigences de la cha\u00eene du froid. Les volumes de nos pr\u00e9sentations sont choisis pour limiter le gaspillage et respecter les protocoles. Nos produits sont conditionn\u00e9s dans des emballages sp\u00e9cifiques pour am\u00e9liorer la s\u00e9curit\u00e9 lors du transport.<\/p>\n\n\n\n<p style=\"text-align: justify\">Notre \u00e9quipe R&amp;D est largement engag\u00e9e dans le d\u00e9veloppement d\u2019un large portefeuille de produits dans les domaines de l\u2019oncologie, des soins intensifs et des th\u00e9rapies hormonales.<br>Nos sites R&amp;D se situent \u00e0 Unterach (Autriche), Jena (Allemagne), San Diego (USA).<\/p>\n<\/div>\n<\/div>\n\n\n\n<div class=\"wp-block-group\"><div class=\"wp-block-group__inner-container is-layout-flow wp-block-group-is-layout-flow\">\n<div class=\"wp-block-columns is-layout-flex wp-container-core-columns-is-layout-9d6595d7 wp-block-columns-is-layout-flex\">\n<div class=\"wp-block-column is-layout-flow wp-block-column-is-layout-flow\">\n<h2 class=\"is-style-section-title wp-block-heading\">Partenariats strat\u00e9giques<\/h2>\n\n\n\n<p style=\"text-align: justify\">En plus de son propre portfolio, EVER Pharma \u00e9largit sa gamme gr\u00e2ce \u00e0 des partenariats strat\u00e9giques afin de constamment s&rsquo;adapter aux nouvelles pratiques m\u00e9dicales.<\/p>\n\n\n\n<p>Pour plus d&rsquo;informations, veuillez contacter :<mark style=\"background-color:#ffffff\" class=\"has-inline-color has-theme-red-color\"><a href=\"mailto:info.fr@everpharma.com\">info.fr@everpharma.com<\/a><\/mark><\/p>\n\n\n\n<div style=\"height:20px\" aria-hidden=\"true\" class=\"wp-block-spacer\"><\/div>\n<\/div>\n<\/div>\n<\/div><\/div>\n\n\n\n<div style=\"height:60px\" aria-hidden=\"true\" class=\"wp-block-spacer\"><\/div>\n\n\n\n<figure class=\"wp-block-gallery aligncenter has-nested-images columns-default is-cropped wp-block-gallery-2 is-layout-flex wp-block-gallery-is-layout-flex\">\n<figure class=\"wp-block-image size-large\"><img decoding=\"async\" data-id=\"1357\" src=\"https:\/\/www.everpharma.com\/wp-content\/uploads\/2021\/04\/IO_EVER_1120_010-3-1024x683.jpg\" alt=\"\" class=\"wp-image-1357\" \/><\/figure>\n\n\n\n<figure class=\"wp-block-image size-large\"><img decoding=\"async\" data-id=\"1346\" src=\"https:\/\/www.everpharma.com\/wp-content\/uploads\/2021\/04\/IO_EVER_1120_086-2-1024x683.jpg\" alt=\"\" class=\"wp-image-1346\" \/><\/figure>\n\n\n\n<figure class=\"wp-block-image size-large\"><img decoding=\"async\" data-id=\"1375\" src=\"https:\/\/www.everpharma.com\/wp-content\/uploads\/2021\/04\/IO_EVER_1120_092-2-1024x683.jpg\" alt=\"\" class=\"wp-image-1375\" \/><\/figure>\n<\/figure>\n<\/div><\/div>\n\n\n\n<div style=\"height:100px\" aria-hidden=\"true\" class=\"wp-block-spacer\"><\/div>\n","protected":false},"excerpt":{"rendered":"<p>Neurologie Notre division Neurologie se concentre sur le traitement des accidents vasculaires c\u00e9r\u00e9braux, des l\u00e9sions c\u00e9r\u00e9brales traumatiques, de la d\u00e9mence vasculaire, de la maladie d\u2019Alzheimer et de la maladie de Parkinson. Nous d\u00e9veloppons en permanence des produits plus s\u00fbrs et plus faciles \u00e0 utiliser dans ce domaine.Notre portefeuille comprend des dispositifs d\u2019administration exclusifs tels que &hellip; <a href=\"https:\/\/www.everpharma.com\/fra\/identite-ever-pharma\/domaines-expertise-rd-ever-pharma\/\">Continued<\/a><\/p>\n","protected":false},"author":13,"featured_media":0,"parent":452,"menu_order":1,"comment_status":"closed","ping_status":"closed","template":"","meta":{"_acf_changed":false,"footnotes":""},"class_list":["post-453","page","type-page","status-publish","hentry"],"yoast_head":"<!-- This site is optimized with the Yoast SEO plugin v27.5 - https:\/\/yoast.com\/product\/yoast-seo-wordpress\/ -->\n<title>Domaines d&#039;expertise - R&amp;D - EVER Pharma France<\/title>\n<meta name=\"description\" content=\"EVER Pharma d\u00e9veloppe des produits innovants et des formulations \u00e0 haute valeur ajout\u00e9e avec une ambition globale dans ses diff\u00e9rents domaines d\u2019expertise.\" \/>\n<meta name=\"robots\" content=\"index, follow, max-snippet:-1, max-image-preview:large, max-video-preview:-1\" \/>\n<link rel=\"canonical\" href=\"https:\/\/www.everpharma.com\/fra\/identite-ever-pharma\/domaines-expertise-rd-ever-pharma\/\" \/>\n<meta property=\"og:locale\" content=\"fr_FR\" \/>\n<meta property=\"og:type\" content=\"article\" \/>\n<meta property=\"og:title\" content=\"Domaines d&#039;expertise - R&amp;D - EVER Pharma France\" \/>\n<meta property=\"og:description\" content=\"EVER Pharma d\u00e9veloppe des produits innovants et des formulations \u00e0 haute valeur ajout\u00e9e avec une ambition globale dans ses diff\u00e9rents domaines d\u2019expertise.\" \/>\n<meta property=\"og:url\" content=\"https:\/\/www.everpharma.com\/fra\/identite-ever-pharma\/domaines-expertise-rd-ever-pharma\/\" \/>\n<meta property=\"og:site_name\" content=\"EVER Pharma France\" \/>\n<meta property=\"article:modified_time\" content=\"2023-07-25T09:01:51+00:00\" \/>\n<meta property=\"og:image\" content=\"https:\/\/www.everpharma.com\/wp-content\/uploads\/2021\/04\/IO_EVER_1120_010-3-1024x683.jpg\" \/>\n<meta name=\"twitter:card\" content=\"summary_large_image\" \/>\n<meta name=\"twitter:label1\" content=\"Dur\u00e9e de lecture estim\u00e9e\" \/>\n\t<meta name=\"twitter:data1\" content=\"1 minute\" \/>\n<script type=\"application\/ld+json\" class=\"yoast-schema-graph\">{\"@context\":\"https:\\\/\\\/schema.org\",\"@graph\":[{\"@type\":\"WebPage\",\"@id\":\"https:\\\/\\\/www.everpharma.com\\\/fra\\\/identite-ever-pharma\\\/domaines-expertise-rd-ever-pharma\\\/\",\"url\":\"https:\\\/\\\/www.everpharma.com\\\/fra\\\/identite-ever-pharma\\\/domaines-expertise-rd-ever-pharma\\\/\",\"name\":\"Domaines d'expertise - R&amp;D - EVER Pharma France\",\"isPartOf\":{\"@id\":\"https:\\\/\\\/www.everpharma.com\\\/fra\\\/en\\\/#website\"},\"primaryImageOfPage\":{\"@id\":\"https:\\\/\\\/www.everpharma.com\\\/fra\\\/identite-ever-pharma\\\/domaines-expertise-rd-ever-pharma\\\/#primaryimage\"},\"image\":{\"@id\":\"https:\\\/\\\/www.everpharma.com\\\/fra\\\/identite-ever-pharma\\\/domaines-expertise-rd-ever-pharma\\\/#primaryimage\"},\"thumbnailUrl\":\"https:\\\/\\\/www.everpharma.com\\\/wp-content\\\/uploads\\\/2021\\\/04\\\/IO_EVER_1120_010-3-1024x683.jpg\",\"datePublished\":\"2022-09-05T12:35:15+00:00\",\"dateModified\":\"2023-07-25T09:01:51+00:00\",\"description\":\"EVER Pharma d\u00e9veloppe des produits innovants et des formulations \u00e0 haute valeur ajout\u00e9e avec une ambition globale dans ses diff\u00e9rents domaines d\u2019expertise.\",\"breadcrumb\":{\"@id\":\"https:\\\/\\\/www.everpharma.com\\\/fra\\\/identite-ever-pharma\\\/domaines-expertise-rd-ever-pharma\\\/#breadcrumb\"},\"inLanguage\":\"fr-FR\",\"potentialAction\":[{\"@type\":\"ReadAction\",\"target\":[\"https:\\\/\\\/www.everpharma.com\\\/fra\\\/identite-ever-pharma\\\/domaines-expertise-rd-ever-pharma\\\/\"]}]},{\"@type\":\"ImageObject\",\"inLanguage\":\"fr-FR\",\"@id\":\"https:\\\/\\\/www.everpharma.com\\\/fra\\\/identite-ever-pharma\\\/domaines-expertise-rd-ever-pharma\\\/#primaryimage\",\"url\":\"https:\\\/\\\/www.everpharma.com\\\/wp-content\\\/uploads\\\/2021\\\/04\\\/IO_EVER_1120_010-3-1024x683.jpg\",\"contentUrl\":\"https:\\\/\\\/www.everpharma.com\\\/wp-content\\\/uploads\\\/2021\\\/04\\\/IO_EVER_1120_010-3-1024x683.jpg\"},{\"@type\":\"BreadcrumbList\",\"@id\":\"https:\\\/\\\/www.everpharma.com\\\/fra\\\/identite-ever-pharma\\\/domaines-expertise-rd-ever-pharma\\\/#breadcrumb\",\"itemListElement\":[{\"@type\":\"ListItem\",\"position\":1,\"name\":\"Startseite\",\"item\":\"https:\\\/\\\/www.everpharma.com\\\/fra\\\/\"},{\"@type\":\"ListItem\",\"position\":2,\"name\":\"EVER Pharma\",\"item\":\"https:\\\/\\\/www.everpharma.com\\\/fra\\\/identite-ever-pharma\\\/\"},{\"@type\":\"ListItem\",\"position\":3,\"name\":\"Domaines d&rsquo;expertise &#8211; R&amp;D\"}]},{\"@type\":\"WebSite\",\"@id\":\"https:\\\/\\\/www.everpharma.com\\\/fra\\\/en\\\/#website\",\"url\":\"https:\\\/\\\/www.everpharma.com\\\/fra\\\/en\\\/\",\"name\":\"EVER Pharma France\",\"description\":\"Eine weitere EVER Pharma Network Website\",\"potentialAction\":[{\"@type\":\"SearchAction\",\"target\":{\"@type\":\"EntryPoint\",\"urlTemplate\":\"https:\\\/\\\/www.everpharma.com\\\/fra\\\/en\\\/?s={search_term_string}\"},\"query-input\":{\"@type\":\"PropertyValueSpecification\",\"valueRequired\":true,\"valueName\":\"search_term_string\"}}],\"inLanguage\":\"fr-FR\"}]}<\/script>\n<!-- \/ Yoast SEO plugin. -->","yoast_head_json":{"title":"Domaines d'expertise - R&amp;D - EVER Pharma France","description":"EVER Pharma d\u00e9veloppe des produits innovants et des formulations \u00e0 haute valeur ajout\u00e9e avec une ambition globale dans ses diff\u00e9rents domaines d\u2019expertise.","robots":{"index":"index","follow":"follow","max-snippet":"max-snippet:-1","max-image-preview":"max-image-preview:large","max-video-preview":"max-video-preview:-1"},"canonical":"https:\/\/www.everpharma.com\/fra\/identite-ever-pharma\/domaines-expertise-rd-ever-pharma\/","og_locale":"fr_FR","og_type":"article","og_title":"Domaines d'expertise - R&amp;D - EVER Pharma France","og_description":"EVER Pharma d\u00e9veloppe des produits innovants et des formulations \u00e0 haute valeur ajout\u00e9e avec une ambition globale dans ses diff\u00e9rents domaines d\u2019expertise.","og_url":"https:\/\/www.everpharma.com\/fra\/identite-ever-pharma\/domaines-expertise-rd-ever-pharma\/","og_site_name":"EVER Pharma France","article_modified_time":"2023-07-25T09:01:51+00:00","og_image":[{"url":"https:\/\/www.everpharma.com\/wp-content\/uploads\/2021\/04\/IO_EVER_1120_010-3-1024x683.jpg","type":"","width":"","height":""}],"twitter_card":"summary_large_image","twitter_misc":{"Dur\u00e9e de lecture estim\u00e9e":"1 minute"},"schema":{"@context":"https:\/\/schema.org","@graph":[{"@type":"WebPage","@id":"https:\/\/www.everpharma.com\/fra\/identite-ever-pharma\/domaines-expertise-rd-ever-pharma\/","url":"https:\/\/www.everpharma.com\/fra\/identite-ever-pharma\/domaines-expertise-rd-ever-pharma\/","name":"Domaines d'expertise - R&amp;D - EVER Pharma France","isPartOf":{"@id":"https:\/\/www.everpharma.com\/fra\/en\/#website"},"primaryImageOfPage":{"@id":"https:\/\/www.everpharma.com\/fra\/identite-ever-pharma\/domaines-expertise-rd-ever-pharma\/#primaryimage"},"image":{"@id":"https:\/\/www.everpharma.com\/fra\/identite-ever-pharma\/domaines-expertise-rd-ever-pharma\/#primaryimage"},"thumbnailUrl":"https:\/\/www.everpharma.com\/wp-content\/uploads\/2021\/04\/IO_EVER_1120_010-3-1024x683.jpg","datePublished":"2022-09-05T12:35:15+00:00","dateModified":"2023-07-25T09:01:51+00:00","description":"EVER Pharma d\u00e9veloppe des produits innovants et des formulations \u00e0 haute valeur ajout\u00e9e avec une ambition globale dans ses diff\u00e9rents domaines d\u2019expertise.","breadcrumb":{"@id":"https:\/\/www.everpharma.com\/fra\/identite-ever-pharma\/domaines-expertise-rd-ever-pharma\/#breadcrumb"},"inLanguage":"fr-FR","potentialAction":[{"@type":"ReadAction","target":["https:\/\/www.everpharma.com\/fra\/identite-ever-pharma\/domaines-expertise-rd-ever-pharma\/"]}]},{"@type":"ImageObject","inLanguage":"fr-FR","@id":"https:\/\/www.everpharma.com\/fra\/identite-ever-pharma\/domaines-expertise-rd-ever-pharma\/#primaryimage","url":"https:\/\/www.everpharma.com\/wp-content\/uploads\/2021\/04\/IO_EVER_1120_010-3-1024x683.jpg","contentUrl":"https:\/\/www.everpharma.com\/wp-content\/uploads\/2021\/04\/IO_EVER_1120_010-3-1024x683.jpg"},{"@type":"BreadcrumbList","@id":"https:\/\/www.everpharma.com\/fra\/identite-ever-pharma\/domaines-expertise-rd-ever-pharma\/#breadcrumb","itemListElement":[{"@type":"ListItem","position":1,"name":"Startseite","item":"https:\/\/www.everpharma.com\/fra\/"},{"@type":"ListItem","position":2,"name":"EVER Pharma","item":"https:\/\/www.everpharma.com\/fra\/identite-ever-pharma\/"},{"@type":"ListItem","position":3,"name":"Domaines d&rsquo;expertise &#8211; R&amp;D"}]},{"@type":"WebSite","@id":"https:\/\/www.everpharma.com\/fra\/en\/#website","url":"https:\/\/www.everpharma.com\/fra\/en\/","name":"EVER Pharma France","description":"Eine weitere EVER Pharma Network Website","potentialAction":[{"@type":"SearchAction","target":{"@type":"EntryPoint","urlTemplate":"https:\/\/www.everpharma.com\/fra\/en\/?s={search_term_string}"},"query-input":{"@type":"PropertyValueSpecification","valueRequired":true,"valueName":"search_term_string"}}],"inLanguage":"fr-FR"}]}},"acf":[],"_links":{"self":[{"href":"https:\/\/www.everpharma.com\/fra\/wp-json\/wp\/v2\/pages\/453","targetHints":{"allow":["GET"]}}],"collection":[{"href":"https:\/\/www.everpharma.com\/fra\/wp-json\/wp\/v2\/pages"}],"about":[{"href":"https:\/\/www.everpharma.com\/fra\/wp-json\/wp\/v2\/types\/page"}],"author":[{"embeddable":true,"href":"https:\/\/www.everpharma.com\/fra\/wp-json\/wp\/v2\/users\/13"}],"replies":[{"embeddable":true,"href":"https:\/\/www.everpharma.com\/fra\/wp-json\/wp\/v2\/comments?post=453"}],"version-history":[{"count":47,"href":"https:\/\/www.everpharma.com\/fra\/wp-json\/wp\/v2\/pages\/453\/revisions"}],"predecessor-version":[{"id":1996,"href":"https:\/\/www.everpharma.com\/fra\/wp-json\/wp\/v2\/pages\/453\/revisions\/1996"}],"up":[{"embeddable":true,"href":"https:\/\/www.everpharma.com\/fra\/wp-json\/wp\/v2\/pages\/452"}],"wp:attachment":[{"href":"https:\/\/www.everpharma.com\/fra\/wp-json\/wp\/v2\/media?parent=453"}],"curies":[{"name":"wp","href":"https:\/\/api.w.org\/{rel}","templated":true}]}}