{"id":2186,"date":"2026-02-03T16:12:57","date_gmt":"2026-02-03T15:12:57","guid":{"rendered":"https:\/\/www.everpharma.com\/fra\/?page_id=2186"},"modified":"2026-02-25T16:16:20","modified_gmt":"2026-02-25T15:16:20","slug":"ever-pharma-france","status":"publish","type":"page","link":"https:\/\/www.everpharma.com\/fra\/ever-pharma-france\/","title":{"rendered":"EVER Pharma France"},"content":{"rendered":"\n<div class=\"wp-block-cover is-light is-style-floating-overlay\"><img loading=\"lazy\" decoding=\"async\" width=\"910\" height=\"437\" class=\"wp-block-cover__image-background wp-image-846\" alt=\"\" src=\"https:\/\/www.everpharma.com\/fra\/wp-content\/uploads\/sites\/10\/2023\/05\/lyon.png\" style=\"object-position:50% 42%\" data-object-fit=\"cover\" data-object-position=\"50% 42%\" srcset=\"https:\/\/www.everpharma.com\/fra\/wp-content\/uploads\/sites\/10\/2023\/05\/lyon.png 910w, https:\/\/www.everpharma.com\/fra\/wp-content\/uploads\/sites\/10\/2023\/05\/lyon-300x144.png 300w, https:\/\/www.everpharma.com\/fra\/wp-content\/uploads\/sites\/10\/2023\/05\/lyon-768x369.png 768w\" sizes=\"auto, (max-width: 910px) 100vw, 910px\" \/><span aria-hidden=\"true\" class=\"wp-block-cover__background has-background-dim-0 has-background-dim\"><\/span><div class=\"wp-block-cover__inner-container is-layout-flow wp-block-cover-is-layout-flow\">\n<p class=\"has-text-align-center has-large-font-size\"><\/p>\n<\/div><\/div>\n\n\n\n<div style=\"height:26px\" aria-hidden=\"true\" class=\"wp-block-spacer\"><\/div>\n\n\n\n<div class=\"wp-block-columns is-layout-flex wp-container-core-columns-is-layout-9d6595d7 wp-block-columns-is-layout-flex\">\n<div class=\"wp-block-column is-layout-flow wp-block-column-is-layout-flow\" style=\"flex-basis:100%\">\n<p class=\"has-theme-red-color has-text-color\"><strong>EVER <mark style=\"background-color:#ffffff\" class=\"has-inline-color has-theme-gray-dark-color\">Pharma France, une pr\u00e9sence locale au service de la sant\u00e9.<\/mark><\/strong><\/p>\n<\/div>\n\n\n\n<div class=\"wp-block-column is-vertically-aligned-top is-layout-flow wp-block-column-is-layout-flow\"><\/div>\n\n\n\n<div class=\"wp-block-column is-layout-flow wp-block-column-is-layout-flow\"><\/div>\n\n\n\n<div class=\"wp-block-column is-layout-flow wp-block-column-is-layout-flow\" style=\"flex-basis:100%\">\n<p class=\"has-theme-red-color has-text-color\"><strong><mark style=\"background-color:#ffffff\" class=\"has-inline-color has-theme-gray-dark-color\"> Une \u00e9quipe engag\u00e9e et experte.<\/mark><\/strong><\/p>\n<\/div>\n<\/div>\n\n\n\n<div class=\"wp-block-columns p { text-align: justify; } is-layout-flex wp-container-core-columns-is-layout-9d6595d7 wp-block-columns-is-layout-flex\">\n<div class=\"wp-block-column is-layout-flow wp-block-column-is-layout-flow\" style=\"flex-basis:50%\">\n<p style=\"text-align: justify\">Filiale du groupe international <strong><mark class=\"has-inline-color has-theme-red-color\" style=\"background-color: #ffffff\">EVER<\/mark> Pharma<\/strong>, <strong><mark class=\"has-inline-color has-theme-red-color\" style=\"background-color: #ffffff\">EVER<\/mark> Pharma France <\/strong>op\u00e8re sur le march\u00e9 fran\u00e7ais depuis 2016.\u00a0<\/p>\n\n\n\n<p style=\"text-align: justify\">Son implantation \u00e0 Lyon marque la volont\u00e9 du groupe de renforcer sa pr\u00e9sence sur le march\u00e9 fran\u00e7ais en assurant la promotion, la distribution et le suivi r\u00e9glementaire de ses produits \u00e0 l\u2019\u00e9chelle nationale.<\/p>\n<\/div>\n\n\n\n<div class=\"wp-block-column is-layout-flow wp-block-column-is-layout-flow\" style=\"flex-basis:5%\"><\/div>\n\n\n\n<div class=\"wp-block-column is-layout-flow wp-block-column-is-layout-flow\" style=\"flex-basis:50%\">\n<p>L\u2019\u00e9quipe est compos\u00e9e de professionnels exp\u00e9riment\u00e9s dans les domaines de la promotion m\u00e9dicale, r\u00e9glementaire et commercial. Elle regroupe, au si\u00e8ge lyonnais, les fonctions cl\u00e9s : Direction, Affaires R\u00e9glementaires, March\u00e9s Publics, Relations Clients et Administration des ventes, Marketing &amp; Formation, Finance et Ressources Humaines.<\/p>\n\n\n\n<p>Sur le terrain, les responsables grands comptes sont r\u00e9partis en deux r\u00e9seaux : l\u2019un d\u00e9di\u00e9 \u00e0 la neurologie et \u00e0 l\u2019urologie, l\u2019autre sp\u00e9cialis\u00e9 dans les sp\u00e9cialit\u00e9s injectables.<\/p>\n<\/div>\n<\/div>\n\n\n\n<p class=\"has-text-align-center has-theme-white-color has-theme-red-background-color has-text-color has-background has-md-font-size\"><strong>NOTRE VOLONT\u00c9<\/strong><br>&#8211; &#8211; &#8211; &#8211;<br><strong>Am\u00e9liorer l\u2019observance des traitements, la facilit\u00e9 et la s\u00e9curit\u00e9 d\u2019utilisation<\/strong><br><strong>pour les patients, soignants et pr\u00e9parateurs.<\/strong><\/p>\n\n\n\n<div class=\"wp-block-columns is-layout-flex wp-container-core-columns-is-layout-9d6595d7 wp-block-columns-is-layout-flex\">\n<div class=\"wp-block-column is-layout-flow wp-block-column-is-layout-flow\" style=\"flex-basis:50%\">\n<h2 class=\"wp-block-heading is-style-section-title\">S\u00e9curit\u00e9 d&rsquo;approvisionnement<\/h2>\n<\/div>\n\n\n\n<div class=\"wp-block-column is-layout-flow wp-block-column-is-layout-flow\" style=\"flex-basis:5%\"><\/div>\n\n\n\n<div class=\"wp-block-column is-layout-flow wp-block-column-is-layout-flow\" style=\"flex-basis:50%\">\n<h2 class=\"wp-block-heading is-style-section-title\">Partenariats europ\u00e9ens<\/h2>\n<\/div>\n<\/div>\n\n\n\n<div class=\"wp-block-columns is-layout-flex wp-container-core-columns-is-layout-9d6595d7 wp-block-columns-is-layout-flex\">\n<div class=\"wp-block-column is-layout-flow wp-block-column-is-layout-flow\">\n<div class=\"wp-block-columns is-layout-flex wp-container-core-columns-is-layout-9d6595d7 wp-block-columns-is-layout-flex\">\n<div class=\"wp-block-column is-layout-flow wp-block-column-is-layout-flow\" style=\"flex-basis:50%\">\n<p>Le laboratoire se positionne comme un partenaire de confiance pour les \u00e9tablissements hospitaliers et cliniques en France.<\/p>\n\n\n\n<p class=\"has-theme-red-color has-text-color\" style=\"text-align: justify\"><strong>EVER <mark class=\"has-inline-color has-theme-copy-color\" style=\"background-color: #ffffff\">Pharma France <\/mark><\/strong><mark class=\"has-inline-color has-theme-copy-color\" style=\"background-color: #ffffff\">maintient des stocks de s\u00e9curit\u00e9 en France et au niveau europ\u00e9en afin d\u2019anticiper toute hausse de la demande.<\/mark><\/p>\n\n\n\n<p class=\"has-theme-red-color has-text-color\"><strong>EVER <\/strong><mark style=\"background-color:#ffffff\" class=\"has-inline-color has-theme-copy-color\"><strong>Pharma<\/strong> travaille avec deux fournisseurs de mati\u00e8res premi\u00e8res pour la majorit\u00e9 de ses dossiers d\u2019AMM.<\/mark><\/p>\n\n\n\n<p style=\"text-align: justify\">Enfin, nous adh\u00e9rons au syst\u00e8me Hospistock pour plus de transparence sur nos stocks.<\/p>\n<\/div>\n\n\n\n<div class=\"wp-block-column is-layout-flow wp-block-column-is-layout-flow\" style=\"flex-basis:5%\"><\/div>\n\n\n\n<div class=\"wp-block-column is-layout-flow wp-block-column-is-layout-flow\" style=\"flex-basis:50%\">\n<p style=\"text-align: justify\">En plus de la commercialisation des produits fabriqu\u00e9s au sein du groupe, <strong><mark class=\"has-inline-color has-theme-red-color\" style=\"background-color: #ffffff\">EVER<\/mark> Pharma<\/strong> <strong>France<\/strong> noue des partenariats strat\u00e9giques en Europe avec des entreprises partageant la m\u00eame vision et les m\u00eames valeurs.<\/p>\n\n\n\n<p>Cette dynamique permet d\u2019enrichir continuellement le portefeuille et de proposer aux \u00e9tablissements fran\u00e7ais une offre diversifi\u00e9e et compl\u00e8te.<\/p>\n<\/div>\n<\/div>\n<\/div>\n<\/div>\n\n\n\n<p><\/p>\n","protected":false},"excerpt":{"rendered":"<p>EVER Pharma France, une pr\u00e9sence locale au service de la sant\u00e9. Une \u00e9quipe engag\u00e9e et experte. Filiale du groupe international EVER Pharma, EVER Pharma France op\u00e8re sur le march\u00e9 fran\u00e7ais depuis 2016.\u00a0 Son implantation \u00e0 Lyon marque la volont\u00e9 du groupe de renforcer sa pr\u00e9sence sur le march\u00e9 fran\u00e7ais en assurant la promotion, la distribution &hellip; <a href=\"https:\/\/www.everpharma.com\/fra\/ever-pharma-france\/\">Continued<\/a><\/p>\n","protected":false},"author":13,"featured_media":0,"parent":0,"menu_order":2,"comment_status":"closed","ping_status":"closed","template":"","meta":{"_acf_changed":false,"footnotes":""},"class_list":["post-2186","page","type-page","status-publish","hentry"],"yoast_head":"<!-- This site is optimized with the Yoast SEO plugin v27.0 - https:\/\/yoast.com\/product\/yoast-seo-wordpress\/ -->\n<title>EVER Pharma France<\/title>\n<meta name=\"description\" content=\"Depuis sa cr\u00e9ation, EVER Pharma France commercialise une large gamme de m\u00e9dicaments et des dispositifs m\u00e9dicaux associ\u00e9s \u00e0 ses sp\u00e9cialit\u00e9s.\" \/>\n<meta name=\"robots\" content=\"index, follow, max-snippet:-1, max-image-preview:large, max-video-preview:-1\" \/>\n<link rel=\"canonical\" href=\"https:\/\/www.everpharma.com\/fra\/ever-pharma-france\/\" \/>\n<meta property=\"og:locale\" content=\"fr_FR\" \/>\n<meta property=\"og:type\" content=\"article\" \/>\n<meta property=\"og:title\" content=\"EVER Pharma France\" \/>\n<meta property=\"og:description\" content=\"Depuis sa cr\u00e9ation, EVER Pharma France commercialise une large gamme de m\u00e9dicaments et des dispositifs m\u00e9dicaux associ\u00e9s \u00e0 ses sp\u00e9cialit\u00e9s.\" \/>\n<meta property=\"og:url\" content=\"https:\/\/www.everpharma.com\/fra\/ever-pharma-france\/\" \/>\n<meta property=\"og:site_name\" content=\"EVER Pharma France\" \/>\n<meta property=\"article:modified_time\" content=\"2026-02-25T15:16:20+00:00\" \/>\n<meta property=\"og:image\" content=\"https:\/\/www.everpharma.com\/fra\/wp-content\/uploads\/sites\/10\/2023\/05\/lyon.png\" \/>\n\t<meta property=\"og:image:width\" content=\"910\" \/>\n\t<meta property=\"og:image:height\" content=\"437\" \/>\n\t<meta property=\"og:image:type\" content=\"image\/png\" \/>\n<meta name=\"twitter:card\" content=\"summary_large_image\" \/>\n<meta name=\"twitter:label1\" content=\"Dur\u00e9e de lecture estim\u00e9e\" \/>\n\t<meta name=\"twitter:data1\" content=\"2 minutes\" \/>\n<script type=\"application\/ld+json\" class=\"yoast-schema-graph\">{\"@context\":\"https:\/\/schema.org\",\"@graph\":[{\"@type\":\"WebPage\",\"@id\":\"https:\/\/www.everpharma.com\/fra\/ever-pharma-france\/\",\"url\":\"https:\/\/www.everpharma.com\/fra\/ever-pharma-france\/\",\"name\":\"EVER Pharma France\",\"isPartOf\":{\"@id\":\"https:\/\/www.everpharma.com\/fra\/en\/#website\"},\"primaryImageOfPage\":{\"@id\":\"https:\/\/www.everpharma.com\/fra\/ever-pharma-france\/#primaryimage\"},\"image\":{\"@id\":\"https:\/\/www.everpharma.com\/fra\/ever-pharma-france\/#primaryimage\"},\"thumbnailUrl\":\"https:\/\/www.everpharma.com\/fra\/wp-content\/uploads\/sites\/10\/2023\/05\/lyon.png\",\"datePublished\":\"2026-02-03T15:12:57+00:00\",\"dateModified\":\"2026-02-25T15:16:20+00:00\",\"description\":\"Depuis sa cr\u00e9ation, EVER Pharma France commercialise une large gamme de m\u00e9dicaments et des dispositifs m\u00e9dicaux associ\u00e9s \u00e0 ses sp\u00e9cialit\u00e9s.\",\"breadcrumb\":{\"@id\":\"https:\/\/www.everpharma.com\/fra\/ever-pharma-france\/#breadcrumb\"},\"inLanguage\":\"fr-FR\",\"potentialAction\":[{\"@type\":\"ReadAction\",\"target\":[\"https:\/\/www.everpharma.com\/fra\/ever-pharma-france\/\"]}]},{\"@type\":\"ImageObject\",\"inLanguage\":\"fr-FR\",\"@id\":\"https:\/\/www.everpharma.com\/fra\/ever-pharma-france\/#primaryimage\",\"url\":\"https:\/\/www.everpharma.com\/fra\/wp-content\/uploads\/sites\/10\/2023\/05\/lyon.png\",\"contentUrl\":\"https:\/\/www.everpharma.com\/fra\/wp-content\/uploads\/sites\/10\/2023\/05\/lyon.png\",\"width\":910,\"height\":437},{\"@type\":\"BreadcrumbList\",\"@id\":\"https:\/\/www.everpharma.com\/fra\/ever-pharma-france\/#breadcrumb\",\"itemListElement\":[{\"@type\":\"ListItem\",\"position\":1,\"name\":\"Startseite\",\"item\":\"https:\/\/www.everpharma.com\/fra\/\"},{\"@type\":\"ListItem\",\"position\":2,\"name\":\"EVER Pharma France\"}]},{\"@type\":\"WebSite\",\"@id\":\"https:\/\/www.everpharma.com\/fra\/en\/#website\",\"url\":\"https:\/\/www.everpharma.com\/fra\/en\/\",\"name\":\"EVER Pharma France\",\"description\":\"Eine weitere EVER Pharma Network Website\",\"potentialAction\":[{\"@type\":\"SearchAction\",\"target\":{\"@type\":\"EntryPoint\",\"urlTemplate\":\"https:\/\/www.everpharma.com\/fra\/en\/?s={search_term_string}\"},\"query-input\":{\"@type\":\"PropertyValueSpecification\",\"valueRequired\":true,\"valueName\":\"search_term_string\"}}],\"inLanguage\":\"fr-FR\"}]}<\/script>\n<!-- \/ Yoast SEO plugin. -->","yoast_head_json":{"title":"EVER Pharma France","description":"Depuis sa cr\u00e9ation, EVER Pharma France commercialise une large gamme de m\u00e9dicaments et des dispositifs m\u00e9dicaux associ\u00e9s \u00e0 ses sp\u00e9cialit\u00e9s.","robots":{"index":"index","follow":"follow","max-snippet":"max-snippet:-1","max-image-preview":"max-image-preview:large","max-video-preview":"max-video-preview:-1"},"canonical":"https:\/\/www.everpharma.com\/fra\/ever-pharma-france\/","og_locale":"fr_FR","og_type":"article","og_title":"EVER Pharma France","og_description":"Depuis sa cr\u00e9ation, EVER Pharma France commercialise une large gamme de m\u00e9dicaments et des dispositifs m\u00e9dicaux associ\u00e9s \u00e0 ses sp\u00e9cialit\u00e9s.","og_url":"https:\/\/www.everpharma.com\/fra\/ever-pharma-france\/","og_site_name":"EVER Pharma France","article_modified_time":"2026-02-25T15:16:20+00:00","og_image":[{"width":910,"height":437,"url":"https:\/\/www.everpharma.com\/fra\/wp-content\/uploads\/sites\/10\/2023\/05\/lyon.png","type":"image\/png"}],"twitter_card":"summary_large_image","twitter_misc":{"Dur\u00e9e de lecture estim\u00e9e":"2 minutes"},"schema":{"@context":"https:\/\/schema.org","@graph":[{"@type":"WebPage","@id":"https:\/\/www.everpharma.com\/fra\/ever-pharma-france\/","url":"https:\/\/www.everpharma.com\/fra\/ever-pharma-france\/","name":"EVER Pharma France","isPartOf":{"@id":"https:\/\/www.everpharma.com\/fra\/en\/#website"},"primaryImageOfPage":{"@id":"https:\/\/www.everpharma.com\/fra\/ever-pharma-france\/#primaryimage"},"image":{"@id":"https:\/\/www.everpharma.com\/fra\/ever-pharma-france\/#primaryimage"},"thumbnailUrl":"https:\/\/www.everpharma.com\/fra\/wp-content\/uploads\/sites\/10\/2023\/05\/lyon.png","datePublished":"2026-02-03T15:12:57+00:00","dateModified":"2026-02-25T15:16:20+00:00","description":"Depuis sa cr\u00e9ation, EVER Pharma France commercialise une large gamme de m\u00e9dicaments et des dispositifs m\u00e9dicaux associ\u00e9s \u00e0 ses sp\u00e9cialit\u00e9s.","breadcrumb":{"@id":"https:\/\/www.everpharma.com\/fra\/ever-pharma-france\/#breadcrumb"},"inLanguage":"fr-FR","potentialAction":[{"@type":"ReadAction","target":["https:\/\/www.everpharma.com\/fra\/ever-pharma-france\/"]}]},{"@type":"ImageObject","inLanguage":"fr-FR","@id":"https:\/\/www.everpharma.com\/fra\/ever-pharma-france\/#primaryimage","url":"https:\/\/www.everpharma.com\/fra\/wp-content\/uploads\/sites\/10\/2023\/05\/lyon.png","contentUrl":"https:\/\/www.everpharma.com\/fra\/wp-content\/uploads\/sites\/10\/2023\/05\/lyon.png","width":910,"height":437},{"@type":"BreadcrumbList","@id":"https:\/\/www.everpharma.com\/fra\/ever-pharma-france\/#breadcrumb","itemListElement":[{"@type":"ListItem","position":1,"name":"Startseite","item":"https:\/\/www.everpharma.com\/fra\/"},{"@type":"ListItem","position":2,"name":"EVER Pharma France"}]},{"@type":"WebSite","@id":"https:\/\/www.everpharma.com\/fra\/en\/#website","url":"https:\/\/www.everpharma.com\/fra\/en\/","name":"EVER Pharma France","description":"Eine weitere EVER Pharma Network Website","potentialAction":[{"@type":"SearchAction","target":{"@type":"EntryPoint","urlTemplate":"https:\/\/www.everpharma.com\/fra\/en\/?s={search_term_string}"},"query-input":{"@type":"PropertyValueSpecification","valueRequired":true,"valueName":"search_term_string"}}],"inLanguage":"fr-FR"}]}},"acf":[],"_links":{"self":[{"href":"https:\/\/www.everpharma.com\/fra\/wp-json\/wp\/v2\/pages\/2186","targetHints":{"allow":["GET"]}}],"collection":[{"href":"https:\/\/www.everpharma.com\/fra\/wp-json\/wp\/v2\/pages"}],"about":[{"href":"https:\/\/www.everpharma.com\/fra\/wp-json\/wp\/v2\/types\/page"}],"author":[{"embeddable":true,"href":"https:\/\/www.everpharma.com\/fra\/wp-json\/wp\/v2\/users\/13"}],"replies":[{"embeddable":true,"href":"https:\/\/www.everpharma.com\/fra\/wp-json\/wp\/v2\/comments?post=2186"}],"version-history":[{"count":10,"href":"https:\/\/www.everpharma.com\/fra\/wp-json\/wp\/v2\/pages\/2186\/revisions"}],"predecessor-version":[{"id":2231,"href":"https:\/\/www.everpharma.com\/fra\/wp-json\/wp\/v2\/pages\/2186\/revisions\/2231"}],"wp:attachment":[{"href":"https:\/\/www.everpharma.com\/fra\/wp-json\/wp\/v2\/media?parent=2186"}],"curies":[{"name":"wp","href":"https:\/\/api.w.org\/{rel}","templated":true}]}}