{"id":633,"date":"2024-06-27T14:25:57","date_gmt":"2024-06-27T12:25:57","guid":{"rendered":"https:\/\/www.everpharma.com\/esp\/?post_type=product&#038;p=633"},"modified":"2024-11-25T17:31:42","modified_gmt":"2024-11-25T16:31:42","slug":"servator-c","status":"publish","type":"product","link":"https:\/\/www.everpharma.com\/esp\/products\/servator-c\/","title":{"rendered":"Servator C"},"content":{"rendered":"\n<div class=\"wp-block-group meta\"><div class=\"wp-block-group__inner-container is-layout-flow wp-block-group-is-layout-flow\">\n<div class=\"wp-block-columns is-layout-flex wp-container-core-columns-is-layout-9d6595d7 wp-block-columns-is-layout-flex\">\n<div class=\"wp-block-column is-layout-flow wp-block-column-is-layout-flow\">\n<div class=\"wp-block-group\"><div class=\"wp-block-group__inner-container is-layout-flow wp-block-group-is-layout-flow\">\n<div class=\"wp-block-group\"><div class=\"wp-block-group__inner-container is-layout-constrained wp-block-group-is-layout-constrained\">\n<div class=\"wp-block-columns is-layout-flex wp-container-core-columns-is-layout-9d6595d7 wp-block-columns-is-layout-flex\">\n<div class=\"wp-block-column is-layout-flow wp-block-column-is-layout-flow\" style=\"flex-basis:100%\">\n<div class=\"wp-block-columns is-layout-flex wp-container-core-columns-is-layout-9d6595d7 wp-block-columns-is-layout-flex\">\n<div class=\"wp-block-column is-layout-flow wp-block-column-is-layout-flow\" style=\"flex-basis:100%\">\n<div class=\"wp-block-group\"><div class=\"wp-block-group__inner-container is-layout-constrained wp-block-group-is-layout-constrained\">\n<figure class=\"wp-block-table is-style-regular\"><table><tbody><tr><td><strong>Forma farmac\u00e9utica<\/strong><\/td><td>Soluci\u00f3n apir\u00f3gena est\u00e9ril para lavado y conservaci\u00f3n de \u00f3rganos no inyectable<\/td><\/tr><tr><td><strong>Clase <\/strong><\/td><td>Soluci\u00f3n est\u00e9ril y libre de pir\u00f3genos para la conservaci\u00f3n de \u00f3rganos.<\/td><\/tr><tr><td><strong>Indic       aci\u00f3n<\/strong><\/td><td>La soluci\u00f3n est\u00e1 indicada para el lavado y conservaci\u00f3n hipot\u00e9rmica de los \u00f3rganos tor\u00e1cicos (coraz\u00f3n y pulm\u00f3n) y de \u00f3rganos abdominales (ri\u00f1\u00f3n, h\u00edgado, p\u00e1ncreas) durante el trasplante. La soluci\u00f3n a una temperatura de 2\u00b0C  a 8\u00b0C (36\u00b0F-46\u00b0F) para cubrir el \u00f3rgano aislado inmediatamente antes o inmediatamente despu\u00e9s el explante del donante fallecido o inmediatamente despu\u00e9s del explante del donante vivo. La soluci\u00f3n es entonces quedan en los vasos de los \u00f3rganos durante el almacenamiento y transporte hipot\u00e9rmico. La soluci\u00f3n debe usarse para la conservaci\u00f3n en fr\u00edo del \u00f3rgano y no est\u00e1 indicado para la conservaci\u00f3n hipot\u00e9rmica con perfusi\u00f3n mec\u00e1nica continua. <br>Usar la soluci\u00f3n a la temperatura recomendada permite el enfriamiento del \u00f3rgano de manera efectiva. El dispositivo s\u00f3lo puede ser utilizado por personal m\u00e9dico adecuadamente capacitado para su uso seg\u00fan protocolos operativos establecidos. No filtre la soluci\u00f3n antes de usarla (la soluci\u00f3n se filtr\u00f3 a 0,2 micras durante la fase de producci\u00f3n).<\/td><\/tr><\/tbody><\/table><\/figure>\n<\/div><\/div>\n<\/div>\n<\/div>\n<\/div>\n<\/div>\n<\/div><\/div>\n<\/div><\/div>\n<\/div>\n<\/div>\n<\/div><\/div>\n\n\n\n<figure class=\"wp-block-gallery alignleft has-nested-images columns-default is-cropped wp-block-gallery-2 is-layout-flex wp-block-gallery-is-layout-flex\">\n<figure class=\"wp-block-image size-large\"><img loading=\"lazy\" decoding=\"async\" width=\"437\" height=\"1024\" data-id=\"697\" src=\"https:\/\/www.everpharma.com\/esp\/wp-content\/uploads\/sites\/6\/2024\/05\/Servator-C-1-437x1024.png\" alt=\"\" class=\"wp-image-697\" srcset=\"https:\/\/www.everpharma.com\/esp\/wp-content\/uploads\/sites\/6\/2024\/05\/Servator-C-1-437x1024.png 437w, https:\/\/www.everpharma.com\/esp\/wp-content\/uploads\/sites\/6\/2024\/05\/Servator-C-1-128x300.png 128w, https:\/\/www.everpharma.com\/esp\/wp-content\/uploads\/sites\/6\/2024\/05\/Servator-C-1.png 538w\" sizes=\"auto, (max-width: 437px) 100vw, 437px\" \/><\/figure>\n<\/figure>\n\n\n\n<div style=\"height:50px\" aria-hidden=\"true\" class=\"wp-block-spacer\"><\/div>\n\n\n\n<a class=\"wp-block-wpco-wrapper wp-block-link-wrapper\" href=\"\" target=\"_self\" rel=\"noopener\"><div class=\"wp-block-link-wrapper__inner-container\">\n<p><\/p>\n<\/div><\/a>\n\n\n\n<div data-wp-interactive=\"core\/file\" class=\"wp-block-file\"><object data-wp-bind--hidden=\"!state.hasPdfPreview\" hidden class=\"wp-block-file__embed\" data=\"https:\/\/www.everpharma.com\/esp\/wp-content\/uploads\/sites\/6\/2024\/06\/Ficha-Tecnica-2.pdf\" type=\"application\/pdf\" style=\"width:100%;height:600px\" aria-label=\"Embed of Ficha T\u00e9cnica.\"><\/object><a id=\"wp-block-file--media-1e8ced2f-40e1-4223-9fe6-25d91e05b8cb\" href=\"https:\/\/www.everpharma.com\/esp\/wp-content\/uploads\/sites\/6\/2024\/06\/Ficha-Tecnica-2.pdf\">Ficha T\u00e9cnica<\/a><a href=\"https:\/\/www.everpharma.com\/esp\/wp-content\/uploads\/sites\/6\/2024\/06\/Ficha-Tecnica-2.pdf\" class=\"wp-block-file__button wp-element-button\" download aria-describedby=\"wp-block-file--media-1e8ced2f-40e1-4223-9fe6-25d91e05b8cb\">Download<\/a><\/div>\n\n\n\n<p class=\"has-base-font-size\"><\/p>\n\n\n\n<div style=\"height:100px\" aria-hidden=\"true\" class=\"wp-block-spacer\"><\/div>\n","protected":false},"excerpt":{"rendered":"<p>Forma farmac\u00e9utica Soluci\u00f3n apir\u00f3gena est\u00e9ril para lavado y conservaci\u00f3n de \u00f3rganos no inyectable Clase Soluci\u00f3n est\u00e9ril y libre de pir\u00f3genos para la conservaci\u00f3n de \u00f3rganos. Indic aci\u00f3n La soluci\u00f3n est\u00e1 indicada para el lavado y conservaci\u00f3n hipot\u00e9rmica de los \u00f3rganos tor\u00e1cicos (coraz\u00f3n y pulm\u00f3n) y de \u00f3rganos abdominales (ri\u00f1\u00f3n, h\u00edgado, p\u00e1ncreas) durante el trasplante. La &hellip; <a href=\"https:\/\/www.everpharma.com\/esp\/products\/servator-c\/\">Continued<\/a><\/p>\n","protected":false},"featured_media":0,"template":"","class_list":["post-633","product","type-product","status-publish","hentry"],"yoast_head":"<!-- This site is optimized with the Yoast SEO plugin v27.4 - https:\/\/yoast.com\/product\/yoast-seo-wordpress\/ -->\n<title>Servator C - EVER Pharma Spain<\/title>\n<meta name=\"robots\" content=\"index, follow, max-snippet:-1, max-image-preview:large, max-video-preview:-1\" \/>\n<link rel=\"canonical\" href=\"https:\/\/www.everpharma.com\/esp\/products\/servator-c\/\" \/>\n<meta property=\"og:locale\" content=\"es_ES\" \/>\n<meta property=\"og:type\" content=\"article\" \/>\n<meta property=\"og:title\" content=\"Servator C - EVER Pharma Spain\" \/>\n<meta property=\"og:description\" content=\"Forma farmac\u00e9utica Soluci\u00f3n apir\u00f3gena est\u00e9ril para lavado y conservaci\u00f3n de \u00f3rganos no inyectable Clase Soluci\u00f3n est\u00e9ril y libre de pir\u00f3genos para la conservaci\u00f3n de \u00f3rganos. Indic aci\u00f3n La soluci\u00f3n est\u00e1 indicada para el lavado y conservaci\u00f3n hipot\u00e9rmica de los \u00f3rganos tor\u00e1cicos (coraz\u00f3n y pulm\u00f3n) y de \u00f3rganos abdominales (ri\u00f1\u00f3n, h\u00edgado, p\u00e1ncreas) durante el trasplante. La &hellip; Continued\" \/>\n<meta property=\"og:url\" content=\"https:\/\/www.everpharma.com\/esp\/products\/servator-c\/\" \/>\n<meta property=\"og:site_name\" content=\"EVER Pharma Spain\" \/>\n<meta property=\"article:modified_time\" content=\"2024-11-25T16:31:42+00:00\" \/>\n<meta property=\"og:image\" content=\"https:\/\/www.everpharma.com\/esp\/wp-content\/uploads\/sites\/6\/2024\/05\/Servator-C-1.png\" \/>\n\t<meta property=\"og:image:width\" content=\"538\" \/>\n\t<meta property=\"og:image:height\" content=\"1262\" \/>\n\t<meta property=\"og:image:type\" content=\"image\/png\" \/>\n<meta name=\"twitter:card\" content=\"summary_large_image\" \/>\n<meta name=\"twitter:label1\" content=\"Est. reading time\" \/>\n\t<meta name=\"twitter:data1\" content=\"1 minute\" \/>\n<script type=\"application\/ld+json\" class=\"yoast-schema-graph\">{\"@context\":\"https:\\\/\\\/schema.org\",\"@graph\":[{\"@type\":\"WebPage\",\"@id\":\"https:\\\/\\\/www.everpharma.com\\\/esp\\\/products\\\/servator-c\\\/\",\"url\":\"https:\\\/\\\/www.everpharma.com\\\/esp\\\/products\\\/servator-c\\\/\",\"name\":\"Servator C - EVER Pharma Spain\",\"isPartOf\":{\"@id\":\"https:\\\/\\\/www.everpharma.com\\\/esp\\\/#website\"},\"primaryImageOfPage\":{\"@id\":\"https:\\\/\\\/www.everpharma.com\\\/esp\\\/products\\\/servator-c\\\/#primaryimage\"},\"image\":{\"@id\":\"https:\\\/\\\/www.everpharma.com\\\/esp\\\/products\\\/servator-c\\\/#primaryimage\"},\"thumbnailUrl\":\"https:\\\/\\\/www.everpharma.com\\\/esp\\\/wp-content\\\/uploads\\\/sites\\\/6\\\/2024\\\/05\\\/Servator-C-1-437x1024.png\",\"datePublished\":\"2024-06-27T12:25:57+00:00\",\"dateModified\":\"2024-11-25T16:31:42+00:00\",\"breadcrumb\":{\"@id\":\"https:\\\/\\\/www.everpharma.com\\\/esp\\\/products\\\/servator-c\\\/#breadcrumb\"},\"inLanguage\":\"es-ES\",\"potentialAction\":[{\"@type\":\"ReadAction\",\"target\":[\"https:\\\/\\\/www.everpharma.com\\\/esp\\\/products\\\/servator-c\\\/\"]}]},{\"@type\":\"ImageObject\",\"inLanguage\":\"es-ES\",\"@id\":\"https:\\\/\\\/www.everpharma.com\\\/esp\\\/products\\\/servator-c\\\/#primaryimage\",\"url\":\"https:\\\/\\\/www.everpharma.com\\\/esp\\\/wp-content\\\/uploads\\\/sites\\\/6\\\/2024\\\/05\\\/Servator-C-1.png\",\"contentUrl\":\"https:\\\/\\\/www.everpharma.com\\\/esp\\\/wp-content\\\/uploads\\\/sites\\\/6\\\/2024\\\/05\\\/Servator-C-1.png\",\"width\":538,\"height\":1262},{\"@type\":\"BreadcrumbList\",\"@id\":\"https:\\\/\\\/www.everpharma.com\\\/esp\\\/products\\\/servator-c\\\/#breadcrumb\",\"itemListElement\":[{\"@type\":\"ListItem\",\"position\":1,\"name\":\"Startseite\",\"item\":\"https:\\\/\\\/www.everpharma.com\\\/esp\\\/\"},{\"@type\":\"ListItem\",\"position\":2,\"name\":\"Products\",\"item\":\"https:\\\/\\\/www.everpharma.com\\\/esp\\\/products\\\/\"},{\"@type\":\"ListItem\",\"position\":3,\"name\":\"Servator C\"}]},{\"@type\":\"WebSite\",\"@id\":\"https:\\\/\\\/www.everpharma.com\\\/esp\\\/#website\",\"url\":\"https:\\\/\\\/www.everpharma.com\\\/esp\\\/\",\"name\":\"EVER Pharma Spain\",\"description\":\"Dedicated to Health.\",\"potentialAction\":[{\"@type\":\"SearchAction\",\"target\":{\"@type\":\"EntryPoint\",\"urlTemplate\":\"https:\\\/\\\/www.everpharma.com\\\/esp\\\/?s={search_term_string}\"},\"query-input\":{\"@type\":\"PropertyValueSpecification\",\"valueRequired\":true,\"valueName\":\"search_term_string\"}}],\"inLanguage\":\"es-ES\"}]}<\/script>\n<!-- \/ Yoast SEO plugin. -->","yoast_head_json":{"title":"Servator C - EVER Pharma Spain","robots":{"index":"index","follow":"follow","max-snippet":"max-snippet:-1","max-image-preview":"max-image-preview:large","max-video-preview":"max-video-preview:-1"},"canonical":"https:\/\/www.everpharma.com\/esp\/products\/servator-c\/","og_locale":"es_ES","og_type":"article","og_title":"Servator C - EVER Pharma Spain","og_description":"Forma farmac\u00e9utica Soluci\u00f3n apir\u00f3gena est\u00e9ril para lavado y conservaci\u00f3n de \u00f3rganos no inyectable Clase Soluci\u00f3n est\u00e9ril y libre de pir\u00f3genos para la conservaci\u00f3n de \u00f3rganos. Indic aci\u00f3n La soluci\u00f3n est\u00e1 indicada para el lavado y conservaci\u00f3n hipot\u00e9rmica de los \u00f3rganos tor\u00e1cicos (coraz\u00f3n y pulm\u00f3n) y de \u00f3rganos abdominales (ri\u00f1\u00f3n, h\u00edgado, p\u00e1ncreas) durante el trasplante. La &hellip; Continued","og_url":"https:\/\/www.everpharma.com\/esp\/products\/servator-c\/","og_site_name":"EVER Pharma Spain","article_modified_time":"2024-11-25T16:31:42+00:00","og_image":[{"width":538,"height":1262,"url":"https:\/\/www.everpharma.com\/esp\/wp-content\/uploads\/sites\/6\/2024\/05\/Servator-C-1.png","type":"image\/png"}],"twitter_card":"summary_large_image","twitter_misc":{"Est. reading time":"1 minute"},"schema":{"@context":"https:\/\/schema.org","@graph":[{"@type":"WebPage","@id":"https:\/\/www.everpharma.com\/esp\/products\/servator-c\/","url":"https:\/\/www.everpharma.com\/esp\/products\/servator-c\/","name":"Servator C - EVER Pharma Spain","isPartOf":{"@id":"https:\/\/www.everpharma.com\/esp\/#website"},"primaryImageOfPage":{"@id":"https:\/\/www.everpharma.com\/esp\/products\/servator-c\/#primaryimage"},"image":{"@id":"https:\/\/www.everpharma.com\/esp\/products\/servator-c\/#primaryimage"},"thumbnailUrl":"https:\/\/www.everpharma.com\/esp\/wp-content\/uploads\/sites\/6\/2024\/05\/Servator-C-1-437x1024.png","datePublished":"2024-06-27T12:25:57+00:00","dateModified":"2024-11-25T16:31:42+00:00","breadcrumb":{"@id":"https:\/\/www.everpharma.com\/esp\/products\/servator-c\/#breadcrumb"},"inLanguage":"es-ES","potentialAction":[{"@type":"ReadAction","target":["https:\/\/www.everpharma.com\/esp\/products\/servator-c\/"]}]},{"@type":"ImageObject","inLanguage":"es-ES","@id":"https:\/\/www.everpharma.com\/esp\/products\/servator-c\/#primaryimage","url":"https:\/\/www.everpharma.com\/esp\/wp-content\/uploads\/sites\/6\/2024\/05\/Servator-C-1.png","contentUrl":"https:\/\/www.everpharma.com\/esp\/wp-content\/uploads\/sites\/6\/2024\/05\/Servator-C-1.png","width":538,"height":1262},{"@type":"BreadcrumbList","@id":"https:\/\/www.everpharma.com\/esp\/products\/servator-c\/#breadcrumb","itemListElement":[{"@type":"ListItem","position":1,"name":"Startseite","item":"https:\/\/www.everpharma.com\/esp\/"},{"@type":"ListItem","position":2,"name":"Products","item":"https:\/\/www.everpharma.com\/esp\/products\/"},{"@type":"ListItem","position":3,"name":"Servator C"}]},{"@type":"WebSite","@id":"https:\/\/www.everpharma.com\/esp\/#website","url":"https:\/\/www.everpharma.com\/esp\/","name":"EVER Pharma Spain","description":"Dedicated to Health.","potentialAction":[{"@type":"SearchAction","target":{"@type":"EntryPoint","urlTemplate":"https:\/\/www.everpharma.com\/esp\/?s={search_term_string}"},"query-input":{"@type":"PropertyValueSpecification","valueRequired":true,"valueName":"search_term_string"}}],"inLanguage":"es-ES"}]}},"_links":{"self":[{"href":"https:\/\/www.everpharma.com\/esp\/wp-json\/wp\/v2\/product\/633","targetHints":{"allow":["GET"]}}],"collection":[{"href":"https:\/\/www.everpharma.com\/esp\/wp-json\/wp\/v2\/product"}],"about":[{"href":"https:\/\/www.everpharma.com\/esp\/wp-json\/wp\/v2\/types\/product"}],"wp:attachment":[{"href":"https:\/\/www.everpharma.com\/esp\/wp-json\/wp\/v2\/media?parent=633"}],"curies":[{"name":"wp","href":"https:\/\/api.w.org\/{rel}","templated":true}]}}