{"id":585,"date":"2024-07-01T12:10:24","date_gmt":"2024-07-01T10:10:24","guid":{"rendered":"https:\/\/www.everpharma.com\/esp\/?post_type=product&#038;p=585"},"modified":"2024-07-01T12:10:24","modified_gmt":"2024-07-01T10:10:24","slug":"terlipresina","status":"publish","type":"product","link":"https:\/\/www.everpharma.com\/esp\/products\/terlipresina\/","title":{"rendered":"Terlipresina"},"content":{"rendered":"\n<div class=\"wp-block-group meta\"><div class=\"wp-block-group__inner-container is-layout-flow wp-block-group-is-layout-flow\">\n<div class=\"wp-block-columns is-layout-flex wp-container-core-columns-is-layout-9d6595d7 wp-block-columns-is-layout-flex\">\n<div class=\"wp-block-column is-layout-flow wp-block-column-is-layout-flow\">\n<figure class=\"wp-block-table\"><table><tbody><tr><td><strong>Forma farmac\u00e9utica<\/strong><\/td><td>Inyectable intravenoso<\/td><\/tr><tr><td><strong>D\u00f3sis<\/strong><\/td><td>0.2 mg\/ml<\/td><\/tr><tr><td><strong>D\u00f3sis por unidad<\/strong><\/td><td>1 mg\/5 ml<\/td><\/tr><tr><td><strong>C\u00f3digo ATC<\/strong><\/td><td>H01BA04<\/td><\/tr><tr><td><strong>Clase Medicamento<\/strong><\/td><td>Hormonas del l\u00f3bulo posterior de la hip\u00f3fisis, vasopresina y an\u00e1logos.<\/td><\/tr><tr><td><strong>Indicaci\u00f3n<\/strong><\/td><td>Tratamiento de las varices esof\u00e1gicas sangrantes.<br>Tratamiento de urgencia del s\u00edndrome hepatorrenal de tipo 1, definido seg\u00fan el criterio del CIA. (Club<br>Internacional de Ascitis).<\/td><\/tr><\/tbody><\/table><\/figure>\n<\/div>\n<\/div>\n<\/div><\/div>\n\n\n\n<figure class=\"wp-block-gallery has-nested-images columns-default is-cropped wp-block-gallery-1 is-layout-flex wp-block-gallery-is-layout-flex\">\n<figure class=\"wp-block-image size-full\"><img loading=\"lazy\" decoding=\"async\" width=\"1200\" height=\"1200\" data-id=\"586\" src=\"https:\/\/www.everpharma.com\/esp\/wp-content\/uploads\/sites\/6\/2024\/03\/9-Terlipresina.jpg\" alt=\"\" class=\"wp-image-586\" srcset=\"https:\/\/www.everpharma.com\/esp\/wp-content\/uploads\/sites\/6\/2024\/03\/9-Terlipresina.jpg 1200w, https:\/\/www.everpharma.com\/esp\/wp-content\/uploads\/sites\/6\/2024\/03\/9-Terlipresina-300x300.jpg 300w, https:\/\/www.everpharma.com\/esp\/wp-content\/uploads\/sites\/6\/2024\/03\/9-Terlipresina-1024x1024.jpg 1024w, https:\/\/www.everpharma.com\/esp\/wp-content\/uploads\/sites\/6\/2024\/03\/9-Terlipresina-150x150.jpg 150w, https:\/\/www.everpharma.com\/esp\/wp-content\/uploads\/sites\/6\/2024\/03\/9-Terlipresina-768x768.jpg 768w\" sizes=\"auto, (max-width: 1200px) 100vw, 1200px\" \/><\/figure>\n<\/figure>\n\n\n\n<div style=\"height:50px\" aria-hidden=\"true\" class=\"wp-block-spacer\"><\/div>\n\n\n\n<p><em>La informaci\u00f3n detallada y actualizada de este medicamento est\u00e1 disponible en la p\u00e1gina Web de la Agencia Espa\u00f1ola de Medicamentos y Productos Sanitarios (AEMPS) http:\/\/www.aemps.gob.es\/<\/em><\/p>\n\n\n\n<p><\/p>\n\n\n\n<p class=\"has-base-font-size\"><\/p>\n\n\n\n<div style=\"height:100px\" aria-hidden=\"true\" class=\"wp-block-spacer\"><\/div>\n","protected":false},"excerpt":{"rendered":"<p>Forma farmac\u00e9utica Inyectable intravenoso D\u00f3sis 0.2 mg\/ml D\u00f3sis por unidad 1 mg\/5 ml C\u00f3digo ATC H01BA04 Clase Medicamento Hormonas del l\u00f3bulo posterior de la hip\u00f3fisis, vasopresina y an\u00e1logos. Indicaci\u00f3n Tratamiento de las varices esof\u00e1gicas sangrantes.Tratamiento de urgencia del s\u00edndrome hepatorrenal de tipo 1, definido seg\u00fan el criterio del CIA. (ClubInternacional de Ascitis). La informaci\u00f3n detallada &hellip; <a href=\"https:\/\/www.everpharma.com\/esp\/products\/terlipresina\/\">Continued<\/a><\/p>\n","protected":false},"featured_media":0,"template":"","class_list":["post-585","product","type-product","status-publish","hentry"],"yoast_head":"<!-- This site is optimized with the Yoast SEO plugin v27.0 - https:\/\/yoast.com\/product\/yoast-seo-wordpress\/ -->\n<title>Terlipresina - EVER Pharma Spain<\/title>\n<meta name=\"robots\" content=\"index, follow, max-snippet:-1, max-image-preview:large, max-video-preview:-1\" \/>\n<link rel=\"canonical\" href=\"https:\/\/www.everpharma.com\/esp\/products\/terlipresina\/\" \/>\n<meta property=\"og:locale\" content=\"es_ES\" \/>\n<meta property=\"og:type\" content=\"article\" \/>\n<meta property=\"og:title\" content=\"Terlipresina - EVER Pharma Spain\" \/>\n<meta property=\"og:description\" content=\"Forma farmac\u00e9utica Inyectable intravenoso D\u00f3sis 0.2 mg\/ml D\u00f3sis por unidad 1 mg\/5 ml C\u00f3digo ATC H01BA04 Clase Medicamento Hormonas del l\u00f3bulo posterior de la hip\u00f3fisis, vasopresina y an\u00e1logos. Indicaci\u00f3n Tratamiento de las varices esof\u00e1gicas sangrantes.Tratamiento de urgencia del s\u00edndrome hepatorrenal de tipo 1, definido seg\u00fan el criterio del CIA. (ClubInternacional de Ascitis). La informaci\u00f3n detallada &hellip; Continued\" \/>\n<meta property=\"og:url\" content=\"https:\/\/www.everpharma.com\/esp\/products\/terlipresina\/\" \/>\n<meta property=\"og:site_name\" content=\"EVER Pharma Spain\" \/>\n<meta property=\"og:image\" content=\"https:\/\/www.everpharma.com\/esp\/wp-content\/uploads\/sites\/6\/2024\/03\/9-Terlipresina.jpg\" \/>\n<meta name=\"twitter:card\" content=\"summary_large_image\" \/>\n<script type=\"application\/ld+json\" class=\"yoast-schema-graph\">{\"@context\":\"https:\/\/schema.org\",\"@graph\":[{\"@type\":\"WebPage\",\"@id\":\"https:\/\/www.everpharma.com\/esp\/products\/terlipresina\/\",\"url\":\"https:\/\/www.everpharma.com\/esp\/products\/terlipresina\/\",\"name\":\"Terlipresina - EVER Pharma Spain\",\"isPartOf\":{\"@id\":\"https:\/\/www.everpharma.com\/esp\/#website\"},\"primaryImageOfPage\":{\"@id\":\"https:\/\/www.everpharma.com\/esp\/products\/terlipresina\/#primaryimage\"},\"image\":{\"@id\":\"https:\/\/www.everpharma.com\/esp\/products\/terlipresina\/#primaryimage\"},\"thumbnailUrl\":\"https:\/\/www.everpharma.com\/esp\/wp-content\/uploads\/sites\/6\/2024\/03\/9-Terlipresina.jpg\",\"datePublished\":\"2024-07-01T10:10:24+00:00\",\"breadcrumb\":{\"@id\":\"https:\/\/www.everpharma.com\/esp\/products\/terlipresina\/#breadcrumb\"},\"inLanguage\":\"es-ES\",\"potentialAction\":[{\"@type\":\"ReadAction\",\"target\":[\"https:\/\/www.everpharma.com\/esp\/products\/terlipresina\/\"]}]},{\"@type\":\"ImageObject\",\"inLanguage\":\"es-ES\",\"@id\":\"https:\/\/www.everpharma.com\/esp\/products\/terlipresina\/#primaryimage\",\"url\":\"https:\/\/www.everpharma.com\/esp\/wp-content\/uploads\/sites\/6\/2024\/03\/9-Terlipresina.jpg\",\"contentUrl\":\"https:\/\/www.everpharma.com\/esp\/wp-content\/uploads\/sites\/6\/2024\/03\/9-Terlipresina.jpg\",\"width\":1200,\"height\":1200},{\"@type\":\"BreadcrumbList\",\"@id\":\"https:\/\/www.everpharma.com\/esp\/products\/terlipresina\/#breadcrumb\",\"itemListElement\":[{\"@type\":\"ListItem\",\"position\":1,\"name\":\"Startseite\",\"item\":\"https:\/\/www.everpharma.com\/esp\/\"},{\"@type\":\"ListItem\",\"position\":2,\"name\":\"Products\",\"item\":\"https:\/\/www.everpharma.com\/esp\/products\/\"},{\"@type\":\"ListItem\",\"position\":3,\"name\":\"Terlipresina\"}]},{\"@type\":\"WebSite\",\"@id\":\"https:\/\/www.everpharma.com\/esp\/#website\",\"url\":\"https:\/\/www.everpharma.com\/esp\/\",\"name\":\"EVER Pharma Spain\",\"description\":\"Dedicated to Health.\",\"potentialAction\":[{\"@type\":\"SearchAction\",\"target\":{\"@type\":\"EntryPoint\",\"urlTemplate\":\"https:\/\/www.everpharma.com\/esp\/?s={search_term_string}\"},\"query-input\":{\"@type\":\"PropertyValueSpecification\",\"valueRequired\":true,\"valueName\":\"search_term_string\"}}],\"inLanguage\":\"es-ES\"}]}<\/script>\n<!-- \/ Yoast SEO plugin. -->","yoast_head_json":{"title":"Terlipresina - EVER Pharma Spain","robots":{"index":"index","follow":"follow","max-snippet":"max-snippet:-1","max-image-preview":"max-image-preview:large","max-video-preview":"max-video-preview:-1"},"canonical":"https:\/\/www.everpharma.com\/esp\/products\/terlipresina\/","og_locale":"es_ES","og_type":"article","og_title":"Terlipresina - EVER Pharma Spain","og_description":"Forma farmac\u00e9utica Inyectable intravenoso D\u00f3sis 0.2 mg\/ml D\u00f3sis por unidad 1 mg\/5 ml C\u00f3digo ATC H01BA04 Clase Medicamento Hormonas del l\u00f3bulo posterior de la hip\u00f3fisis, vasopresina y an\u00e1logos. Indicaci\u00f3n Tratamiento de las varices esof\u00e1gicas sangrantes.Tratamiento de urgencia del s\u00edndrome hepatorrenal de tipo 1, definido seg\u00fan el criterio del CIA. (ClubInternacional de Ascitis). La informaci\u00f3n detallada &hellip; Continued","og_url":"https:\/\/www.everpharma.com\/esp\/products\/terlipresina\/","og_site_name":"EVER Pharma Spain","og_image":[{"url":"https:\/\/www.everpharma.com\/esp\/wp-content\/uploads\/sites\/6\/2024\/03\/9-Terlipresina.jpg","type":"","width":"","height":""}],"twitter_card":"summary_large_image","schema":{"@context":"https:\/\/schema.org","@graph":[{"@type":"WebPage","@id":"https:\/\/www.everpharma.com\/esp\/products\/terlipresina\/","url":"https:\/\/www.everpharma.com\/esp\/products\/terlipresina\/","name":"Terlipresina - EVER Pharma Spain","isPartOf":{"@id":"https:\/\/www.everpharma.com\/esp\/#website"},"primaryImageOfPage":{"@id":"https:\/\/www.everpharma.com\/esp\/products\/terlipresina\/#primaryimage"},"image":{"@id":"https:\/\/www.everpharma.com\/esp\/products\/terlipresina\/#primaryimage"},"thumbnailUrl":"https:\/\/www.everpharma.com\/esp\/wp-content\/uploads\/sites\/6\/2024\/03\/9-Terlipresina.jpg","datePublished":"2024-07-01T10:10:24+00:00","breadcrumb":{"@id":"https:\/\/www.everpharma.com\/esp\/products\/terlipresina\/#breadcrumb"},"inLanguage":"es-ES","potentialAction":[{"@type":"ReadAction","target":["https:\/\/www.everpharma.com\/esp\/products\/terlipresina\/"]}]},{"@type":"ImageObject","inLanguage":"es-ES","@id":"https:\/\/www.everpharma.com\/esp\/products\/terlipresina\/#primaryimage","url":"https:\/\/www.everpharma.com\/esp\/wp-content\/uploads\/sites\/6\/2024\/03\/9-Terlipresina.jpg","contentUrl":"https:\/\/www.everpharma.com\/esp\/wp-content\/uploads\/sites\/6\/2024\/03\/9-Terlipresina.jpg","width":1200,"height":1200},{"@type":"BreadcrumbList","@id":"https:\/\/www.everpharma.com\/esp\/products\/terlipresina\/#breadcrumb","itemListElement":[{"@type":"ListItem","position":1,"name":"Startseite","item":"https:\/\/www.everpharma.com\/esp\/"},{"@type":"ListItem","position":2,"name":"Products","item":"https:\/\/www.everpharma.com\/esp\/products\/"},{"@type":"ListItem","position":3,"name":"Terlipresina"}]},{"@type":"WebSite","@id":"https:\/\/www.everpharma.com\/esp\/#website","url":"https:\/\/www.everpharma.com\/esp\/","name":"EVER Pharma Spain","description":"Dedicated to Health.","potentialAction":[{"@type":"SearchAction","target":{"@type":"EntryPoint","urlTemplate":"https:\/\/www.everpharma.com\/esp\/?s={search_term_string}"},"query-input":{"@type":"PropertyValueSpecification","valueRequired":true,"valueName":"search_term_string"}}],"inLanguage":"es-ES"}]}},"_links":{"self":[{"href":"https:\/\/www.everpharma.com\/esp\/wp-json\/wp\/v2\/product\/585","targetHints":{"allow":["GET"]}}],"collection":[{"href":"https:\/\/www.everpharma.com\/esp\/wp-json\/wp\/v2\/product"}],"about":[{"href":"https:\/\/www.everpharma.com\/esp\/wp-json\/wp\/v2\/types\/product"}],"wp:attachment":[{"href":"https:\/\/www.everpharma.com\/esp\/wp-json\/wp\/v2\/media?parent=585"}],"curies":[{"name":"wp","href":"https:\/\/api.w.org\/{rel}","templated":true}]}}