{"id":31,"date":"2021-05-12T08:51:23","date_gmt":"2021-05-12T08:51:23","guid":{"rendered":"https:\/\/www.everpharma.com\/spain\/?page_id=31"},"modified":"2024-05-28T12:00:30","modified_gmt":"2024-05-28T10:00:30","slug":"privacidad","status":"publish","type":"page","link":"https:\/\/www.everpharma.com\/esp\/privacidad\/","title":{"rendered":"Privacidad"},"content":{"rendered":"\n<p><strong>Informaci\u00f3n que debe facilitarse de conformidad con el art\u00edculo 13 del Reglamento General de Protecci\u00f3n de Datos de la UE (RGPD)<\/strong><br>Cuando accede a nuestros sitios web, los datos de acceso (fecha, hora, p\u00e1ginas visitadas, volumen de datos, direcci\u00f3n IP del ordenador que accede al sitio web (de forma anonimizada)) se almacenan como archivos de registro en nuestro servidor. Los datos se almacenan sobre la base legal del inter\u00e9s leg\u00edtimo para garantizar el buen funcionamiento y la optimizaci\u00f3n de nuestros sitios web. Dichos datos son analizados por nosotros \u00fanicamente con fines estad\u00edsticos propios, de forma anonimizada.<\/p>\n\n\n\n<p>El tratamiento se lleva a cabo en nombre de EVER Pharma con la responsabilidad conjunta de las dem\u00e1s empresas del grupo empresarial EVER. Consulte aqu\u00ed nuestros datos de contacto. Puede ponerse en contacto con nuestro responsable de protecci\u00f3n de datos en dpo@everpharma.com <\/p>\n\n\n\n<p>Por regla general, sus datos no se compartir\u00e1n con terceros, a excepci\u00f3n de los encargados del tratamiento que trabajen exclusivamente siguiendo instrucciones de EVER, que no utilicen los datos para sus propios fines y que est\u00e9n vinculados por acuerdos independientes para cumplir las obligaciones de protecci\u00f3n de datos establecidas en el Reglamento General de Protecci\u00f3n de Datos.<\/p>\n\n\n\n<p>Usted tiene derecho a acceder a los datos, a rectificarlos y suprimirlos, a limitar su tratamiento, a oponerse a su tratamiento y a presentar una reclamaci\u00f3n ante una autoridad de control.<\/p>\n\n\n\n<p><strong>Informaci\u00f3n sobre el uso de cookies y an\u00e1lisis del sitio web<\/strong><br>Este sitio web utiliza software para analizar el uso del sitio web.<br>El an\u00e1lisis de estos datos permite obtener informaci\u00f3n valiosa sobre las necesidades de los usuarios. Estos resultados ayudan a seguir mejorando la calidad de la oferta.<br>En este contexto, tambi\u00e9n se utilizan las denominadas cookies. Las cookies son archivos de texto que se almacenan en el ordenador del visitante del sitio web y permiten reconocerlo de forma an\u00f3nima. Por lo general, las cookies pueden rechazarse o eliminarse a trav\u00e9s de la configuraci\u00f3n adecuada del navegador.<\/p>\n\n\n\n<p><strong>Cookies necesarias para la funcionalidad del sitio web<\/strong><br><strong>An\u00e1lisis de uso con Matomo<\/strong><br>Para un an\u00e1lisis m\u00e1s preciso del uso de nuestro sitio web, utilizamos Matomo. Las cookies t\u00e9cnicamente necesarias se almacenan en su dispositivo. Los datos no se transmiten a terceros ni se utilizan para otros fines. El tratamiento se realiza en nuestro inter\u00e9s leg\u00edtimo de mejorar nuestro sitio web.rict processing of the data, el derecho a oponerse al tratamiento de los datos y el derecho a presentar una reclamaci\u00f3n ante una autoridad de control.<\/p>\n\n\n\n<p>Sus datos no ser\u00e1n compartidos con terceros. Sin embargo, el tratamiento tiene lugar en nuestro nombre en un proveedor de servicios (Innocraft Ltd.). Los datos tambi\u00e9n se transmiten fuera de la Uni\u00f3n Europea. Innocraft Ltd. es una empresa registrada en Nueva Zelanda. La Comisi\u00f3n de la UE ha declarado en una decisi\u00f3n que el tratamiento en Nueva Zelanda est\u00e1 sujeto a un nivel de protecci\u00f3n de datos comparable al de la UE (documento C (2012) 9557). Esto significa que la exportaci\u00f3n de datos a Nueva Zelanda no tiene que ser aprobada adicionalmente de conformidad con el art\u00edculo 45 del RGPD. En un acuerdo de conformidad con el art. 28 GDPR, Innocraft se ha comprometido a no utilizar los datos para sus propios fines y a cumplir tambi\u00e9n las dem\u00e1s disposiciones del Reglamento General de Protecci\u00f3n de Datos.datos y el derecho a presentar una reclamaci\u00f3n ante una autoridad de control.<\/p>\n\n\n\n<p><\/p>\n","protected":false},"excerpt":{"rendered":"<p>Informaci\u00f3n que debe facilitarse de conformidad con el art\u00edculo 13 del Reglamento General de Protecci\u00f3n de Datos de la UE (RGPD)Cuando accede a nuestros sitios web, los datos de acceso (fecha, hora, p\u00e1ginas visitadas, volumen de datos, direcci\u00f3n IP del ordenador que accede al sitio web (de forma anonimizada)) se almacenan como archivos de registro &hellip; <a href=\"https:\/\/www.everpharma.com\/esp\/privacidad\/\">Continued<\/a><\/p>\n","protected":false},"author":1,"featured_media":0,"parent":0,"menu_order":16,"comment_status":"closed","ping_status":"closed","template":"","meta":{"footnotes":""},"class_list":["post-31","page","type-page","status-publish","hentry"],"yoast_head":"<!-- This site is optimized with the Yoast SEO plugin v27.0 - https:\/\/yoast.com\/product\/yoast-seo-wordpress\/ -->\n<title>Privacidad - EVER Pharma Spain<\/title>\n<meta name=\"robots\" content=\"index, follow, max-snippet:-1, max-image-preview:large, max-video-preview:-1\" \/>\n<link rel=\"canonical\" href=\"https:\/\/www.everpharma.com\/esp\/privacidad\/\" \/>\n<meta property=\"og:locale\" content=\"es_ES\" \/>\n<meta property=\"og:type\" content=\"article\" \/>\n<meta property=\"og:title\" content=\"Privacidad - EVER Pharma Spain\" \/>\n<meta property=\"og:description\" content=\"Informaci\u00f3n que debe facilitarse de conformidad con el art\u00edculo 13 del Reglamento General de Protecci\u00f3n de Datos de la UE (RGPD)Cuando accede a nuestros sitios web, los datos de acceso (fecha, hora, p\u00e1ginas visitadas, volumen de datos, direcci\u00f3n IP del ordenador que accede al sitio web (de forma anonimizada)) se almacenan como archivos de registro &hellip; Continued\" \/>\n<meta property=\"og:url\" content=\"https:\/\/www.everpharma.com\/esp\/privacidad\/\" \/>\n<meta property=\"og:site_name\" content=\"EVER Pharma Spain\" \/>\n<meta property=\"article:modified_time\" content=\"2024-05-28T10:00:30+00:00\" \/>\n<meta name=\"twitter:card\" content=\"summary_large_image\" \/>\n<meta name=\"twitter:label1\" content=\"Est. reading time\" \/>\n\t<meta name=\"twitter:data1\" content=\"3 minutes\" \/>\n<script type=\"application\/ld+json\" class=\"yoast-schema-graph\">{\"@context\":\"https:\/\/schema.org\",\"@graph\":[{\"@type\":\"WebPage\",\"@id\":\"https:\/\/www.everpharma.com\/esp\/privacidad\/\",\"url\":\"https:\/\/www.everpharma.com\/esp\/privacidad\/\",\"name\":\"Privacidad - EVER Pharma Spain\",\"isPartOf\":{\"@id\":\"https:\/\/www.everpharma.com\/esp\/#website\"},\"datePublished\":\"2021-05-12T08:51:23+00:00\",\"dateModified\":\"2024-05-28T10:00:30+00:00\",\"breadcrumb\":{\"@id\":\"https:\/\/www.everpharma.com\/esp\/privacidad\/#breadcrumb\"},\"inLanguage\":\"es-ES\",\"potentialAction\":[{\"@type\":\"ReadAction\",\"target\":[\"https:\/\/www.everpharma.com\/esp\/privacidad\/\"]}]},{\"@type\":\"BreadcrumbList\",\"@id\":\"https:\/\/www.everpharma.com\/esp\/privacidad\/#breadcrumb\",\"itemListElement\":[{\"@type\":\"ListItem\",\"position\":1,\"name\":\"Startseite\",\"item\":\"https:\/\/www.everpharma.com\/esp\/\"},{\"@type\":\"ListItem\",\"position\":2,\"name\":\"Privacidad\"}]},{\"@type\":\"WebSite\",\"@id\":\"https:\/\/www.everpharma.com\/esp\/#website\",\"url\":\"https:\/\/www.everpharma.com\/esp\/\",\"name\":\"EVER Pharma Spain\",\"description\":\"Dedicated to Health.\",\"potentialAction\":[{\"@type\":\"SearchAction\",\"target\":{\"@type\":\"EntryPoint\",\"urlTemplate\":\"https:\/\/www.everpharma.com\/esp\/?s={search_term_string}\"},\"query-input\":{\"@type\":\"PropertyValueSpecification\",\"valueRequired\":true,\"valueName\":\"search_term_string\"}}],\"inLanguage\":\"es-ES\"}]}<\/script>\n<!-- \/ Yoast SEO plugin. -->","yoast_head_json":{"title":"Privacidad - EVER Pharma Spain","robots":{"index":"index","follow":"follow","max-snippet":"max-snippet:-1","max-image-preview":"max-image-preview:large","max-video-preview":"max-video-preview:-1"},"canonical":"https:\/\/www.everpharma.com\/esp\/privacidad\/","og_locale":"es_ES","og_type":"article","og_title":"Privacidad - EVER Pharma Spain","og_description":"Informaci\u00f3n que debe facilitarse de conformidad con el art\u00edculo 13 del Reglamento General de Protecci\u00f3n de Datos de la UE (RGPD)Cuando accede a nuestros sitios web, los datos de acceso (fecha, hora, p\u00e1ginas visitadas, volumen de datos, direcci\u00f3n IP del ordenador que accede al sitio web (de forma anonimizada)) se almacenan como archivos de registro &hellip; Continued","og_url":"https:\/\/www.everpharma.com\/esp\/privacidad\/","og_site_name":"EVER Pharma Spain","article_modified_time":"2024-05-28T10:00:30+00:00","twitter_card":"summary_large_image","twitter_misc":{"Est. reading time":"3 minutes"},"schema":{"@context":"https:\/\/schema.org","@graph":[{"@type":"WebPage","@id":"https:\/\/www.everpharma.com\/esp\/privacidad\/","url":"https:\/\/www.everpharma.com\/esp\/privacidad\/","name":"Privacidad - EVER Pharma Spain","isPartOf":{"@id":"https:\/\/www.everpharma.com\/esp\/#website"},"datePublished":"2021-05-12T08:51:23+00:00","dateModified":"2024-05-28T10:00:30+00:00","breadcrumb":{"@id":"https:\/\/www.everpharma.com\/esp\/privacidad\/#breadcrumb"},"inLanguage":"es-ES","potentialAction":[{"@type":"ReadAction","target":["https:\/\/www.everpharma.com\/esp\/privacidad\/"]}]},{"@type":"BreadcrumbList","@id":"https:\/\/www.everpharma.com\/esp\/privacidad\/#breadcrumb","itemListElement":[{"@type":"ListItem","position":1,"name":"Startseite","item":"https:\/\/www.everpharma.com\/esp\/"},{"@type":"ListItem","position":2,"name":"Privacidad"}]},{"@type":"WebSite","@id":"https:\/\/www.everpharma.com\/esp\/#website","url":"https:\/\/www.everpharma.com\/esp\/","name":"EVER Pharma Spain","description":"Dedicated to Health.","potentialAction":[{"@type":"SearchAction","target":{"@type":"EntryPoint","urlTemplate":"https:\/\/www.everpharma.com\/esp\/?s={search_term_string}"},"query-input":{"@type":"PropertyValueSpecification","valueRequired":true,"valueName":"search_term_string"}}],"inLanguage":"es-ES"}]}},"_links":{"self":[{"href":"https:\/\/www.everpharma.com\/esp\/wp-json\/wp\/v2\/pages\/31","targetHints":{"allow":["GET"]}}],"collection":[{"href":"https:\/\/www.everpharma.com\/esp\/wp-json\/wp\/v2\/pages"}],"about":[{"href":"https:\/\/www.everpharma.com\/esp\/wp-json\/wp\/v2\/types\/page"}],"author":[{"embeddable":true,"href":"https:\/\/www.everpharma.com\/esp\/wp-json\/wp\/v2\/users\/1"}],"replies":[{"embeddable":true,"href":"https:\/\/www.everpharma.com\/esp\/wp-json\/wp\/v2\/comments?post=31"}],"version-history":[{"count":2,"href":"https:\/\/www.everpharma.com\/esp\/wp-json\/wp\/v2\/pages\/31\/revisions"}],"predecessor-version":[{"id":670,"href":"https:\/\/www.everpharma.com\/esp\/wp-json\/wp\/v2\/pages\/31\/revisions\/670"}],"wp:attachment":[{"href":"https:\/\/www.everpharma.com\/esp\/wp-json\/wp\/v2\/media?parent=31"}],"curies":[{"name":"wp","href":"https:\/\/api.w.org\/{rel}","templated":true}]}}